000
CXUS54 KMEG 032116
CLMMEG


CLIMATE REPORT
NATIONAL WEATHER SERVICE MEMPHIS TN
412 PM CDT SAT JUN 3 2017

...................................

...THE MEMPHIS/GERMANTOWN WFO CLIMATE SUMMARY FOR THE MONTH OF MAY 2017...

CLIMATE NORMAL PERIOD 1981 TO 2010
CLIMATE RECORD PERIOD 1988 TO 2017

WEATHER         OBSERVED          NORMAL  DEPART  LAST YEAR`S
                 VALUE   DATE(S)  VALUE   FROM    VALUE  DATE(S)
                                          NORMAL
................................................................
TEMPERATURE (F)
RECORD
 HIGH              96   05/28/2012
                        05/26/1989
                        05/31/2006
 LOW               35   05/04/2013
HIGHEST            91   05/31        MM      MM       91  05/26
LOWEST             46   05/06        MM      MM       46  05/06
                        05/05
                        05/04
AVG. MAXIMUM     81.2              80.4     0.8     79.7
AVG. MINIMUM     58.4              59.0    -0.6     58.3
MEAN             69.8              69.7     0.1     69.0
DAYS MAX >= 90      4               2.0     2.0        2
DAYS MAX <= 32      0               0.0     0.0        0
DAYS MIN <= 32      0               0.0     0.0        0
DAYS MIN <= 0       0               0.0     0.0        0

PRECIPITATION (INCHES)
RECORD
 MAXIMUM           MM   MM
 MINIMUM           MM   MM
TOTALS           5.41              5.59   -0.18     4.73
DAILY AVG.       0.17              0.18   -0.01     0.15
DAYS >= .01        13              10.6     2.4       14
DAYS >= .10         9               7.8     1.2       11
DAYS >= .50         5               3.5     1.5        3
DAYS >= 1.00        1               1.5    -0.5        1
GREATEST
 24 HR. TOTAL    1.07   05/28 TO 05/28

SNOWFALL (INCHES)
RECORDS
 TOTAL             MM   5
TOTALS            0.0               0.0     0.0      0.0
SINCE 7/1         1.4               2.4    -1.0      0.9
SNOWDEPTH AVG.      0                MM      MM        0
DAYS >= 1.0         0               0.0     0.0        0
GREATEST
 SNOW DEPTH         0   MM                             0  MM
 24 HR TOTAL      0.0   05/31 TO 05/31

DEGREE_DAYS
HEATING TOTAL      30                39      -9       38
 SINCE 7/1       2240              3412   -1172     2485
COOLING TOTAL     185               185       0      172
 SINCE 1/1        345               251      94      245
.................................................................



-  INDICATES NEGATIVE NUMBERS.
R  INDICATES RECORD WAS SET OR TIED.
MM INDICATES DATA IS MISSING.
T  INDICATES TRACE AMOUNT.

$$
