642
CXUS54 KMEG 110312
CLMMEM


CLIMATE REPORT
NATIONAL WEATHER SERVICE MEMPHIS TN
907 PM CST TUE JAN 10 2017

...................................

...THE MEMPHIS CLIMATE SUMMARY FOR THE YEAR OF 2016...

CLIMATE NORMAL PERIOD 1981 TO 2010
CLIMATE RECORD PERIOD 1872 TO 2017

WEATHER         OBSERVED          NORMAL  DEPART  LAST YEAR`S
                 VALUE   DATE(S)  VALUE   FROM    VALUE  DATE(S)
                                          NORMAL
................................................................
TEMPERATURE (F)
RECORD
 HIGH             108   07/13/1980
 LOW              -13   12/24/1963
HIGHEST           100   07/22                         99  07/29
                                                          07/20
LOWEST             15   12/19                          9  01/08
AVG. MAXIMUM     75.3              72.5     2.8     73.4
AVG. MINIMUM     56.2              53.6     2.6     54.9
MEAN             65.7              63.1     2.6     64.1
DAYS MAX >= 90     96              64.3    31.7       77
DAYS MAX <= 32      1               4.4    -3.4        5
DAYS MIN <= 32     36              42.8    -6.8       41
DAYS MIN <= 0       0               0.1    -0.1        0

PRECIPITATION (INCHES)
RECORD
 MAXIMUM        76.85   1957
 MINIMUM        30.54   1941
TOTALS          61.59             53.68    7.91    52.66
DAILY AVG.       0.17              0.15    0.02     0.14
DAYS >= .01       115             107.7     7.3      114
DAYS >= .10        75              73.0     2.0       77
DAYS >= .50        40              35.6     4.4       35
DAYS >= 1.00       25              17.4     7.6       16

SNOWFALL (INCHES)
RECORDS
 TOTAL           23.8   1968
 SNOW DEPTH        29   01/16/1928
TOTALS            0.3               3.8    -3.5      5.9
SINCE 7/1           T               0.2    -0.2      0.0
SNOWDEPTH AVG.      0                MM      MM        0
DAYS >= TRACE       4               2.8     1.2        8
DAYS >= 1.0         0               1.2    -1.2        2
GREATEST
 SNOW DEPTH         T   01/22                          4  03/05

DEGREE_DAYS
HEATING TOTAL    2437              2965    -528     2650
 SINCE 7/1         MM              1164      MM       MM
COOLING TOTAL    2807              2258     549     2479
 SINCE 1/1       2807              2258     549     2479

FREEZE DATES
RECORD
 EARLIEST     10/16/1876
 LATEST       04/25/1910
EARLIEST                        11/12
LATEST                          03/24
.................................................................

WIND (MPH)
AVERAGE WIND SPEED              7.4
RESULTANT WIND SPEED/DIRECTION   1/171
HIGHEST WIND SPEED/DIRECTION    43/190    DATE  04/30
HIGHEST GUST SPEED/DIRECTION    66/110    DATE  07/20

SKY COVER
AVERAGE SKY COVER           0.50

AVERAGE RH (PERCENT)     64

WEATHER CONDITIONS. NUMBER OF DAYS WITH
THUNDERSTORM              0     MIXED PRECIP               0
HEAVY RAIN               56     RAIN                      60
LIGHT RAIN              132     FREEZING RAIN              0
LT FREEZING RAIN          1     HAIL                       0
HEAVY SNOW                0     SNOW                       0
LIGHT SNOW                2     SLEET                      3
FOG                      95     FOG W/VIS <= 1/4 MILE      7
HAZE                     37

-  INDICATES NEGATIVE NUMBERS.
R  INDICATES RECORD WAS SET OR TIED.
MM INDICATES DATA IS MISSING.
T  INDICATES TRACE AMOUNT.

$$
