000
CXUS54 KMEG 310031
CLMMEM


CLIMATE REPORT...RETRANSMISSION OF JUNE DATA
NATIONAL WEATHER SERVICE MEMPHIS TN
727 PM CDT WED JUL 30 2014

...................................

...THE MEMPHIS CLIMATE SUMMARY FOR THE MONTH OF JUNE 2014...

CLIMATE NORMAL PERIOD 1981 TO 2010
CLIMATE RECORD PERIOD 1872 TO 2014

WEATHER         OBSERVED          NORMAL  DEPART  LAST YEAR`S
                 VALUE   DATE(S)  VALUE   FROM    VALUE  DATE(S)
                                          NORMAL
................................................................
TEMPERATURE (F)
RECORD
 HIGH             104   06/28/1954
                        06/28/1952
 LOW               48   06/01/1966
HIGHEST            94   06/21        89       5       97  06/27
LOWEST             62   06/14        69      -7       61  06/08
AVG. MAXIMUM     87.5              88.9    -1.4     88.9
AVG. MINIMUM     71.1              70.3     0.8     70.6
MEAN             79.3              79.6    -0.3     79.8
DAYS MAX >= 90     10              13.9    -3.9       16
DAYS MAX <= 32      0               0.0     0.0        0
DAYS MIN <= 32      0               0.0     0.0        0
DAYS MIN <= 0       0               0.0     0.0        0

PRECIPITATION (INCHES)
RECORD
 MAXIMUM        18.16   1877
 MINIMUM         0.04   1953
TOTALS          13.40              3.63    9.77     5.47
DAILY AVG.       0.45              0.12    0.33     0.18
DAYS >= .01        13               9.0     4.0        7
DAYS >= .10        12               5.8     6.2        5
DAYS >= .50         6               2.5     3.5        4
DAYS >= 1.00        5               1.2     3.8        2
GREATEST
 24 HR. TOTAL    7.02   06/28 TO 06/29

SNOWFALL (INCHES)
RECORDS
 TOTAL            0.0   2002
                        2001
                        2000
TOTALS            0.0               0.0     0.0      0.0
SINCE 7/1         0.8               3.8    -3.0      0.9
SNOWDEPTH AVG.      0                MM      MM        0
DAYS >= 1.0         0               0.0     0.0        0
GREATEST
 SNOW DEPTH         0   MM                             0  MM
 24 HR TOTAL      0.0   06/30 TO 06/30

DEGREE_DAYS
HEATING TOTAL       0                 0       0        0
 SINCE 7/1       3484              2964     520     2933
COOLING TOTAL     437               438      -1      450
 SINCE 1/1        748               759     -11      735
.................................................................

WIND (MPH)
AVERAGE WIND SPEED              7.3
HIGHEST WIND SPEED/DIRECTION    38/310    DATE  06/05
HIGHEST GUST SPEED/DIRECTION    52/310    DATE  06/05

SKY COVER
POSSIBLE SUNSHINE (PERCENT)   MM
AVERAGE SKY COVER           0.60
NUMBER OF DAYS FAIR            5
NUMBER OF DAYS PC             16
NUMBER OF DAYS CLOUDY          9

AVERAGE RH (PERCENT)     72

WEATHER CONDITIONS. NUMBER OF DAYS WITH
THUNDERSTORM              0     MIXED PRECIP               0
HEAVY RAIN                6     RAIN                      10
LIGHT RAIN               18     FREEZING RAIN              0
LT FREEZING RAIN          0     HAIL                       0
HEAVY SNOW                0     SNOW                       0
LIGHT SNOW                0     SLEET                      0
FOG                      12     FOG W/VIS <= 1/4 MILE      0
HAZE                      6

-  INDICATES NEGATIVE NUMBERS.
R  INDICATES RECORD WAS SET OR TIED.
MM INDICATES DATA IS MISSING.
T  INDICATES TRACE AMOUNT.

$$
