000
CXUS54 KMEG 020044
CLMMEM


CLIMATE REPORT
NATIONAL WEATHER SERVICE MEMPHIS TN
740 PM CDT WED JUL 1 2015

...................................

...THE MEMPHIS CLIMATE SUMMARY FOR THE MONTH OF JUNE 2015...

CLIMATE NORMAL PERIOD 1981 TO 2010
CLIMATE RECORD PERIOD 1872 TO 2015

WEATHER         OBSERVED          NORMAL  DEPART  LAST YEAR`S
                 VALUE   DATE(S)  VALUE   FROM    VALUE  DATE(S)
                                          NORMAL
................................................................
TEMPERATURE (F)
RECORD
 HIGH             104   06/28/1954
                        06/28/1952
 LOW               48   06/01/1966
HIGHEST            98   06/24        89       9       94  06/21
LOWEST             60   06/04        69      -9       62  06/14
                        06/02
AVG. MAXIMUM     89.9              88.9     1.0     87.5
AVG. MINIMUM     71.5              70.3     1.2     71.1
MEAN             80.7              79.6     1.1     79.3
DAYS MAX >= 90     20              13.9     6.1       10
DAYS MAX <= 32      0               0.0     0.0        0
DAYS MIN <= 32      0               0.0     0.0        0
DAYS MIN <= 0       0               0.0     0.0        0

PRECIPITATION (INCHES)
RECORD
 MAXIMUM        18.16   1877
 MINIMUM         0.04   1953
TOTALS           4.47              3.63    0.84    13.40
DAILY AVG.       0.15              0.12    0.03     0.45
DAYS >= .01         8               9.0    -1.0       13
DAYS >= .10         8               5.8     2.2       12
DAYS >= .50         3               2.5     0.5        6
DAYS >= 1.00        1               1.2    -0.2        5
GREATEST
 24 HR. TOTAL    2.07   06/29 TO 06/29
                        06/29 TO 06/30

SNOWFALL (INCHES)
RECORDS
 TOTAL            0.0   2002
                        2001
                        2000
TOTALS            0.0               0.0     0.0      0.0
SINCE 7/1         6.1               3.8     2.3      0.8
SNOWDEPTH AVG.      0                MM      MM        0
DAYS >= 1.0         0               0.0     0.0        0
GREATEST
 SNOW DEPTH         0   MM                             0  MM
 24 HR TOTAL      0.0   06/30 TO 06/30

DEGREE_DAYS
HEATING TOTAL       0                 0       0        0
 SINCE 7/1       3184              2964     220     3484
COOLING TOTAL     477               438      39      437
 SINCE 1/1        831               759      72      748
.................................................................

WIND (MPH)
AVERAGE WIND SPEED              6.8
HIGHEST WIND SPEED/DIRECTION    32/190    DATE  06/29
HIGHEST GUST SPEED/DIRECTION    41/330    DATE  06/05

SKY COVER
POSSIBLE SUNSHINE (PERCENT)   MM
AVERAGE SKY COVER           0.50
NUMBER OF DAYS FAIR            5
NUMBER OF DAYS PC             22
NUMBER OF DAYS CLOUDY          3

AVERAGE RH (PERCENT)     69

WEATHER CONDITIONS. NUMBER OF DAYS WITH
THUNDERSTORM              0     MIXED PRECIP               0
HEAVY RAIN                5     RAIN                       3
LIGHT RAIN                7     FREEZING RAIN              0
LT FREEZING RAIN          0     HAIL                       0
HEAVY SNOW                0     SNOW                       0
LIGHT SNOW                0     SLEET                      0
FOG                       9     FOG W/VIS <= 1/4 MILE      0
HAZE                      4

-  INDICATES NEGATIVE NUMBERS.
R  INDICATES RECORD WAS SET OR TIED.
MM INDICATES DATA IS MISSING.
T  INDICATES TRACE AMOUNT.

$$
