000
CXUS51 KCLE 012245
CLMMFD


CLIMATE REPORT
NATIONAL WEATHER SERVICE CLEVELAND OH
639 PM EDT MON AUG 1 2016

...................................

...THE MANSFIELD OH CLIMATE SUMMARY FOR THE MONTH OF JULY 2016...

CLIMATE NORMAL PERIOD 1981 TO 2010
CLIMATE RECORD PERIOD 1916 TO 2016

WEATHER         OBSERVED          NORMAL  DEPART  LAST YEAR`S
                 VALUE   DATE(S)  VALUE   FROM    VALUE
                                          NORMAL
.............................................................
TEMPERATURE (F)
RECORD
 HIGH             100   07/07/1988
 LOW               43   07/01/1988
HIGHEST            92   07/23
LOWEST             54   07/03
AVG. MAXIMUM     85.5              81.7     3.8     80.8
AVG. MINIMUM     64.6              61.3     3.3     60.6
MEAN             75.0              71.5     3.5     70.7
DAYS MAX >= 90      7               1.8     5.2        2
DAYS MAX <= 32      0               0.0     0.0        0
DAYS MIN <= 32      0               0.0     0.0        0
DAYS MIN <= 0       0               0.0     0.0        0

PRECIPITATION (INCHES)
RECORD
 MAXIMUM        13.23   1992
 MINIMUM         0.65   1997
TOTALS           1.75              4.38   -2.63     1.49
DAYS >= .01         9              10.5    -1.5        6
DAYS >= .10         4               6.9    -2.9        6
DAYS >= .50         1               3.2    -2.2        0
DAYS >= 1.00        0               1.3    -1.3        0
GREATEST
 24 HR. TOTAL    0.54   07/18 TO 07/18              0.91

SNOWFALL (INCHES)
RECORDS
 TOTAL
TOTALS            0.0               0.0     0.0      0.0
SINCE 7/1         0.0               0.0     0.0      0.0
DAYS >= 1.0         0               0.0     0.0        0
GREATEST
 24 HR TOTAL      0.0   07/31 TO 07/31

DEGREE_DAYS
HEATING TOTAL       1                 8      -7        3
 SINCE 7/1          1                 8      -7        3
COOLING TOTAL     318               210     108      189
 SINCE 1/1        562               390     172      463
..............................................................

WIND (MPH)
AVERAGE WIND SPEED              6.6
HIGHEST WIND SPEED/DIRECTION    30/220    DATE  07/13
HIGHEST GUST SPEED/DIRECTION    43/250    DATE  07/18

SKY COVER
AVERAGE SKY COVER           0.20

AVERAGE RH (PERCENT)     71

WEATHER CONDITIONS. NUMBER OF DAYS WITH
THUNDERSTORM              0     MIXED PRECIP               0
HEAVY RAIN                4     RAIN                       4
LIGHT RAIN               11     FREEZING RAIN              0
LT FREEZING RAIN          0     HAIL                       0
HEAVY SNOW                0     SNOW                       0
LIGHT SNOW                0     SLEET                      0
FOG                      17     FOG W/VIS <= 1/4 MILE      1
HAZE                      4

-  INDICATES NEGATIVE NUMBERS.
R  INDICATES RECORD WAS SET OR TIED.
MM INDICATES DATA IS MISSING.
T  INDICATES TRACE AMOUNT.

$$
