000
CXUS54 KBMX 011425
CLMMGM


CLIMATE REPORT
NATIONAL WEATHER SERVICE BIRMINGHAM, AL
925 AM CDT THU SEP 1 2016

...................................

...THE MONTGOMERY CLIMATE SUMMARY FOR THE MONTH OF AUGUST 2016...

CLIMATE NORMAL PERIOD 1981 TO 2010
CLIMATE RECORD PERIOD 1872 TO 2016

WEATHER         OBSERVED          NORMAL  DEPART  LAST YEAR`S
                 VALUE   DATE(S)  VALUE   FROM    VALUE  DATE(S)
                                          NORMAL
................................................................
TEMPERATURE (F)
RECORD
 HIGH             106   08/14/2007
                        08/12/2007
                        08/11/2007
 LOW               56   08/29/1992
HIGHEST           100   08/04        MM      MM      100  08/04
LOWEST             72   08/27        MM      MM       60  08/26
                        08/15
AVG. MAXIMUM     95.1              91.9     3.2     94.2
AVG. MINIMUM     74.8              71.0     3.8     71.8
MEAN             85.0                               83.0
DAYS MAX >= 90     30              21.5     8.5       26
DAYS MAX <= 32      0               0.0     0.0        0
DAYS MIN <= 32      0               0.0     0.0        0
DAYS MIN <= 0       0               0.0     0.0        0

PRECIPITATION (INCHES)
RECORD
 MAXIMUM        15.58   1939
 MINIMUM         0.44   1925
TOTALS           2.47              3.96   -1.49     1.64
DAILY AVG.       0.08              0.13   -0.05     0.05
DAYS >= .01        16               9.1     6.9        8
DAYS >= .10         8               5.6     2.4        6
DAYS >= .50         1               2.5    -1.5        0
DAYS >= 1.00        0               1.3    -1.3        0

DEGREE_DAYS
HEATING TOTAL       0                 0       0        0
 SINCE 7/1          0                 0       0        0
COOLING TOTAL     627               510     117      568
 SINCE 1/1       2229              1789     440     2221
.................................................................

WIND (MPH)
AVERAGE WIND SPEED              4.9
HIGHEST WIND SPEED/DIRECTION    30/210    DATE  08/06
HIGHEST GUST SPEED/DIRECTION    41/200    DATE  08/06

AVERAGE RH (PERCENT)     66

WEATHER CONDITIONS. NUMBER OF DAYS WITH
THUNDERSTORM              0     MIXED PRECIP               0
HEAVY RAIN                5     RAIN                       8
LIGHT RAIN               13     FREEZING RAIN              0
LT FREEZING RAIN          0     HAIL                       0
HEAVY SNOW                0     SNOW                       0
LIGHT SNOW                0     SLEET                      0
FOG                      11     FOG W/VIS <= 1/4 MILE      2
HAZE                      3

-  INDICATES NEGATIVE NUMBERS.
R  INDICATES RECORD WAS SET OR TIED.
MM INDICATES DATA IS MISSING.
T  INDICATES TRACE AMOUNT.

$$
