000
CXUS53 KTOP 011418
CLMMHK


CLIMATE REPORT
NATIONAL WEATHER SERVICE TOPEKA KS
916 AM CDT MON AUG 1 2016

...................................

...THE MANHATTAN KS CLIMATE SUMMARY FOR THE MONTH OF JULY 2016...

CLIMATE NORMAL PERIOD 1981 TO 2010
CLIMATE RECORD PERIOD 9999 TO 9999

WEATHER         OBSERVED          NORMAL  DEPART  LAST YEAR`S
                 VALUE   DATE(S)  VALUE   FROM    VALUE
                                          NORMAL
.............................................................
TEMPERATURE (F)
HIGHEST           104   07/22                        102
LOWEST             64   07/15                         58
                        07/03
AVG. MAXIMUM     91.1              91.1     0.0     90.8
AVG. MINIMUM     70.6              67.0     3.6     69.7
MEAN             80.9              79.0     1.9     80.2
DAYS MAX >= 90     19              18.0     1.0       19
DAYS MAX <= 32      0               0.0     0.0        0
DAYS MIN <= 32      0               0.0     0.0        0
DAYS MIN <= 0       0               0.0     0.0        0

PRECIPITATION (INCHES)
TOTALS           3.71              3.97   -0.26     3.73
DAILY AVG.       0.12                               0.12
DAYS >= .01         9                                 10
DAYS >= .10         7                                  8
DAYS >= .50         2                                  3
DAYS >= 1.00        1                                  1
GREATEST
 24 HR. TOTAL    1.52   07/02 TO 07/03              1.04

DEGREE_DAYS
HEATING TOTAL       0                 1      -1        0
 SINCE 7/1          0                 1      -1        0
COOLING TOTAL     499               436      63      480
 SINCE 1/1       1067               806     261      922
..............................................................

WIND (MPH)
AVERAGE WIND SPEED              7.5
HIGHEST WIND SPEED/DIRECTION    28/270    DATE  07/28
HIGHEST GUST SPEED/DIRECTION    38/290    DATE  07/28

SKY COVER
POSSIBLE SUNSHINE (PERCENT)   MM
AVERAGE SKY COVER           0.20
NUMBER OF DAYS FAIR           25
NUMBER OF DAYS PC              4
NUMBER OF DAYS CLOUDY          2

AVERAGE RH (PERCENT)     69

WEATHER CONDITIONS. NUMBER OF DAYS WITH
THUNDERSTORM              8     MIXED PRECIP               0
HEAVY RAIN                5     RAIN                       8
LIGHT RAIN               11     FREEZING RAIN              0
LT FREEZING RAIN          0     HEAVY SNOW                 0
SNOW                      0     LIGHT SNOW                 0
FOG                      13     FOG W/VIS <= 1/4 MILE      1
HAZE                      4

-  INDICATES NEGATIVE NUMBERS.
R  INDICATES RECORD WAS SET OR TIED.
MM INDICATES DATA IS MISSING.
T  INDICATES TRACE AMOUNT.

$$
