000
CXUS52 KMFL 011510 CCA
CLMMIA

CLIMATE REPORT...CORRECTED
NATIONAL WEATHER SERVICE MIAMI, FL
1034 AM EDT MON JUN 1 2015

...................................

...THE MIAMI CLIMATE SUMMARY FOR THE MONTH OF MAY 2015...

CLIMATE NORMAL PERIOD 1981 TO 2010
CLIMATE RECORD PERIOD 1895 TO 2015

WEATHER         OBSERVED          NORMAL  DEPART  LAST YEAR`S
                 VALUE   DATE(S)  VALUE   FROM    VALUE
                                          NORMAL
.............................................................
TEMPERATURE (F)
RECORD
 HIGH              96   05/11/2008
                        05/15/1995
                        05/27/1902
 LOW               50   05/05/1921
HIGHEST            94   05/21                         92
LOWEST             68   05/01                         68
AVG. MAXIMUM     87.4              87.0     0.4     86.8
AVG. MINIMUM     74.5              72.9     1.6     74.5
MEAN             80.9              79.9     1.0     80.6
DAYS MAX >= 90      4                                  3
DAYS MAX <= 32      0                                  0
DAYS MIN <= 32      0                                  0
DAYS MIN <= 0       0                                  0

PRECIPITATION (INCHES)
RECORD
 MAXIMUM        18.66   1925
 MINIMUM         0.44   1965
TOTALS           2.39              5.34   -2.95     3.29
DAILY AVG.       0.08              0.17   -0.09
DAYS >= .01        11                                  6
DAYS >= .10         6                                  3
DAYS >= .50         1                                  1
DAYS >= 1.00        0                                  1
GREATEST
 24 HR. TOTAL    0.77   05/31 TO 05/31              2.87
                        05/30 TO 05/31
                        05/31 TO 05/31

DEGREE_DAYS
HEATING TOTAL       0                 0       0        0
 SINCE 7/1         76               128     -52       61
COOLING TOTAL     498               463      35      493
 SINCE 1/1       1677              1356     321     1574
..............................................................

WIND (MPH)
AVERAGE WIND SPEED              9.9
HIGHEST WIND SPEED/DIRECTION    26/080    DATE  05/24
HIGHEST GUST SPEED/DIRECTION    34/290    DATE  05/22

SKY COVER
POSSIBLE SUNSHINE (PERCENT)   51
AVERAGE SKY COVER           0.50
NUMBER OF DAYS FAIR            4
NUMBER OF DAYS PC             25
NUMBER OF DAYS CLOUDY          2

AVERAGE RH (PERCENT)     64

WEATHER CONDITIONS. NUMBER OF DAYS WITH
THUNDERSTORM              3     MIXED PRECIP               0
HEAVY RAIN                1     RAIN                       1
LIGHT RAIN               11     FREEZING RAIN              0
LT FREEZING RAIN          0     HAIL                       0
HEAVY SNOW                0     SNOW                       0
LIGHT SNOW                0     SLEET                      0
FOG                       5     FOG W/VIS <= 1/4 MILE      0
HAZE                      1

-  INDICATES NEGATIVE NUMBERS.
R  INDICATES RECORD WAS SET OR TIED.
MM INDICATES DATA IS MISSING.
T  INDICATES TRACE AMOUNT.


...............................................................


...............DATA FOR MIAMI BEACH.....MAY 2015...............


...TEMPERATURE DATA...

AVERAGE FOR THE MONTH .... 79.0 OR 0.6 DEGREES ABOVE NORMAL.
AVERAGE MAXIMUM .......... 83.3 OR 0.5 DEGREES ABOVE NORMAL.
AVERAGE MINIMUM .......... 74.6 OR 0.7 DEGREES ABOVE NORMAL.

HIGHEST TEMPERATURE FOR THE MONTH: 87 DEGREES ON 22, 23, 24.
LOWEST  TEMPERATURE FOR THE MONTH: 64 DEGREES ON 1, 7.


...PRECIPITATION...

TOTAL FOR THE MONTH 1.10 INCHES OR 3.88 INCHES BELOW NORMAL.
TOTAL FOR THE YEAR  9.93 INCHES OR 5.67 INCHES BELOW NORMAL.
GREATEST 24-HOUR PERIOD RAINFALL 0.90 INCHES ON THE 6TH.

NUMBER OF DAYS HAVING 0.01 INCHES OR MORE ... 3.
NUMBER OF DAYS HAVING 0.10 INCHES OR MORE ... 3.
NUMBER OF DAYS HAVING 0.50 INCHES OR MORE ... 1.
NUMBER OF DAYS HAVING 1.00 INCHES OR MORE ... 0.


...............................................................


...DATA FOR THE NATIONAL WEATHER SERVICE OFFICE (WEST MIAMI)...
                        ...MAY 2015...


...TEMPERATURE DATA...

AVERAGE FOR THE MONTH .... 79.5 DEGREES.
AVERAGE MAXIMUM .......... 87.2 DEGREES.
AVERAGE MINIMUM .......... 71.8 DEGREES.

HIGHEST TEMPERATURE FOR THE MONTH: 93 DEGREES ON THE 22ND.
LOWEST  TEMPERATURE FOR THE MONTH: 64 DEGREES ON THE  1ST.


...PRECIPITATION...

TOTAL FOR THE MONTH................. 1.20 INCHES.
TOTAL FOR THE YEAR.................. 8.24 INCHES.
GREATEST 24-HOUR PERIOD RAINFALL 0.37 INCHES ON THE 6TH, 8TH.

NUMBER OF DAYS HAVING 0.01 INCHES OR MORE ... 8.
NUMBER OF DAYS HAVING 0.10 INCHES OR MORE ... 3.
NUMBER OF DAYS HAVING 0.50 INCHES OR MORE ... 0.
NUMBER OF DAYS HAVING 1.00 INCHES OR MORE ... 0.

$$
