000
CXUS54 KMEG 071955
CLMMKL


CLIMATE REPORT
NATIONAL WEATHER SERVICE MEMPHIS TN
253 PM CDT SAT OCT 7 2017

...................................

...THE JACKSON CLIMATE SUMMARY FOR THE MONTH OF SEPTEMBER 2017...

CLIMATE NORMAL PERIOD 1981 TO 2010
CLIMATE RECORD PERIOD 1948 TO 2017

WEATHER         OBSERVED          NORMAL  DEPART  LAST YEAR`S
                 VALUE   DATE(S)  VALUE   FROM    VALUE  DATE(S)
                                          NORMAL
................................................................
TEMPERATURE (F)
RECORD
 HIGH             105   09/05/1954
 LOW               35   09/30/1949
HIGHEST            92   09/27        84       8       95  09/25
                        09/26                             09/23
                        09/23                             09/16
LOWEST             47   09/07        61     -14       48  09/29
AVG. MAXIMUM     83.9              83.9     0.0     88.3
AVG. MINIMUM     59.7              59.0     0.7     62.3
MEAN             71.8              71.4     0.4     75.3
DAYS MAX >= 90      9               5.4     3.6       16
DAYS MAX <= 32      0               0.0     0.0        0
DAYS MIN <= 32      0               0.0     0.0        0
DAYS MIN <= 0       0               0.0     0.0        0

PRECIPITATION (INCHES)
RECORD
 MAXIMUM        13.07   2002
 MINIMUM         0.06   1956
TOTALS           1.86              3.38   -1.52     1.69
DAILY AVG.       0.06              0.11   -0.05     0.06
DAYS >= .01         4               7.3    -3.3        3
DAYS >= .10         2               4.6    -2.6        2
DAYS >= .50         2               2.1    -0.1        1
DAYS >= 1.00        0               1.2    -1.2        1
GREATEST
 24 HR. TOTAL    3.76   08/31 TO 09/01
                        09/01 TO 09/01
                        09/01 TO 09/02

SNOWFALL (INCHES)
RECORDS
 TOTAL            0.0   2002
                        2001
TOTALS            0.0               0.0     0.0      0.0
SINCE 7/1         0.0               0.0     0.0      0.0
SNOWDEPTH AVG.      0                MM      MM        0
DAYS >= 1.0         0               0.0     0.0        0
GREATEST
 SNOW DEPTH         0   MM                             0  MM
 24 HR TOTAL      0.0   09/30 TO 09/30

DEGREE_DAYS
HEATING TOTAL       7                26     -19        5
 SINCE 7/1          7                26     -19        5
COOLING TOTAL     220               220       0      322
 SINCE 1/1       1700              1643      57     1951
.................................................................

WIND (MPH)
AVERAGE WIND SPEED              4.3
HIGHEST WIND SPEED/DIRECTION    30/340    DATE  09/01
HIGHEST GUST SPEED/DIRECTION    39/340    DATE  09/01

SKY COVER
POSSIBLE SUNSHINE (PERCENT)   MM
AVERAGE SKY COVER           0.20
NUMBER OF DAYS FAIR           25
NUMBER OF DAYS PC              3
NUMBER OF DAYS CLOUDY          2

AVERAGE RH (PERCENT)     74

WEATHER CONDITIONS. NUMBER OF DAYS WITH
THUNDERSTORM              0     MIXED PRECIP               0
HEAVY RAIN                1     RAIN                       2
LIGHT RAIN                4     FREEZING RAIN              0
LT FREEZING RAIN          0     HAIL                       0
HEAVY SNOW                0     SNOW                       0
LIGHT SNOW                0     SLEET                      0
FOG                      23     FOG W/VIS <= 1/4 MILE      6
HAZE                      0

-  INDICATES NEGATIVE NUMBERS.
R  INDICATES RECORD WAS SET OR TIED.
MM INDICATES DATA IS MISSING.
T  INDICATES TRACE AMOUNT.

$$
