000
CXUS51 KCAR 100302
CLMMLT


CLIMATE REPORT
NATIONAL WEATHER SERVICE CARIBOU, ME
1102 PM EDT TUE JUN 9 2015

...................................

...THE MILLINOCKET ME CLIMATE SUMMARY FOR THE SEASON, FROM
3/1/2015 TO 5/31/2015...

CLIMATE NORMAL PERIOD 1981 TO 2010
CLIMATE RECORD PERIOD 1903 TO 2015

WEATHER         OBSERVED          NORMAL  DEPART  LAST YEAR`S
                 VALUE   DATE(S)  VALUE   FROM    VALUE  DATE(S)
                                          NORMAL
................................................................
TEMPERATURE (F)
RECORD
 HIGH              96   05/24/1977
                        05/22/1911
 LOW              -32   03/02/1920
HIGHEST            87   05/27        MM      MM       76  05/16
LOWEST             -7   03/06        MM      MM      -12  03/01
AVG. MAXIMUM     51.7              51.2     0.5     48.8
AVG. MINIMUM     29.7              30.3    -0.6     28.0
MEAN             40.7              40.8    -0.1     38.4
DAYS MAX >= 90      0               0.1    -0.1        0
DAYS MAX <= 32     16               8.2     7.8       15
DAYS MIN <= 32     49              48.5     0.5       47
DAYS MIN <= 0       1               2.0    -1.0        8

PRECIPITATION (INCHES)
RECORD
 MAXIMUM        12.71   2007
 MINIMUM         7.43   2012
TOTALS           8.31                     -1.65
DAILY AVG.       0.09              0.11   -0.02     0.09
DAYS >= .01        41                MM      MM       42
DAYS >= .10        20                MM      MM       19
DAYS >= .50         5                MM      MM        7
DAYS >= 1.00        1                MM      MM        0
GREATEST
 24 HR. TOTAL    1.19   MM                       05/31 TO 05/31
                                                          05/31 TO 05/31
                                                          05/31 TO 05/31

SNOWFALL (INCHES)
RECORDS
 TOTAL             MM   MM
TOTALS             MM                MM      MM      0.0
SINCE 7/1          MM                MM      MM      0.0
SNOWDEPTH AVG.     MM                MM      MM        0
DAYS >= 1.0         0                MM      MM        0
GREATEST
 SNOW DEPTH        MM                                  0  MM
 24 HR TOTAL       MM                            05/31 TO 05/31
                                                          05/31 TO 05/31
                                                          05/31 TO 05/31

DEGREE_DAYS
HEATING TOTAL    2244              2237       7     2417
 SINCE 7/1       8289              8290      -1     8455
COOLING TOTAL      34                 6      28        2
 SINCE 1/1         34                 6      28        2
..................................................

WIND (MPH)
AVERAGE WIND SPEED              6.7
HIGHEST WIND SPEED/DIRECTION    33/310    DATE  03/22
HIGHEST GUST SPEED/DIRECTION    52/310    DATE  03/22

SKY COVER
POSSIBLE SUNSHINE (PERCENT)   MM
AVERAGE SKY COVER           0.50
NUMBER OF DAYS FAIR           34
NUMBER OF DAYS PC             37
NUMBER OF DAYS CLOUDY         21

AVERAGE RH (PERCENT)     61

WEATHER CONDITIONS. NUMBER OF DAYS WITH
THUNDERSTORM              0     MIXED PRECIP               0
HEAVY RAIN               10     RAIN                      15
LIGHT RAIN               35     FREEZING RAIN              1
LT FREEZING RAIN          1     HAIL                       0
HEAVY SNOW                3     SNOW                       8
LIGHT SNOW               23     SLEET                      0
FOG                      45     FOG W/VIS <= 1/4 MILE      7
HAZE                     18

-  INDICATES NEGATIVE NUMBERS.
R  INDICATES RECORD WAS SET OR TIED.
MM INDICATES DATA IS MISSING.
T  INDICATES TRACE AMOUNT.

$$
