000
CXUS51 KCAR 111314
CLMMLT


CLIMATE REPORT
NATIONAL WEATHER SERVICE CARIBOU, ME
809 AM EST SUN DEC 11 2016

...................................

...THE MILLINOCKET ME CLIMATE SUMMARY FOR THE SEASON, FROM
9/1/2016 TO 11/30/2016...

CLIMATE NORMAL PERIOD 1981 TO 2010
CLIMATE RECORD PERIOD 1903 TO 2016

WEATHER         OBSERVED          NORMAL  DEPART  LAST YEAR`S
                 VALUE   DATE(S)  VALUE   FROM    VALUE  DATE(S)
                                          NORMAL
................................................................
TEMPERATURE (F)
RECORD
 HIGH              96   09/10/2002
 LOW              -10   11/29/1920
HIGHEST            86   09/09        MM      MM       90  09/07
LOWEST             20   11/29        MM      MM       10  11/30
AVG. MAXIMUM     57.7              54.8     2.9     58.9
AVG. MINIMUM     39.6              36.8     2.8     39.3
MEAN             48.7              45.8     2.9     49.1
DAYS MAX >= 90      0               0.3    -0.3        1
DAYS MAX <= 32      1               3.9    -2.9        2
DAYS MIN <= 32     27              32.4    -5.4       30
DAYS MIN <= 0       0               0.1    -0.1        0

PRECIPITATION (INCHES)
RECORD
 MAXIMUM        16.85   2006
 MINIMUM         8.33   2014
TOTALS           7.21R                    -5.01
DAILY AVG.       0.08              0.13   -0.05     0.14
DAYS >= .01        33                MM      MM       26
DAYS >= .10        17                MM      MM       19
DAYS >= .50         4                MM      MM        7
DAYS >= 1.00        2                MM      MM        3
GREATEST
 24 HR. TOTAL    1.33   MM                       11/30 TO 11/30
                                                          11/30 TO 11/30
                                                          11/30 TO 11/30

SNOWFALL (INCHES)
RECORDS
 TOTAL             MM   MM
TOTALS             MM                MM      MM       MM
SINCE 7/1          MM                MM      MM      0.0
SNOWDEPTH AVG.     MM                MM      MM        0
DAYS >= 1.0         0                MM      MM        0
GREATEST
 SNOW DEPTH        MM                                  0  MM
 24 HR TOTAL       MM                                 MM

DEGREE_DAYS
HEATING TOTAL    1510              1765    -255     1520
 SINCE 7/1       1550              1843    -293     1541
COOLING TOTAL      43                17      26       88
 SINCE 1/1        350               268      82      400
.................................................

WIND (MPH)
AVERAGE WIND SPEED              4.7
HIGHEST WIND SPEED/DIRECTION    28/310    DATE  11/11
HIGHEST GUST SPEED/DIRECTION    41/280    DATE  11/11

SKY COVER
POSSIBLE SUNSHINE (PERCENT)   MM
AVERAGE SKY COVER           0.50
NUMBER OF DAYS FAIR           34
NUMBER OF DAYS PC             26
NUMBER OF DAYS CLOUDY         31

AVERAGE RH (PERCENT)     75

WEATHER CONDITIONS. NUMBER OF DAYS WITH
THUNDERSTORM              0     MIXED PRECIP               0
HEAVY RAIN                5     RAIN                      12
LIGHT RAIN               41     FREEZING RAIN              0
LT FREEZING RAIN          0     HAIL                       0
HEAVY SNOW                0     SNOW                       2
LIGHT SNOW               11     SLEET                      0
FOG                      43     FOG W/VIS <= 1/4 MILE     11
HAZE                      3

-  INDICATES NEGATIVE NUMBERS.
R  INDICATES RECORD WAS SET OR TIED.
MM INDICATES DATA IS MISSING.
T  INDICATES TRACE AMOUNT.

$$
