000
CXUS51 KCAR 100634
CLMMLT


CLIMATE REPORT
NATIONAL WEATHER SERVICE CARIBOU, ME
233 AM EDT SAT JUN 10 2017

...................................

...THE MILLINOCKET ME CLIMATE SUMMARY FOR THE SEASON, FROM
3/1/2017 TO 5/31/2017...

CLIMATE NORMAL PERIOD 1981 TO 2010
CLIMATE RECORD PERIOD 1903 TO 2017

WEATHER         OBSERVED          NORMAL  DEPART  LAST YEAR`S
                 VALUE   DATE(S)  VALUE   FROM    VALUE  DATE(S)
                                          NORMAL
................................................................
TEMPERATURE (F)
RECORD
 HIGH              96   05/24/1977
                        05/22/1911
 LOW              -32   03/02/1920
HIGHEST            92   05/18        MM      MM       82  05/31
LOWEST             -8   03/11        MM      MM       -7  03/04
AVG. MAXIMUM     48.4              51.2    -2.8     51.5
AVG. MINIMUM     29.8              30.3    -0.5     30.3
MEAN             39.1              40.8    -1.7     40.9
DAYS MAX >= 90      1               0.1     0.9        0
DAYS MAX <= 32     14               8.2     5.8        8
DAYS MIN <= 32     45              48.5    -3.5       51
DAYS MIN <= 0       3               2.0     1.0        2

PRECIPITATION (INCHES)
RECORD
 MAXIMUM        12.71   2007
 MINIMUM         7.43   2012
TOTALS          10.49                      0.53
DAILY AVG.       0.11              0.11    0.00     0.09
DAYS >= .01        45                MM      MM       32
DAYS >= .10        23                MM      MM       23
DAYS >= .50         7                MM      MM        5
DAYS >= 1.00        1                MM      MM        1
GREATEST
 24 HR. TOTAL    1.03   MM                       05/31 TO 05/31
                                                          05/31 TO 05/31
                                                          05/31 TO 05/31

SNOWFALL (INCHES)
RECORDS
 TOTAL             MM   MM
TOTALS             MM                MM      MM      0.0
SINCE 7/1          MM                MM      MM      0.0
SNOWDEPTH AVG.     MM                MM      MM        0
DAYS >= 1.0         0                MM      MM        0
GREATEST
 SNOW DEPTH        MM                                  0  MM
 24 HR TOTAL       MM                            05/31 TO 05/31
                                                          05/31 TO 05/31
                                                          05/31 TO 05/31

DEGREE_DAYS
HEATING TOTAL    2369              2237     132     2195
 SINCE 7/1       7864              8290    -426     7159
COOLING TOTAL       9                 6       3        6
 SINCE 1/1          9                 6       3        6
..................................................

WIND (MPH)
AVERAGE WIND SPEED              6.1
HIGHEST WIND SPEED/DIRECTION    31/310    DATE  03/22
HIGHEST GUST SPEED/DIRECTION    46/290    DATE  03/02

SKY COVER
POSSIBLE SUNSHINE (PERCENT)   MM
AVERAGE SKY COVER           0.60
NUMBER OF DAYS FAIR           28
NUMBER OF DAYS PC             21
NUMBER OF DAYS CLOUDY         43

AVERAGE RH (PERCENT)     72

WEATHER CONDITIONS. NUMBER OF DAYS WITH
THUNDERSTORM              0     MIXED PRECIP               0
HEAVY RAIN                7     RAIN                      17
LIGHT RAIN               40     FREEZING RAIN              0
LT FREEZING RAIN          1     HAIL                       0
HEAVY SNOW                2     SNOW                       5
LIGHT SNOW               21     SLEET                      0
FOG                      56     FOG W/VIS <= 1/4 MILE     12
HAZE                      8

-  INDICATES NEGATIVE NUMBERS.
R  INDICATES RECORD WAS SET OR TIED.
MM INDICATES DATA IS MISSING.
T  INDICATES TRACE AMOUNT.

$$
