000
CXUS54 KMOB 010712
CLMMOB


CLIMATE REPORT
NATIONAL WEATHER SERVICE MOBILE AL
154 AM CDT FRI APR 1 2016

...................................

...THE MOBILE CLIMATE SUMMARY FOR THE MONTH OF MARCH 2016...

CLIMATE NORMAL PERIOD 1981 TO 2010
CLIMATE RECORD PERIOD 1842 TO 2016

WEATHER         OBSERVED          NORMAL  DEPART  LAST YEAR`S
                 VALUE   DATE(S)  VALUE   FROM    VALUE  DATE(S)
                                          NORMAL
................................................................
TEMPERATURE (F)
RECORD
 HIGH              91   03/27/1910
 LOW               21   03/14/1993
HIGHEST            83   03/16                         85  03/18
                                                          03/17
LOWEST             35   03/22                         26  03/06
                        03/21
AVG. MAXIMUM     73.7              71.2     2.5     74.0
AVG. MINIMUM     54.2              49.1     5.1     54.4
MEAN             64.0              60.2     3.8     64.2
DAYS MAX >= 90      0               0.0     0.0        0
DAYS MAX <= 32      0               0.0     0.0        0
DAYS MIN <= 32      0               1.1    -1.1        3
DAYS MIN <= 0       0               0.0     0.0        0

PRECIPITATION (INCHES)

TOTALS          10.16              6.14    4.02     3.96
DAILY AVG.       0.33              0.20    0.13     0.13
DAYS >= .01        12               8.6     3.4       11
DAYS >= .10         9               6.0     3.0        7
DAYS >= .50         5               3.2     1.8        2
DAYS >= 1.00        2               2.1    -0.1        2
GREATEST
 24 HR. TOTAL    4.27   03/10 TO 03/11

SNOWFALL (INCHES)

TOTALS            0.0               0.1    -0.1      0.0
SINCE 7/1         0.0               0.2    -0.2        T
SNOWDEPTH AVG.      0                                  0
DAYS >= 1.0         0               0.0     0.0        0
GREATEST
 SNOW DEPTH         0                                  0
 24 HR TOTAL      0.0   03/31 TO 03/31

DEGREE_DAYS
HEATING TOTAL      96               189     -93      114
 SINCE 7/1       1194              1631    -437     1816
COOLING TOTAL      70                39      31       96
 SINCE 1/1         84                55      29      100
.................................................................

WIND (MPH)
AVERAGE WIND SPEED              10.0
HIGHEST WIND SPEED/DIRECTION    47/350    DATE  03/17
HIGHEST GUST SPEED/DIRECTION    62/340    DATE  03/17

SKY COVER
POSSIBLE SUNSHINE (PERCENT)   MM
AVERAGE SKY COVER           0.60
NUMBER OF DAYS FAIR            5
NUMBER OF DAYS PC             14
NUMBER OF DAYS CLOUDY         12

AVERAGE RH (PERCENT)     78

WEATHER CONDITIONS. NUMBER OF DAYS WITH
THUNDERSTORM              7     MIXED PRECIP               0
HEAVY RAIN                5     RAIN                       9
LIGHT RAIN               15     FREEZING RAIN              0
LT FREEZING RAIN          0     HAIL                       0
HEAVY SNOW                0     SNOW                       0
LIGHT SNOW                0     SLEET                      0
FOG                      22     FOG W/VIS <= 1/4 MILE      4
HAZE                      6

-  INDICATES NEGATIVE NUMBERS.
R  INDICATES RECORD WAS SET OR TIED.
MM INDICATES DATA IS MISSING.
T  INDICATES TRACE AMOUNT.

$$
