000
CXUS55 KMSO 011616
CLMMSO


CLIMATE REPORT
NATIONAL WEATHER SERVICE MISSOULA, MT
916 AM MST THU JAN 1 2015

...................................

...THE MISSOULA MT CLIMATE SUMMARY FOR THE MONTH OF DECEMBER 2014...

CLIMATE NORMAL PERIOD 1981 TO 2010
CLIMATE RECORD PERIOD 1893 TO 2014

WEATHER         OBSERVED          NORMAL  DEPART  LAST YEAR`S
                 VALUE   DATE(S)  VALUE   FROM    VALUE
                                          NORMAL
.............................................................
TEMPERATURE (F)
RECORD
 HIGH              60   12/03/1956
                        12/08/1938
                        12/14/1924
 LOW              -30   12/23/1983
                        12/17/1964
HIGHEST            47   12/10        MM      MM       47
LOWEST            -11   12/30        MM      MM      -14
AVG. MAXIMUM     31.7              31.0     0.7     30.1
AVG. MINIMUM     20.9              16.7     4.2     15.3
MEAN             26.3              23.9     2.4     22.7
DAYS MAX >= 90      0               0.0     0.0        0
DAYS MAX <= 32     15              15.1    -0.1       13
DAYS MIN <= 32     31              29.5     1.5       30
DAYS MIN <= 0       2               2.4    -0.4        6

PRECIPITATION (INCHES)
RECORD
 MAXIMUM         7.09   1917
 MINIMUM         0.11   1909
TOTALS           1.26              1.04    0.22     1.12
DAILY AVG.       0.04              0.03    0.01     0.04
DAYS >= .01        12              12.3    -0.3       12
DAYS >= .10         6               3.5     2.5        5
DAYS >= .50         0               0.1    -0.1        0
DAYS >= 1.00        0               0.0     0.0        0
GREATEST
 24 HR. TOTAL    0.29   12/24 TO 12/25              0.28

SNOWFALL (INCHES)
TOTALS           10.6              11.0    -0.4     12.1
SINCE 7/1        20.6              17.0     3.6     13.9
DAYS >= TRACE      19               9.8     9.2       18
DAYS >= 1.0         3               3.6    -0.6        3
GREATEST
 SNOW DEPTH         5   12/29                          6
 24 HR TOTAL      4.0   12/28 TO 12/28               4.1

DEGREE_DAYS
HEATING TOTAL    1189              1276     -87
 SINCE 7/1       2945              3172    -227
COOLING TOTAL       0                 0       0
 SINCE 1/1        390               332      58
..............................................................

WIND (MPH)
AVERAGE WIND SPEED              4.1
HIGHEST WIND SPEED/DIRECTION    29/290    DATE  12/21
HIGHEST GUST SPEED/DIRECTION    39/320    DATE  12/21

SKY COVER
POSSIBLE SUNSHINE (PERCENT)   MM
AVERAGE SKY COVER           0.70
NUMBER OF DAYS FAIR            5
NUMBER OF DAYS PC             11
NUMBER OF DAYS CLOUDY         15

AVERAGE RH (PERCENT)     82

WEATHER CONDITIONS. NUMBER OF DAYS WITH
THUNDERSTORM              0     MIXED PRECIP               0
HEAVY RAIN                0     RAIN                       2
LIGHT RAIN                7     FREEZING RAIN              0
LT FREEZING RAIN          4     HAIL                       0
HEAVY SNOW                1     SNOW                       1
LIGHT SNOW               18     SLEET                      3
FOG                      19     FOG W/VIS <= 1/4 MILE      9
HAZE                      2

-  INDICATES NEGATIVE NUMBERS.
R  INDICATES RECORD WAS SET OR TIED.
MM INDICATES DATA IS MISSING.
T  INDICATES TRACE AMOUNT.

$$
