000
CXUS55 KMSO 011233
CLMMSO


CLIMATE REPORT
NATIONAL WEATHER SERVICE MISSOULA, MT
633 AM MDT WED JUL 1 2015

...................................

...THE MISSOULA MT CLIMATE SUMMARY FOR THE MONTH OF JUNE 2015...

CLIMATE NORMAL PERIOD 1981 TO 2010
CLIMATE RECORD PERIOD 1893 TO 2015

WEATHER         OBSERVED          NORMAL  DEPART  LAST YEAR`S
                 VALUE   DATE(S)  VALUE   FROM    VALUE
                                          NORMAL
.............................................................
TEMPERATURE (F)
RECORD
 HIGH             102   06/28/2015
 LOW               30   06/10/1999
                        06/19/1920
                        06/01/1917
HIGHEST           102R  06/28        MM      MM       84
LOWEST             39   06/14        MM      MM       38
AVG. MAXIMUM     84.0              75.2     8.8     72.7
AVG. MINIMUM     51.8              46.6     5.2     45.6
MEAN             67.9              60.9     7.0     59.2
DAYS MAX >= 90      7               2.3     4.7        0
DAYS MAX <= 32      0               0.0     0.0        0
DAYS MIN <= 32      0               0.2    -0.2        0
DAYS MIN <= 0       0               0.0     0.0        0

PRECIPITATION (INCHES)
RECORD
 MAXIMUM         4.79   1907
 MINIMUM         0.22   1918
TOTALS           0.51              2.07   -1.56     2.00
DAILY AVG.       0.02              0.07   -0.05     0.07
DAYS >= .01         3              12.1    -9.1       13
DAYS >= .10         2               6.1    -4.1        4
DAYS >= .50         0               1.0    -1.0        2
DAYS >= 1.00        0               0.0     0.0        0
GREATEST
 24 HR. TOTAL    0.33   06/01 TO 06/02              0.66

SNOWFALL (INCHES)
TOTALS            0.0                 T     0.0      0.0
SINCE 7/1        33.9              37.9    -4.0     65.8
DAYS >= TRACE       0               0.1    -0.1        0
DAYS >= 1.0         0               0.0     0.0        0
GREATEST
 SNOW DEPTH         0   MM                             0
 24 HR TOTAL      0.0   06/30 TO 06/30               0.0

DEGREE_DAYS
HEATING TOTAL      47               160    -113
 SINCE 7/1       6696              7284    -588
COOLING TOTAL     142                37     105
 SINCE 1/1        142                43      99
..............................................................

WIND (MPH)
AVERAGE WIND SPEED              6.2
HIGHEST WIND SPEED/DIRECTION    35/160    DATE  06/01
HIGHEST GUST SPEED/DIRECTION    45/160    DATE  06/01

SKY COVER
POSSIBLE SUNSHINE (PERCENT)   MM
AVERAGE SKY COVER           0.10
NUMBER OF DAYS FAIR           26
NUMBER OF DAYS PC              4
NUMBER OF DAYS CLOUDY          0

AVERAGE RH (PERCENT)     46

WEATHER CONDITIONS. NUMBER OF DAYS WITH
THUNDERSTORM              0     MIXED PRECIP               0
HEAVY RAIN                1     RAIN                       2
LIGHT RAIN                6     FREEZING RAIN              0
LT FREEZING RAIN          0     HAIL                       0
HEAVY SNOW                0     SNOW                       0
LIGHT SNOW                0     SLEET                      0
FOG                       2     FOG W/VIS <= 1/4 MILE      0
HAZE                      0

-  INDICATES NEGATIVE NUMBERS.
R  INDICATES RECORD WAS SET OR TIED.
MM INDICATES DATA IS MISSING.
T  INDICATES TRACE AMOUNT.

$$
