000
CXUS55 KGJT 011225
CLMMTJ


CLIMATE REPORT
NATIONAL WEATHER SERVICE GRAND JUNCTION CO
513 AM MST MON DEC 1 2014

...................................

...THE MONTROSE CO CLIMATE SUMMARY FOR THE MONTH OF NOVEMBER 2014...

CLIMATE NORMAL PERIOD 1981 TO 2010
CLIMATE RECORD PERIOD 9999 TO 9999

WEATHER         OBSERVED          NORMAL  DEPART  LAST YEAR`S
                 VALUE   DATE(S)  VALUE   FROM    VALUE  DATE(S)
                                          NORMAL
................................................................
TEMPERATURE (F)
HIGHEST            75   11/01        MM      MM       62  11/11
                                                          11/10
                                                          11/03
LOWEST             11   11/17        MM      MM       19  11/06
AVG. MAXIMUM     50.9              49.9     1.0     49.6
AVG. MINIMUM     23.7              24.8    -1.1     27.3
MEAN             37.3              37.3     0.0     38.5
DAYS MAX >= 90      0               0.0     0.0        0
DAYS MAX <= 32      1               1.4    -0.4        1
DAYS MIN <= 32     27              25.5     1.5       28
DAYS MIN <= 0       0               0.1    -0.1        0

PRECIPITATION (INCHES)
TOTALS           0.21              0.81   -0.60     0.69
DAILY AVG.       0.01              0.03   -0.02     0.02
DAYS >= .01         3                MM      MM        6
DAYS >= .10         0                MM      MM        3
DAYS >= .50         0                MM      MM        0
DAYS >= 1.00        0                MM      MM        0
GREATEST
 24 HR. TOTAL    0.09   11/02 TO 11/02              0.30

SNOWFALL (INCHES)
TOTALS             MM                MM      MM       MM
SINCE 7/1          MM                MM      MM       MM
SNOWDEPTH AVG.     MM                MM      MM       MM
DAYS >= 1.0        MM                MM      MM       MM
GREATEST
 SNOW DEPTH        MM                                 MM  MM
 24 HR TOTAL       MM                                 MM

DEGREE_DAYS
HEATING TOTAL     825               830      -5      788
 SINCE 7/1       1247              1421    -174     1406
COOLING TOTAL       0                 0       0        0
 SINCE 1/1        782               643     139      891
.................................................................

WIND (MPH)
AVERAGE WIND SPEED              6.4
HIGHEST WIND SPEED/DIRECTION    33/210    DATE  11/03
HIGHEST GUST SPEED/DIRECTION    42/210    DATE  11/03

SKY COVER
POSSIBLE SUNSHINE (PERCENT)   MM
AVERAGE SKY COVER           0.30
NUMBER OF DAYS FAIR           19
NUMBER OF DAYS PC              8
NUMBER OF DAYS CLOUDY          3

AVERAGE RH (PERCENT)     54

WEATHER CONDITIONS. NUMBER OF DAYS WITH
THUNDERSTORM              0     MIXED PRECIP               0
HEAVY RAIN                0     RAIN                       1
LIGHT RAIN                5     FREEZING RAIN              0
LT FREEZING RAIN          0     HAIL                       0
HEAVY SNOW                0     SNOW                       1
LIGHT SNOW                5     SLEET                      0
FOG                       3     FOG W/VIS <= 1/4 MILE      1
HAZE                      7

-  INDICATES NEGATIVE NUMBERS.
R  INDICATES RECORD WAS SET OR TIED.
MM INDICATES DATA IS MISSING.
T  INDICATES TRACE AMOUNT.

$$
