000
CXUS53 KLIX 120405
CLMNEW


CLIMATE REPORT
NATIONAL WEATHER SERVICE NEW ORLEANS
955 PM CST WED FEB 11 2015

...................................

...THE NEW ORLEANS CLIMATE SUMMARY FOR THE MONTH OF JANUARY 2015...

CLIMATE NORMAL PERIOD 1981 TO 2010
CLIMATE RECORD PERIOD 1946 TO 2015

WEATHER         OBSERVED          NORMAL  DEPART  LAST YEAR`S
                 VALUE   DATE(S)  VALUE   FROM    VALUE  DATE(S)
                                          NORMAL
................................................................
TEMPERATURE (F)
RECORD
 HIGH              83   01/07/1982
                        01/31/1957
 LOW               14   01/21/1985
                        01/24/1963
                        01/11/1962
HIGHEST            77   01/29        MM      MM       74  01/11
                        01/03
LOWEST             25   01/08        MM      MM       24  01/07
AVG. MAXIMUM     60.8              62.1    -1.3     57.1
AVG. MINIMUM     43.1              44.7    -1.6     37.0
MEAN             52.0              53.4    -1.4     47.0
DAYS MAX >= 90      0               0.0     0.0        0
DAYS MAX <= 32      0               0.0     0.0        0
DAYS MIN <= 32      1               2.9    -1.9        9
DAYS MIN <= 0       0               0.0     0.0        0

PRECIPITATION (INCHES)
RECORD
 MAXIMUM           MM   MM
 MINIMUM           MM   MM
TOTALS           5.67              5.15    0.52     2.72
DAILY AVG.       0.18              0.17    0.01     0.09
DAYS >= .01         9               9.3    -0.3        9
DAYS >= .10         6               6.5    -0.5        6
DAYS >= .50         4               3.3     0.7        3
DAYS >= 1.00        3               1.7     1.3        0
GREATEST
 24 HR. TOTAL    3.18   01/22 TO 01/23           01/13 TO 01/13
                                                          01/28 TO 01/28
                                                          01/28 TO 01/28

SNOWFALL (INCHES)
RECORDS
 TOTAL             MM   MM
 24 HR TOTAL       MM
 SNOW DEPTH        MM   MM
TOTALS            0.0                 T     0.0        T
SINCE 7/1         0.0                 T     0.0        T
SNOWDEPTH AVG.      0                MM      MM        0
DAYS >= TRACE       0               0.0     0.0        2
DAYS >= 1.0         0               0.0     0.0        0
GREATEST
 SNOW DEPTH         0   MM                             0  MM
 24 HR TOTAL      0.0   01/31 TO 01/31           01/28 TO 01/28
                                                          01/28 TO 01/28
                                                          01/28 TO 01/28

DEGREE_DAYS
HEATING TOTAL     403               375      28      548
 SINCE 7/1        846               856     -10     1087
COOLING TOTAL       8                16      -8        0
 SINCE 1/1          8                14      -6        0
.........................................................

WIND (MPH)
AVERAGE WIND SPEED              9.1
HIGHEST WIND SPEED/DIRECTION    30/010    DATE  01/07
HIGHEST GUST SPEED/DIRECTION    39/010    DATE  01/07

SKY COVER
POSSIBLE SUNSHINE (PERCENT)   MM
AVERAGE SKY COVER           0.60
NUMBER OF DAYS FAIR            9
NUMBER OF DAYS PC             11
NUMBER OF DAYS CLOUDY         11

AVERAGE RH (PERCENT)     67

WEATHER CONDITIONS. NUMBER OF DAYS WITH
THUNDERSTORM              0     MIXED PRECIP               0
HEAVY RAIN                3     RAIN                       4
LIGHT RAIN               10     FREEZING RAIN              0
LT FREEZING RAIN          0     HAIL                       0
HEAVY SNOW                0     SNOW                       0
LIGHT SNOW                0     SLEET                      0
FOG                      19     FOG W/VIS <= 1/4 MILE      1
HAZE                     10

-  INDICATES NEGATIVE NUMBERS.
R  INDICATES RECORD WAS SET OR TIED.
MM INDICATES DATA IS MISSING.
T  INDICATES TRACE AMOUNT.

$$
