000
CXUS56 KMTR 021737
CLMNUQ


CLIMATE REPORT
NATIONAL WEATHER SERVICE SAN FRANCISCO BAY AREA
937 AM PST SAT DEC 2 2017

...................................

...THE MOFFETT FIELD NAS CLIMATE SUMMARY FOR THE MONTH OF NOVEMBER 2017...

CLIMATE NORMAL PERIOD 1981 TO 2010
CLIMATE RECORD PERIOD 1945 TO 2017

WEATHER         OBSERVED          NORMAL  DEPART  LAST YEAR`S
                 VALUE   DATE(S)  VALUE   FROM    VALUE  DATE(S)
                                          NORMAL
................................................................
TEMPERATURE (F)
RECORD
 HIGH              87   11/01/1967
 LOW               29   11/24/1947
HIGHEST            73   11/21                         76  11/10
LOWEST             40   11/19                         38  11/24
                        11/18
AVG. MAXIMUM     66.1              65.1     1.0     66.2
AVG. MINIMUM     49.0                               48.8
MEAN             57.6                               57.5
DAYS MAX >= 90      0                                  0
DAYS MAX <= 32      0                                  0
DAYS MIN <= 32      0                                  0
DAYS MIN <= 0       0                                  0

PRECIPITATION (INCHES)
RECORD
 MAXIMUM         5.58   1972
 MINIMUM         0.00   1956
TOTALS           1.72                               1.40
DAILY AVG.       0.06              0.05    0.01     0.05
DAYS >= .01         8                                  8
DAYS >= .10         4                                  4
DAYS >= .50         1                                  1
DAYS >= 1.00        1                                  0
GREATEST
 24 HR. TOTAL    1.08   11/16 TO 11/16           11/26 TO 11/27
                                                          11/30 TO 11/30
                                                          11/30 TO 11/30

DEGREE_DAYS
HEATING TOTAL     215                                215
 SINCE 7/1        282                                287
COOLING TOTAL       0                                  0
 SINCE 1/1        689                                460
.................................................

WIND (MPH)
AVERAGE WIND SPEED              4.0
RESULTANT WIND SPEED/DIRECTION   1/339
HIGHEST WIND SPEED/DIRECTION    23/140    DATE  11/26
HIGHEST GUST SPEED/DIRECTION    30/140    DATE  11/26

SKY COVER
POSSIBLE SUNSHINE (PERCENT)   MM
AVERAGE SKY COVER           0.30
NUMBER OF DAYS FAIR           19
NUMBER OF DAYS PC              8
NUMBER OF DAYS CLOUDY          3

AVERAGE RH (PERCENT)     72

WEATHER CONDITIONS. NUMBER OF DAYS WITH
THUNDERSTORM              0     MIXED PRECIP               0
HEAVY RAIN                4     RAIN                       4
LIGHT RAIN               11     FREEZING RAIN              0
LT FREEZING RAIN          0     HAIL                       0
HEAVY SNOW                0     SNOW                       0
LIGHT SNOW                0     SLEET                      0
FOG                      12     FOG W/VIS <= 1/4 MILE      0
HAZE                      1

-  INDICATES NEGATIVE NUMBERS.
R  INDICATES RECORD WAS SET OR TIED.
MM INDICATES DATA IS MISSING.
T  INDICATES TRACE AMOUNT.

$$
