000
CXUS51 KOKX 011427
CLMNYC

NYCCLMNYC 000
TTAA00 KOKX 011136


CLIMATE REPORT
NATIONAL WEATHER SERVICE NEW YORK NY
735 AM EDT SAT JUL 1 2017

...................................

...THE CENTRAL PARK NY CLIMATE SUMMARY FOR THE MONTH OF JUNE 2017...

CLIMATE NORMAL PERIOD 1981 TO 2010
CLIMATE RECORD PERIOD 1869 TO 2017

WEATHER         OBSERVED          NORMAL  DEPART  LAST YEAR`S
                 VALUE   DATE(S)  VALUE   FROM    VALUE  DATE(S)
                                          NORMAL
................................................................
TEMPERATURE (F)
RECORD
 HIGH             101   06/27/1966
                        06/29/1934
 LOW               44   06/01/1945
HIGHEST            94   06/13        MM      MM       88  06/19
                                                          06/11
LOWEST             51   06/07        MM      MM       52  06/08
AVG. MAXIMUM     79.3              79.3     0.0     80.9
AVG. MINIMUM     64.7              63.6     1.1     63.6
MEAN             72.0              71.4     0.6     72.2
DAYS MAX >= 90      3               2.1     0.9        0
DAYS MAX <= 32      0               0.0     0.0        0
DAYS MIN <= 32      0               0.0     0.0        0
DAYS MIN <= 0       0               0.0     0.0        0

PRECIPITATION (INCHES)
RECORD
 MAXIMUM        10.27   2003
 MINIMUM         0.02   1949
TOTALS           4.76              4.41    0.35     2.60
DAILY AVG.       0.16              0.15    0.01     0.09
DAYS >= .01        12              11.2     0.8        8
DAYS >= .10         5               6.9    -1.9        6
DAYS >= .50         3               3.0     0.0        1
DAYS >= 1.00        3               1.0     2.0        0
GREATEST
 24 HR. TOTAL    1.39   06/17 TO 06/17           06/04 TO 06/05
                                                          06/30 TO 06/30
                                                          06/30 TO 06/30
 STORM TOTAL       MM                                 MM
 (MM/DD(HH))            MM                    06/05(00) TO 06/05(00)
                                                 06/30(00) TO 06/30(00)0
                                                 06/30(00) TO 06/30(00)0

DEGREE_DAYS
HEATING TOTAL      24                19       5        7
 SINCE 7/1       4226              4750    -524     3768
COOLING TOTAL     242               212      30      232
 SINCE 1/1        331               281      50      351
.................................................

WIND (MPH)
AVERAGE WIND SPEED              4.1
HIGHEST WIND SPEED/DIRECTION    17/290    DATE  06/24
HIGHEST GUST SPEED/DIRECTION    34/290    DATE  06/19

AVERAGE RH (PERCENT)     63

WEATHER CONDITIONS. NUMBER OF DAYS WITH
THUNDERSTORM              0     MIXED PRECIP               0
HEAVY RAIN                5     RAIN                       4
LIGHT RAIN               12     FREEZING RAIN              0
LT FREEZING RAIN          0     HAIL                       0
HEAVY SNOW                0     SNOW                       0
LIGHT SNOW                0     SLEET                      0
FOG                      12     FOG W/VIS <= 1/4 MILE      1
HAZE                      5

-  INDICATES NEGATIVE NUMBERS.
R  INDICATES RECORD WAS SET OR TIED.
MM INDICATES DATA IS MISSING.
T  INDICATES TRACE AMOUNT.

$$
