000
CXUS52 KCAE 012250
CLMOGB


CLIMATE REPORT
NATIONAL WEATHER SERVICE COLUMBIA SC
545 PM EST MON DEC 1 2014

...................................

...THE ORANGEBURG AIRPORT SC CLIMATE SUMMARY FOR THE MONTH OF NOVEMBER 2014...

CLIMATE NORMAL PERIOD 1981 TO 2010
CLIMATE RECORD PERIOD 9999 TO 9999

WEATHER         OBSERVED          NORMAL  DEPART
                 VALUE   DATE(S)  VALUE   FROM
                                          NORMAL
................................................
TEMPERATURE (F)
RECORD
 HIGH              MM   MM
 LOW               22   11/19/2014
HIGHEST            80   11/12        MM      MM
LOWEST             22R  11/19        MM      MM
AVG. MAXIMUM     63.4              68.2    -4.8
AVG. MINIMUM     39.3              44.2    -4.9
MEAN             51.3              56.2    -4.9
DAYS MAX >= 90      0               0.0     0.0
DAYS MAX <= 32      0               0.0     0.0
DAYS MIN <= 32      8               2.9     5.1
DAYS MIN <= 0       0               0.0     0.0

PRECIPITATION (INCHES)
RECORD
 MAXIMUM           MM   MM
 MINIMUM           MM   MM
TOTALS           3.23              2.92    0.31
DAYS >= .01         7                MM      MM
DAYS >= .10         6                MM      MM
DAYS >= .50         3                MM      MM
DAYS >= 1.00        1                MM      MM
GREATEST
 24 HR. TOTAL    1.50   11/23 TO 11/23

SNOWFALL (INCHES)
DAYS >= TRACE       0

DEGREE_DAYS
HEATING TOTAL     408               279     129
 SINCE 7/1        472               369     103
COOLING TOTAL       7                15      -8
 SINCE 1/1       2250              2102     148
.................................................

WIND (MPH)
AVERAGE WIND SPEED              5.5
RESULTANT WIND SPEED/DIRECTION   2/313
HIGHEST WIND SPEED/DIRECTION    26/210    DATE  11/17
HIGHEST GUST SPEED/DIRECTION    35/260    DATE  11/17

SKY COVER
POSSIBLE SUNSHINE (PERCENT)   MM
AVERAGE SKY COVER           0.30
NUMBER OF DAYS FAIR           20
NUMBER OF DAYS PC              6
NUMBER OF DAYS CLOUDY          4

AVERAGE RH (PERCENT)     65

WEATHER CONDITIONS. NUMBER OF DAYS WITH
THUNDERSTORM              3     MIXED PRECIP               0
HEAVY RAIN                5     RAIN                       6
LIGHT RAIN               10     FREEZING RAIN              0
LT FREEZING RAIN          0     HAIL                       0
HEAVY SNOW                0     SNOW                       0
LIGHT SNOW                0     SLEET                      0
FOG                      16     FOG W/VIS <= 1/4 MILE      2
HAZE                      4

-  INDICATES NEGATIVE NUMBERS.
R  INDICATES RECORD WAS SET OR TIED.
MM INDICATES DATA IS MISSING.
T  INDICATES TRACE AMOUNT.

$$
