000
CXUS53 KEAX 020748
CLMOJC

STLCLMWK4 000
TTAA00 KEAX 020744


CLIMATE REPORT
NATIONAL WEATHER SERVICE KANSAS CITY/PLEASANT HILL MO
242 AM CDT WED JUL 2 2014

...................................

...THE JOHNSON COUNTY EXECUTIVE CLIMATE SUMMARY FOR THE MONTH OF JUNE 2014...

CLIMATE NORMAL PERIOD 1981 TO 2010
CLIMATE RECORD PERIOD 9999 TO 9999

WEATHER         OBSERVED          NORMAL  DEPART  LAST YEAR`S
                 VALUE   DATE(S)  VALUE   FROM    VALUE  DATE(S)
                                          NORMAL
................................................................
TEMPERATURE (F)
HIGHEST            90   06/30        92      -2       99  06/26
LOWEST             54   06/13        52       2       47  06/03
AVG. MAXIMUM     81.3              82.8    -1.5     82.8
AVG. MINIMUM     65.0              63.8     1.2     64.0
MEAN             73.2              73.3    -0.1     73.4
DAYS MAX >= 90      1               4.7    -3.7        4
DAYS MAX <= 32      0               0.0     0.0        0
DAYS MIN <= 32      0               0.0     0.0        0
DAYS MIN <= 0       0               0.0     0.0        0

PRECIPITATION (INCHES)
TOTALS           8.19              5.78    2.41     3.90
DAILY AVG.       0.27              0.19    0.08     0.13
DAYS >= .01        13              10.6     2.4       11
DAYS >= .10        12               7.5     4.5        5
DAYS >= .50        10               3.6     6.4        2
DAYS >= 1.00        1               2.0    -1.0        1
GREATEST
 24 HR. TOTAL    2.54   06/09 TO 06/10

DEGREE_DAYS
HEATING TOTAL       1                 8      -7       14
 SINCE 7/1       5693              4934     759     5099
COOLING TOTAL     254               257      -3      264
 SINCE 1/1        407               361      46      365
.................................................................

WIND (MPH)
AVERAGE WIND SPEED              9.3
HIGHEST WIND SPEED/DIRECTION    35/080    DATE  06/05
HIGHEST GUST SPEED/DIRECTION    45/300    DATE  06/15

SKY COVER
POSSIBLE SUNSHINE (PERCENT)   MM
AVERAGE SKY COVER           0.40
NUMBER OF DAYS FAIR           11
NUMBER OF DAYS PC             17
NUMBER OF DAYS CLOUDY          2

AVERAGE RH (PERCENT)     77

WEATHER CONDITIONS. NUMBER OF DAYS WITH
THUNDERSTORM              0     MIXED PRECIP               0
HEAVY RAIN               11     RAIN                      10
LIGHT RAIN               14     FREEZING RAIN              0
LT FREEZING RAIN          0     HAIL                       0
HEAVY SNOW                0     SNOW                       0
LIGHT SNOW                0     SLEET                      0
FOG                      15     FOG W/VIS <= 1/4 MILE      1
HAZE                      1

-  INDICATES NEGATIVE NUMBERS.
R  INDICATES RECORD WAS SET OR TIED.
MM INDICATES DATA IS MISSING.
T  INDICATES TRACE AMOUNT.

$$
