000
CXUS54 KOUN 011416
CLMOKC

CLIMATE REPORT
NATIONAL WEATHER SERVICE NORMAN OK
753 AM CST SUN FEB 1 2015

...................................

...THE OKLAHOMA CITY CLIMATE SUMMARY FOR THE MONTH OF JANUARY 2015...

CLIMATE NORMAL PERIOD 1981 TO 2010
CLIMATE RECORD PERIOD 1890 TO 2015

WEATHER         OBSERVED          NORMAL  DEPART  LAST YEAR`S
                 VALUE   DATE(S)  VALUE   FROM    VALUE
                                          NORMAL
.............................................................
TEMPERATURE (F)
RECORD
 HIGH              83   01/31/1911
 LOW              -11   01/19/1892
HIGHEST            79   01/28        70       9       75
LOWEST             11    01/08        8       3        4
AVG. MAXIMUM     51.4              49.7     1.7     51.5
AVG. MINIMUM     29.5              28.8     0.7     24.9
MEAN             40.4              39.2     1.2     38.2
DAYS MAX >= 90      0               0.0     0.0        0
DAYS MAX <= 32      1               2.7    -1.7        3
DAYS MIN <= 32     20              19.8     0.2       21
DAYS MIN <= 0       0               0.0     0.0        0

PRECIPITATION (INCHES)
RECORD
 MAXIMUM         5.64   1949
 MINIMUM         0.00   1986
TOTALS           1.80              1.39    0.41     0.07
DAILY AVG.       0.06              0.04    0.02     0.00
DAYS >= .01         6               5.1     0.9        4
DAYS >= .10         5               2.6     2.4        0
DAYS >= .50         1               0.9     0.1        0
DAYS >= 1.00        0               0.3    -0.3        0
GREATEST
 24 HR. TOTAL    0.81   01/21 TO 01/22

SNOWFALL (INCHES)
TOTALS              T               2.8    -2.8
SINCE 7/1         6.0               5.3     0.7

DEGREE_DAYS
HEATING TOTAL     755               798     -43      822
 SINCE 7/1       2059              2153     -94     2350
..............................................................

WIND (MPH)
AVERAGE WIND SPEED              10.1
HIGHEST WIND SPEED/DIRECTION    39/340    DATE  01/25
HIGHEST GUST SPEED/DIRECTION    49/330    DATE  01/25


WEATHER CONDITIONS. NUMBER OF DAYS WITH
THUNDERSTORM              0     MIXED PRECIP               0
HEAVY RAIN                1     RAIN                       4
LIGHT RAIN                9     FREEZING RAIN              0
LT FREEZING RAIN          2     HAIL                       0
HEAVY SNOW                0     SNOW                       1
LIGHT SNOW                1     SLEET                      0
FOG                       9     FOG W/VIS <= 1/4 MILE      0
HAZE                      7

-  INDICATES NEGATIVE NUMBERS.
R  INDICATES RECORD WAS SET OR TIED.
MM INDICATES DATA IS MISSING.
T  INDICATES TRACE AMOUNT.

&&
.........................................................................
RECORD EVENTS AND REMARKS

RECORD MAXIMUM TEMPERATURE OF 77 DEGREES SET ON THE 27TH.
RECORD MAXIMUM TEMPERATURE OF 78 DEGREES SET ON THE 28TH.
RECORD MAXIMUM TEMPERATURE OF 79 DEGREES SET ON THE 29TH,
DAILY RECORD OF 0.47 SET ON THE 22ND.
TOTAL PRECIPITATION FOR 2015 IS 1.80 INCHES.

$$
