000
CXUS51 KBOX 011404
CLMORH


CLIMATE REPORT
NATIONAL WEATHER SERVICE TAUNTON MA
958 AM EDT MON AUG 1 2016

...................................

...THE WORCESTER MA CLIMATE SUMMARY FOR THE MONTH OF JULY 2016...

CLIMATE NORMAL PERIOD 1981 TO 2010
CLIMATE RECORD PERIOD 1892 TO 2016

WEATHER         OBSERVED          NORMAL  DEPART
                 VALUE   DATE(S)  VALUE   FROM
                                          NORMAL
................................................
TEMPERATURE (F)
RECORD
 HIGH             102   07/04/1911
 LOW               41   07/17/1946
                        07/12/1945
HIGHEST            92   07/22
LOWEST             55   07/03
AVG. MAXIMUM     81.7              78.9     2.8
AVG. MINIMUM     62.9              61.5     1.4
MEAN             72.3              70.2     2.1
DAYS MAX >= 90      2               0.9     1.1
DAYS MAX <= 32      0               0.0     0.0
DAYS MIN <= 32      0               0.0     0.0
DAYS MIN <= 0       0               0.0     0.0

PRECIPITATION (INCHES)
RECORD
 MAXIMUM        11.41   1938
 MINIMUM         0.62   1929
TOTALS           2.06              4.23   -2.17
DAYS >= .01        11              10.9     0.1
DAYS >= .10         7               6.8     0.2
DAYS >= .50         1               2.6    -1.6
DAYS >= 1.00        0               1.2    -1.2
GREATEST
 24 HR. TOTAL    0.60   07/14 TO 07/14
                        07/13 TO 07/14
                        07/14 TO 07/14

SNOWFALL (INCHES)
RECORDS
 TOTAL             MM   MM
 SNOW DEPTH        MM   MM
TOTALS            0.0               0.0     0.0
SINCE 7/1         0.0               0.0     0.0
SNOWDEPTH AVG.     MM
GREATEST
 SNOW DEPTH        MM
 24 HR TOTAL      0.0   07/31 TO 07/31

DEGREE_DAYS
HEATING TOTAL       9                14      -5
 SINCE 7/1          9                14      -5
COOLING TOTAL     244               175      69
 SINCE 1/1        358               281      77
.................................................

WIND (MPH)
AVERAGE WIND SPEED              9.0
RESULTANT WIND SPEED/DIRECTION   5/262
HIGHEST WIND SPEED/DIRECTION    25/240    DATE  07/22
HIGHEST GUST SPEED/DIRECTION    31/330    DATE  07/23

SKY COVER
POSSIBLE SUNSHINE (PERCENT)   MM
AVERAGE SKY COVER           0.30
NUMBER OF DAYS FAIR           21
NUMBER OF DAYS PC              6
NUMBER OF DAYS CLOUDY          4

AVERAGE RH (PERCENT)     66

WEATHER CONDITIONS. NUMBER OF DAYS WITH
THUNDERSTORM              0     MIXED PRECIP               0
HEAVY RAIN                4     RAIN                       6
LIGHT RAIN               13     FREEZING RAIN              0
LT FREEZING RAIN          0     HAIL                       0
HEAVY SNOW                0     SNOW                       0
LIGHT SNOW                0     SLEET                      0
FOG                      12     FOG W/VIS <= 1/4 MILE      8
HAZE                      1

-  INDICATES NEGATIVE NUMBERS.
R  INDICATES RECORD WAS SET OR TIED.
MM INDICATES DATA IS MISSING.
T  INDICATES TRACE AMOUNT.

$$

LEC
