000
CXUS51 KBOX 011718
CLMORH


CLIMATE REPORT
NATIONAL WEATHER SERVICE TAUNTON MA
108 PM EDT TUE APR 1 2014

...................................

...THE WORCESTER MA CLIMATE SUMMARY FOR THE MONTH OF MARCH 2014...

CLIMATE NORMAL PERIOD 1981 TO 2010
CLIMATE RECORD PERIOD 1892 TO 2014

WEATHER         OBSERVED          NORMAL  DEPART
                 VALUE   DATE(S)  VALUE   FROM
                                          NORMAL
................................................
TEMPERATURE (F)
RECORD
 HIGH              84   03/31/1998
                        03/29/1946
                        03/29/1945
 LOW               -6   03/04/1950
                        03/09/1943
HIGHEST            52   03/11
LOWEST              2   03/04
AVG. MAXIMUM     37.0              42.9    -5.9
AVG. MINIMUM     19.6              26.5    -6.9
MEAN             28.3              34.7    -6.4
DAYS MAX >= 90      0               0.0     0.0
DAYS MAX <= 32      9               4.1     4.9
DAYS MIN <= 32     27              22.8     4.2
DAYS MIN <= 0       0               0.0     0.0

PRECIPITATION (INCHES)
RECORD
 MAXIMUM        11.13   1936
 MINIMUM         0.04   1915
TOTALS           5.42              4.21    1.21
DAYS >= .01        10              12.9    -2.9
DAYS >= .10         8               7.3     0.7
DAYS >= .50         3               2.7     0.3
DAYS >= 1.00        2               1.1     0.9
GREATEST
 24 HR. TOTAL    2.13   03/30 TO 03/30

SNOWFALL (INCHES)
RECORDS
 TOTAL           44.1   1993
 SNOW DEPTH        11   MM
TOTALS            3.7              11.4    -7.7
SINCE 7/1        84.6              61.3    23.3
SNOWDEPTH AVG.      0
GREATEST
 SNOW DEPTH         0   MM
 24 HR TOTAL      3.1   MM

DEGREE_DAYS
HEATING TOTAL    1128               939     189
 SINCE 7/1       6182              5776     406
COOLING TOTAL       0                 0       0
 SINCE 1/1          0                 0       0
.................................................

WIND (MPH)
AVERAGE WIND SPEED              11.2
RESULTANT WIND SPEED/DIRECTION   6/293
HIGHEST WIND SPEED/DIRECTION    39/310    DATE  03/26
HIGHEST GUST SPEED/DIRECTION    53/320    DATE  03/26

SKY COVER
POSSIBLE SUNSHINE (PERCENT)   MM
AVERAGE SKY COVER           0.50
NUMBER OF DAYS FAIR           15
NUMBER OF DAYS PC              8
NUMBER OF DAYS CLOUDY          8

AVERAGE RH (PERCENT)     58

WEATHER CONDITIONS. NUMBER OF DAYS WITH
THUNDERSTORM              0     MIXED PRECIP               0
HEAVY RAIN                4     RAIN                       5
LIGHT RAIN                9     FREEZING RAIN              2
LT FREEZING RAIN          3     HAIL                       0
HEAVY SNOW                1     SNOW                       1
LIGHT SNOW                4     SLEET                      0
FOG                       9     FOG W/VIS <= 1/4 MILE      4
HAZE                      0

-  INDICATES NEGATIVE NUMBERS.
R  INDICATES RECORD WAS SET OR TIED.
MM INDICATES DATA IS MISSING.
T  INDICATES TRACE AMOUNT.

$$
