000
CXUS51 KBOX 010800
CLMORH


CLIMATE REPORT
NATIONAL WEATHER SERVICE TAUNTON MA
350 AM EDT SAT AUG 1 2015

...................................

...THE WORCESTER MA CLIMATE SUMMARY FOR THE MONTH OF JULY 2015...

CLIMATE NORMAL PERIOD 1981 TO 2010
CLIMATE RECORD PERIOD 1892 TO 2015

WEATHER         OBSERVED          NORMAL  DEPART
                 VALUE   DATE(S)  VALUE   FROM
                                          NORMAL
................................................
TEMPERATURE (F)
RECORD
 HIGH             102   07/04/1911
 LOW               41   07/17/1946
                        07/12/1945
HIGHEST            88   07/29
                        07/20
LOWEST             56   07/17
AVG. MAXIMUM     80.5              78.9     1.6
AVG. MINIMUM     63.3              61.5     1.8
MEAN             71.9              70.2     1.7
DAYS MAX >= 90      0               0.9    -0.9
DAYS MAX <= 32      0               0.0     0.0
DAYS MIN <= 32      0               0.0     0.0
DAYS MIN <= 0       0               0.0     0.0

PRECIPITATION (INCHES)
RECORD
 MAXIMUM        11.41   1938
 MINIMUM         0.62   1929
TOTALS           2.86              4.23   -1.37
DAYS >= .01        10              10.9    -0.9
DAYS >= .10         6               6.8    -0.8
DAYS >= .50         1               2.6    -1.6
DAYS >= 1.00        1               1.2    -0.2
GREATEST
 24 HR. TOTAL    1.60   07/09 TO 07/10

SNOWFALL (INCHES)
RECORDS
 TOTAL             MM   MM
 SNOW DEPTH        MM   MM
TOTALS            0.0               0.0     0.0
SINCE 7/1         0.0               0.0     0.0
SNOWDEPTH AVG.      0
GREATEST
 SNOW DEPTH         0   MM
 24 HR TOTAL      0.0   07/31 TO 07/31

DEGREE_DAYS
HEATING TOTAL       1                14     -13
 SINCE 7/1          1                14     -13
COOLING TOTAL     223               175      48
 SINCE 1/1        373               281      92
.................................................

WIND (MPH)
AVERAGE WIND SPEED              8.5
RESULTANT WIND SPEED/DIRECTION   5/259
HIGHEST WIND SPEED/DIRECTION    26/180    DATE  07/07
HIGHEST GUST SPEED/DIRECTION    32/180    DATE  07/07

SKY COVER
POSSIBLE SUNSHINE (PERCENT)   MM
AVERAGE SKY COVER           0.30
NUMBER OF DAYS FAIR           19
NUMBER OF DAYS PC              9
NUMBER OF DAYS CLOUDY          3

AVERAGE RH (PERCENT)     67

WEATHER CONDITIONS. NUMBER OF DAYS WITH
THUNDERSTORM              0     MIXED PRECIP               0
HEAVY RAIN                5     RAIN                       5
LIGHT RAIN               13     FREEZING RAIN              0
LT FREEZING RAIN          0     HAIL                       0
HEAVY SNOW                0     SNOW                       0
LIGHT SNOW                0     SLEET                      0
FOG                      15     FOG W/VIS <= 1/4 MILE      2
HAZE                      5

-  INDICATES NEGATIVE NUMBERS.
R  INDICATES RECORD WAS SET OR TIED.
MM INDICATES DATA IS MISSING.
T  INDICATES TRACE AMOUNT.

$$
