000
CXUS54 KLZK 011758
CLMPBF


CLIMATE REPORT
NATIONAL WEATHER SERVICE LITTLE ROCK AR
1254 PM CDT MON MAY 1 2017

...................................

...THE PINE BLUFF CLIMATE SUMMARY FOR THE MONTH OF APRIL 2017...

CLIMATE NORMAL PERIOD 1981 TO 2010
CLIMATE RECORD PERIOD 1883 TO 2017

WEATHER         OBSERVED          NORMAL  DEPART  LAST YEAR`S
                 VALUE   DATE(S)  VALUE   FROM    VALUE  DATE(S)
                                          NORMAL
................................................................
TEMPERATURE (F)
RECORD
 HIGH              96   04/23/1905
 LOW               26   04/05/1996
HIGHEST            86   04/29        74      12       84  04/28
                        04/28
LOWEST             42   04/07        51      -9       42  04/02
AVG. MAXIMUM     77.0              74.1     2.9     74.0
AVG. MINIMUM     55.8              51.8     4.0     54.8
MEAN             66.4              62.9     3.5     64.4
DAYS MAX >= 90      0               0.3    -0.3        0
DAYS MAX <= 32      0               0.0     0.0        0
DAYS MIN <= 32      0               0.2    -0.2        0
DAYS MIN <= 0       0               0.0     0.0        0

PRECIPITATION (INCHES)
RECORD
 MAXIMUM        14.69   1966
 MINIMUM         0.54   1930
TOTALS           7.34              4.93    2.41     4.83
DAILY AVG.       0.24              0.16    0.08     0.16
DAYS >= .01        11               9.0     2.0        8
DAYS >= .10         8                                  6
DAYS >= .50         6                                  4
DAYS >= 1.00        3               1.7     1.3        1
GREATEST
 24 HR. TOTAL    1.77   04/26 TO 04/26

SNOWFALL (INCHES)
RECORDS
 TOTAL            2.5   1886
 24 HR TOTAL      2.5   04/05/1886 TO 04/05/1886
 SNOW DEPTH        MM   MM
TOTALS            0.0               0.0     0.0      0.0
 LIQUID EQUIV    0.00              0.00    0.00     0.00
SINCE 7/1         1.5               3.1    -1.6      3.6
 LIQUID 7/1      0.15              0.30   -0.15     0.36
SNOWDEPTH AVG.      0
DAYS >= TRACE       0               0.0     0.0        0
DAYS >= 1.0         0                                  0
GREATEST
 SNOW DEPTH         0   MM
 24 HR TOTAL      0.0

DEGREE_DAYS
HEATING TOTAL      52               129     -77       73
 SINCE 7/1       2010              2864    -854     2206
COOLING TOTAL     102                67      35       62
 SINCE 1/1        159                87      72       87

FREEZE DATES
RECORD
 EARLIEST     10/10/2000
 LATEST       04/25/1910
EARLIEST                        11/12
LATEST                          03/16
.................................................

WIND (MPH)
AVERAGE WIND SPEED              8.8
HIGHEST WIND SPEED/DIRECTION    33/170    DATE  04/30
HIGHEST GUST SPEED/DIRECTION    46/150    DATE  04/29

SKY COVER
POSSIBLE SUNSHINE (PERCENT)   MM
AVERAGE SKY COVER           0.30
NUMBER OF DAYS FAIR           16
NUMBER OF DAYS PC             10
NUMBER OF DAYS CLOUDY          4

AVERAGE RH (PERCENT)     73

WEATHER CONDITIONS. NUMBER OF DAYS WITH
THUNDERSTORM              0     MIXED PRECIP               0
HEAVY RAIN                6     RAIN                       7
LIGHT RAIN               16     FREEZING RAIN              0
LT FREEZING RAIN          0     HAIL                       0
HEAVY SNOW                0     SNOW                       0
LIGHT SNOW                0     SLEET                      0
FOG                      14     FOG W/VIS <= 1/4 MILE      1
HAZE                      1

-  INDICATES NEGATIVE NUMBERS.
R  INDICATES RECORD WAS SET OR TIED.
MM INDICATES DATA IS MISSING.
T  INDICATES TRACE AMOUNT.

&&

...Data for Pine Bluff for April 2017...

.Summary...
Above average temperatures continued into April as well, though the
departures from normal were less than the last few months. The
warmest period was at mid month and the coolest period was in the
third week of the month, when daily temperatures were up to ten
degrees below average at times.

In terms of rainfall, this was the wettest April in several years.
Up until the last week of the month, rainfall was below average.
Nearly half of April 2017`s rainfall occurred in the last five days
of the month.

No snow fell.

.Monthly Temperatures...
The average high temperature was the warmest since 2011. The average
low was the warmest since 2006. The average monthly temperature was
the warmest since 2011.

.Daily Temperatures...
Daily temperatures were above average on 21 days, average on one
day, and below average on eight days.

.Daily Record Temperatures Tied or Broken During the Month...
None.

.Monthly Rainfall...
It was the wettest April since 2015.

.Daily Rainfall Records Tied or Broken...
None.

.Monthly Snowfall...
No snow fell during the month.

.Daily Snowfall Records Tied or Broken...
None.

$$

57
