000
CXUS56 KPDT 011852
CLMPDT

CLIMATE REPORT
NATIONAL WEATHER SERVICE PENDLETON OREGON
1048 AM PST SUN FEB 01 2015

....................................

...THE PENDLETON OR CLIMATE SUMMARY FOR THE MONTH OF JANUARY 2015...

CLIMATE NORMAL PERIOD 1981 TO 2010
CLIMATE RECORD PERIOD 1934 TO 2015

WEATHER         OBSERVED          NORMAL  DEPART  LAST YEAR`S
                 VALUE   DATE(S)  VALUE   FROM    VALUE  DATE(S)
                                          NORMAL

................................................................

TEMPERATURE (F)
RECORD
 HIGH              71   1/24/1935
 LOW              -22   1/27/1957
HIGHEST            64   1/24       59         5            59   1/11
LOWEST              7   1/ 1       13        -6            17   1/ 6
AVG. MAXIMUM     42.2            41.8       0.4          41.2
AVG. MINUMUM     29.9            28.8       1.1          28.6
MEAN             36.0            35.3       0.7          34.9
DAYS MAX >= 90      0               0         0             0
DAYS MAX <= 32      2               7        -5            11
DAYS MIN <= 32     19              20        -1            24
DAYS MIN <= 0       0               0         0            24


PRECIPITATION (INCHES)
RECORD
 MAXIMUM          3.92   1970
 MINIMUM          0.21   1949
TOTALS            0.72            1.43     -0.71          0.73
DAILY AVG.        0.02            0.05     -0.03          0.02
DAYS >=  0.01        7              12        -5             8
DAYS >=  0.10        2               5        -3             3
DAYS >=  0.50        0               0         0             0
DAYS >=  1.00        0               0         0             0
GREATEST
 24 HR. TOTAL     0.35   1/17



SNOWFALL (INCHES)
RECORD
 MAXIMUM          41.6   1950
 MINIMUM           0.0   2010
TOTALS             0.4             3.7      -3.3             T
SINCE 7/1          7.2            11.2      -4.0           6.5
DAYS >=  TRACE       3               3         0             2
DAYS >=  1.0         0               1        -1             0
GREATEST
 24 HR. TOTAL      0.4   1/12


DEGREE DAYS
HEATING TOTAL      890             921       -31           925
 SINCE 7/1        2911            3151      -240          3383
COOLING TOTAL        0               0         0             0
 SINCE 1/1           0               0         0             0

.............................................................

WIND (MPH)
AVERAGE WIND SPEED                     4.9
RESULTANT WIND SPEED/DIRECTION         3/151
HIGHEST WIND SPEED/DIRECTION          29/290      DATE          01/18
HIGHEST GUST SPEED/DIRECTION          36/270      DATE          01/16


WEATHER CONDITIONS. NUMBER OF DAYS WITH
THUNDERSTORM               0    MIXED PRECIP                       0
HEAVY RAIN                 0    RAIN                               1
LIGHT RAIN                10    FREEZING RAIN                      0
LT FREEZING RAIN           1    HAIL                               0
HEAVY SNOW                 0    SNOW                               0
LIGHT SNOW                 3    SLEET                              1
FOG                       23    FOG W/VIS <=1/4 MILE              16
HAZE                       6

-  INDICATES NEGATIVE NUMBERS.
R  INDICATES RECORD WAS SET OR TIED.
MM INDICATES DATA IS MISSING.
T  INDICATES TRACE AMOUNT.

$$
