000
CXUS56 KPQR 011715
CLMPDX


CLIMATE REPORT
NATIONAL WEATHER SERVICE PORTLAND OREGON
1015 AM PDT SAT NOV 1 2014

...................................

...THE PORTLAND OR CLIMATE SUMMARY FOR THE MONTH OF OCTOBER 2014...

CLIMATE NORMAL PERIOD 1981 TO 2010
CLIMATE RECORD PERIOD 1940 TO 2014

WEATHER         OBSERVED          NORMAL  DEPART  LAST YEAR`S
                 VALUE   DATE(S)  VALUE   FROM    VALUE  DATE(S)
                                          NORMAL
................................................................
TEMPERATURE (F)
HIGHEST            85                                 74  10/06
LOWEST             47                                 32  10/29
AVG. MAXIMUM     68.0              63.8     4.2     63.4
AVG. MINIMUM     52.1              46.0     6.1     43.6
MEAN             60.1              54.9     5.2     53.5
DAYS MAX >= 90      0               0.1    -0.1        0
DAYS MAX <= 32      0               0.0     0.0        0
DAYS MIN <= 32      0               0.2    -0.2        1
DAYS MIN <= 0       0               0.0     0.0        0

PRECIPITATION (INCHES)
RECORD
 MAXIMUM         8.41   1994
 MINIMUM         0.19   1988
TOTALS           5.94              3.00    2.94     1.15
DAYS >= .01        17              12.5     4.5        9
DAYS >= .10        14               7.4     6.6        4
DAYS >= .50         3               1.7     1.3        0
DAYS >= 1.00        1               0.3     0.7        0
GREATEST
 24 HR. TOTAL    2.13   10/22 TO 10/23

DEGREE_DAYS
HEATING TOTAL     163               315    -152      349
 SINCE 7/1        181               418    -237      439
COOLING TOTAL      17                 2      15        0
 SINCE 1/1        653               424     229      539
.................................................................

WIND (MPH)
AVERAGE WIND SPEED              6.6
RESULTANT WIND SPEED/DIRECTION   3/141
HIGHEST WIND SPEED/DIRECTION    37/200    DATE  10/25
HIGHEST GUST SPEED/DIRECTION    49/190    DATE  10/25

SKY COVER
POSSIBLE SUNSHINE (PERCENT)   MM
AVERAGE SKY COVER           0.70
NUMBER OF DAYS FAIR            6
NUMBER OF DAYS PC              9
NUMBER OF DAYS CLOUDY         16

AVERAGE RH (PERCENT)     79

WEATHER CONDITIONS. NUMBER OF DAYS WITH
THUNDERSTORM              0     MIXED PRECIP               0
HEAVY RAIN                2     RAIN                      10
LIGHT RAIN               20     FREEZING RAIN              0
LT FREEZING RAIN          0     HAIL                       0
HEAVY SNOW                0     SNOW                       0
LIGHT SNOW                0     SLEET                      0
FOG                      24     FOG W/VIS <= 1/4 MILE      2
HAZE                      2

-  INDICATES NEGATIVE NUMBERS.
R  INDICATES RECORD WAS SET OR TIED.
MM INDICATES DATA IS MISSING.
T  INDICATES TRACE AMOUNT.

$$
