000
CXUS55 KPIH 011334
CLMPIH

CLIMATE REPORT
NATIONAL WEATHER SERVICE POCATELLO ID
730 AM MDT THU SEP 1 2016

...................................

...THE POCATELLO CLIMATE SUMMARY FOR THE MONTH OF AUGUST 2016...

CLIMATE NORMAL PERIOD 1981 TO 2010
CLIMATE RECORD PERIOD 1939 TO 2016

WEATHER         OBSERVED          NORMAL  DEPART  LAST YEAR`S
                 VALUE   DATE(S)  VALUE   FROM    VALUE  DATE(S)
                                          NORMAL
................................................................
TEMPERATURE (F)
RECORD
 HIGH             104   08/08/1990
                        08/02/1969
 LOW               30   08/25/1992
HIGHEST            97   08/30       104      -7       98  08/02
LOWEST             40   08/26        30      10       36  08/23
                        08/20
AVG. MAXIMUM     87.6              87.1     0.5     87.6
AVG. MINIMUM     47.8              50.7    -2.9     51.3
MEAN             67.7              68.9    -1.2     69.5
DAYS MAX >= 90     13              11.9     1.1       13
DAYS MAX <= 32      0               0.0     0.0        0
DAYS MIN <= 32      0               0.1    -0.1        0
DAYS MIN <= 0       0               0.0     0.0        0

PRECIPITATION (INCHES)
RECORD
 MAXIMUM         3.98   1968
 MINIMUM         0.00   2002
                        1998
                        1958
TOTALS           0.24              0.61   -0.37     0.63
DAILY AVG.       0.01              0.02   -0.01     0.02
DAYS >= .01         1               4.5    -3.5        6
DAYS >= .10         1               1.9    -0.9        3
DAYS >= .50         0               0.4    -0.4        0
DAYS >= 1.00        0               0.0     0.0        0
GREATEST
 24 HR. TOTAL    0.24   08/05 TO 08/06              0.37

SNOWFALL (INCHES)
RECORDS
 TOTAL            0.0   2010
                        2009
                        2008
TOTALS            0.0               0.0     0.0      0.0
SINCE 7/1         0.0               0.0     0.0      0.0
SNOWDEPTH AVG.      0                MM      MM        0
DAYS >= 1.0         0               0.0     0.0        0
GREATEST
 SNOW DEPTH         0   MM                             0  MM
 24 HR TOTAL      0.0   08/31 TO 08/31               0.0

DEGREE_DAYS
HEATING TOTAL      21                26      -5       16
 SINCE 7/1         38                46      -8       39
COOLING TOTAL     113               147     -34      161
 SINCE 1/1        399               370      29      461
.................................................................

WIND (MPH)
AVERAGE WIND SPEED              8.7
HIGHEST WIND SPEED/DIRECTION    38/250    DATE  08/06
HIGHEST GUST SPEED/DIRECTION    49/240    DATE  08/06

SKY COVER
POSSIBLE SUNSHINE (PERCENT)   MM
AVERAGE SKY COVER           0.00
NUMBER OF DAYS FAIR           31
NUMBER OF DAYS PC              0
NUMBER OF DAYS CLOUDY          0

AVERAGE RH (PERCENT)     38

WEATHER CONDITIONS. NUMBER OF DAYS WITH
THUNDERSTORM              2     MIXED PRECIP               0
HEAVY RAIN                0     RAIN                       0
LIGHT RAIN                2     FREEZING RAIN              0
LT FREEZING RAIN          0     HAIL                       0
HEAVY SNOW                0     SNOW                       0
LIGHT SNOW                0     SLEET                      0
FOG                       0     FOG W/VIS <= 1/4 MILE      0
HAZE                      3

-  INDICATES NEGATIVE NUMBERS.
R  INDICATES RECORD WAS SET OR TIED.
MM INDICATES DATA IS MISSING.
T  INDICATES TRACE AMOUNT.

&&

6TH: PRECIPITATION OF 0.24 TIES PREVIOUS RECORD SET IN 2014.
12TH: LOW OF 42 TIES PREVIOUS RECORD SET IN 2008.

$$
