000
CXUS51 KRLX 041135
CLMPKB


CLIMATE REPORT
NATIONAL WEATHER SERVICE CHARLESTON WV
734 AM EDT MON SEP 4 2017

...................................

...THE PARKERSBURG WV CLIMATE SUMMARY FOR THE MONTH OF AUGUST 2017...

CLIMATE NORMAL PERIOD 1981 TO 2010
CLIMATE RECORD PERIOD 1889 TO 2017

WEATHER         OBSERVED          NORMAL  DEPART  LAST YEAR`S
                 VALUE   DATE(S)  VALUE   FROM    VALUE  DATE(S)
                                          NORMAL
................................................................
TEMPERATURE (F)
RECORD
 HIGH             106   08/06/1918
 LOW               40   08/29/1986
HIGHEST            89   08/20                MM       96  08/27
                        08/17
                        08/16
LOWEST             51   08/26                MM       55  08/23
                        08/25
AVG. MAXIMUM     81.8              84.1    -2.3     89.0
AVG. MINIMUM     60.1              62.6    -2.5     67.2
MEAN             71.0              73.3    -2.3     78.1
DAYS MAX >= 90      0               5.0    -5.0       16
DAYS MAX <= 32      0               0.0     0.0        0
DAYS MIN <= 32      0               0.0     0.0        0
DAYS MIN <= 0       0               0.0     0.0        0

PRECIPITATION (INCHES)
RECORD
 MAXIMUM        10.42   1935
 MINIMUM         0.49   2002
TOTALS           4.14              3.61    0.53     1.33
DAILY AVG.       0.13              0.12    0.01     0.04
DAYS >= .01         9               9.3    -0.3        9
DAYS >= .10         8               6.2     1.8        5
DAYS >= .50         4               2.1     1.9
DAYS >= 1.00        1               1.1    -0.1        0
GREATEST
 24 HR. TOTAL    1.34   08/17 TO 08/17           08/15 TO 08/16
                                                          08/16 TO 08/16
                                                          08/16 TO 08/16
 STORM TOTAL       MM                                 MM
 (MM/DD(HH))            MM                    08/16(00) TO 08/16(00)
                                                 08/16(00) TO 08/16(00)6
                                                 08/16(00) TO 08/16(00)6

SNOWFALL (INCHES)
TOTALS             MM

DEGREE_DAYS
HEATING TOTAL       2                 4      -2        0
 SINCE 7/1          2                 5      -3        0
COOLING TOTAL     194               263     -69      412
 SINCE 1/1        802               830     -28     1078
.......................................................

WIND (MPH)
AVERAGE WIND SPEED              4.0
HIGHEST WIND SPEED/DIRECTION    29/290    DATE  08/17
HIGHEST GUST SPEED/DIRECTION    40/280    DATE  08/17

SKY COVER
AVERAGE SKY COVER           0.30

AVERAGE RH (PERCENT)     75

WEATHER CONDITIONS. NUMBER OF DAYS WITH
THUNDERSTORM              0     MIXED PRECIP               0
HEAVY RAIN                6     RAIN                       6
LIGHT RAIN               11     FREEZING RAIN              0
LT FREEZING RAIN          0     HAIL                       0
HEAVY SNOW                0     SNOW                       0
LIGHT SNOW                0     SLEET                      0
FOG                      28     FOG W/VIS <= 1/4 MILE     10
HAZE                      2

-  INDICATES NEGATIVE NUMBERS.
R  INDICATES RECORD WAS SET OR TIED.
MM INDICATES DATA IS MISSING.
T  INDICATES TRACE AMOUNT.

$$
