000
CXUS51 KRLX 211600
CLMPKB


CLIMATE REPORT
NATIONAL WEATHER SERVICE CHARLESTON WV
1159 AM EDT WED SEP 21 2016

...................................

...THE PARKERSBURG WV CLIMATE SUMMARY FOR THE SEASON, FROM
6/1/2016 TO 8/31/2016...

CLIMATE NORMAL PERIOD 1981 TO 2010
CLIMATE RECORD PERIOD 1889 TO 2016

WEATHER         OBSERVED          NORMAL  DEPART  LAST YEAR`S
                 VALUE   DATE(S)  VALUE   FROM    VALUE  DATE(S)
                                          NORMAL
................................................................
TEMPERATURE (F)
HIGHEST            96   08/27        MM      MM       MM
LOWEST             46   06/09        MM      MM       MM
AVG. MAXIMUM     86.1              83.6     2.5       MM
AVG. MINIMUM     64.7              62.1     2.6       MM
MEAN             75.4              72.9     2.5       MM
DAYS MAX >= 90     24              12.6    11.4       MM
DAYS MAX <= 32      0               0.0     0.0       MM
DAYS MIN <= 32      0               0.0     0.0       MM
DAYS MIN <= 0       0               0.0     0.0       MM

PRECIPITATION (INCHES)
TOTALS           9.36             11.84   -2.48       MM
DAILY AVG.       0.10              0.13   -0.03       MM
DAYS >= .01        34              31.6     2.4       MM
DAYS >= .10        15              20.9    -5.9       MM
DAYS >= .50         6               7.7    -1.7       MM
DAYS >= 1.00        2               3.4    -1.4       MM
GREATEST
 24 HR. TOTAL    2.79   MM                            MM

DEGREE_DAYS
HEATING TOTAL       7                24     -17       MM
 SINCE 7/1          0                 5      -5       MM
COOLING TOTAL     990               746     244       MM
 SINCE 1/1       1078               830     248       MM
.................................................................

WIND (MPH)
AVERAGE WIND SPEED              4.0
HIGHEST WIND SPEED/DIRECTION    32/310    DATE  07/15
HIGHEST GUST SPEED/DIRECTION    46/290    DATE  08/16

SKY COVER
POSSIBLE SUNSHINE (PERCENT)   MM
AVERAGE SKY COVER           0.40
NUMBER OF DAYS FAIR           51
NUMBER OF DAYS PC             38
NUMBER OF DAYS CLOUDY          3

AVERAGE RH (PERCENT)     73

WEATHER CONDITIONS. NUMBER OF DAYS WITH
THUNDERSTORM              0     MIXED PRECIP               0
HEAVY RAIN               11     RAIN                      14
LIGHT RAIN               42     FREEZING RAIN              0
LT FREEZING RAIN          0     HAIL                       0
HEAVY SNOW                0     SNOW                       0
LIGHT SNOW                0     SLEET                      0
FOG                      67     FOG W/VIS <= 1/4 MILE     19
HAZE                     22

-  INDICATES NEGATIVE NUMBERS.
R  INDICATES RECORD WAS SET OR TIED.
MM INDICATES DATA IS MISSING.
T  INDICATES TRACE AMOUNT.

$$
