000
CXUS46 KLOX 011641
CLMPMD


CLIMATE REPORT
NATIONAL WEATHER SERVICE LOS ANGELES/OXNARD CA
939 AM PDT THU JUN 1 2017

...................................

...THE PALMDALE AIRPORT CA CLIMATE SUMMARY FOR THE MONTH OF MAY 2017...

CLIMATE NORMAL PERIOD 1981 TO 2010
CLIMATE RECORD PERIOD 1931 TO 2017

WEATHER         OBSERVED          NORMAL  DEPART  LAST YEAR`S
                 VALUE   DATE(S)  VALUE   FROM    VALUE
                                          NORMAL
.............................................................
TEMPERATURE (F)
HIGHEST            99   05/23
LOWEST             39   05/07
AVG. MAXIMUM     83.1              82.9     0.2
AVG. MINIMUM     53.3              52.2     1.1
MEAN             68.2              67.5     0.7
DAYS MAX >= 90     12
DAYS MAX <= 32      0
DAYS MIN <= 32      0
DAYS MIN <= 0       0

PRECIPITATION (INCHES)
TOTALS           0.02              0.25   -0.23
DAILY AVG.       0.00
DAYS >= .01         1
DAYS >= .10         0
DAYS >= .50         0
DAYS >= 1.00        0
GREATEST
 24 HR. TOTAL    0.02   05/07 TO 05/07
 STORM TOTAL       MM
 (MM/DD(HH))

DEGREE_DAYS
HEATING TOTAL      62                68      -6       61
 SINCE 7/1       2324              2918    -594     2605
COOLING TOTAL     167               147      20      124
 SINCE 1/1        181               170      11      144
..............................................................

WIND (MPH)
AVERAGE WIND SPEED              12.4
HIGHEST WIND SPEED/DIRECTION    41/280    DATE  05/17
HIGHEST GUST SPEED/DIRECTION    48/300    DATE  05/17

SKY COVER
POSSIBLE SUNSHINE (PERCENT)   MM
AVERAGE SKY COVER           0.00
NUMBER OF DAYS FAIR           31
NUMBER OF DAYS PC              0
NUMBER OF DAYS CLOUDY          0

AVERAGE RH (PERCENT)     40

WEATHER CONDITIONS. NUMBER OF DAYS WITH
THUNDERSTORM              0     MIXED PRECIP               0
HEAVY RAIN                0     RAIN                       0
LIGHT RAIN                2     FREEZING RAIN              0
LT FREEZING RAIN          0     HAIL                       0
HEAVY SNOW                0     SNOW                       0
LIGHT SNOW                0     SLEET                      0
FOG                       0     FOG W/VIS <= 1/4 MILE      0
HAZE                      5

-  INDICATES NEGATIVE NUMBERS.
R  INDICATES RECORD WAS SET OR TIED.
MM INDICATES DATA IS MISSING.
T  INDICATES TRACE AMOUNT.

$$
