000
CXUS54 KMOB 010740
CLMPNS


CLIMATE REPORT
NATIONAL WEATHER SERVICE MOBILE AL
231 AM CDT MON AUG 1 2016

...................................

...THE PENSACOLA CLIMATE SUMMARY FOR THE MONTH OF JULY 2016...

CLIMATE NORMAL PERIOD 1981 TO 2010
CLIMATE RECORD PERIOD 1879 TO 2016

WEATHER         OBSERVED          NORMAL  DEPART  LAST YEAR`S
                 VALUE   DATE(S)  VALUE   FROM    VALUE  DATE(S)
                                          NORMAL
................................................................
TEMPERATURE (F)
RECORD
 HIGH             106   07/14/1980
 LOW               61   07/16/1967
                        07/15/1967
HIGHEST            96   07/20                         98  07/29
                                                          07/12
LOWEST             72   07/15                         69  07/05
AVG. MAXIMUM     91.4              89.9     1.5     93.3
AVG. MINIMUM     77.5              74.5     3.0     75.7
MEAN             84.5              82.2     2.3     84.5
DAYS MAX >= 90     25              15.6     9.4       27
DAYS MAX <= 32      0               0.0     0.0        0
DAYS MIN <= 32      0               0.0     0.0        0
DAYS MIN <= 0       0               0.0     0.0        0

PRECIPITATION (INCHES)

TOTALS           6.83              7.41   -0.58     7.00
DAILY AVG.       0.22              0.24   -0.02     0.23
DAYS >= .01        16              14.0     2.0       13
DAYS >= .10        11              10.2     0.8       11
DAYS >= .50         5               4.9     0.1        4
DAYS >= 1.00        3               2.2     0.8        4
GREATEST
 24 HR. TOTAL    1.97   06/30 TO 07/01

DEGREE_DAYS
COOLING TOTAL     610               533      77      611
 SINCE 1/1       1727              1446     281     1747
.................................................................

WIND (MPH)
AVERAGE WIND SPEED              6.5
HIGHEST WIND SPEED/DIRECTION    25/210    DATE  07/26
HIGHEST GUST SPEED/DIRECTION    33/290    DATE  07/29

SKY COVER
POSSIBLE SUNSHINE (PERCENT)   MM
AVERAGE SKY COVER           0.20
NUMBER OF DAYS FAIR           27
NUMBER OF DAYS PC              4
NUMBER OF DAYS CLOUDY          0

AVERAGE RH (PERCENT)     74

WEATHER CONDITIONS. NUMBER OF DAYS WITH
THUNDERSTORM             20     MIXED PRECIP               0
HEAVY RAIN               11     RAIN                      10
LIGHT RAIN               16     FREEZING RAIN              0
LT FREEZING RAIN          0     HAIL                       0
HEAVY SNOW                0     SNOW                       0
LIGHT SNOW                0     SLEET                      0
FOG                      16     FOG W/VIS <= 1/4 MILE      0
HAZE                      6

-  INDICATES NEGATIVE NUMBERS.
R  INDICATES RECORD WAS SET OR TIED.
MM INDICATES DATA IS MISSING.
T  INDICATES TRACE AMOUNT.

$$
