000
CXUS56 KPDT 011602
CLMPSC

CLIMATE REPORT
NATIONAL WEATHER SERVICE PENDLETON OREGON
846 AM PDT WED OCT 01 2014

....................................

...THE PASCO WA CLIMATE SUMMARY FOR THE MONTH OF SEPTEMBER 2014...

CLIMATE NORMAL PERIOD 1981 TO 2010
CLIMATE RECORD PERIOD 1942 TO 2014

WEATHER         OBSERVED          NORMAL  DEPART  LAST YEAR`S
                 VALUE   DATE(S)  VALUE   FROM    VALUE  DATE(S)
                                          NORMAL

................................................................

TEMPERATURE (F)
RECORD
 HIGH             101   9/ 1/1998
 LOW               26   9/24/2000
HIGHEST            91   9/ 7       40        51            96   9/13
LOWEST             37   9/12       14        23            40   9/19
AVG. MAXIMUM     82.0            80.3       1.7          80.6
AVG. MINUMUM     48.8            46.6       2.2          53.3
MEAN             65.4            63.5       1.9          66.9
DAYS MAX >= 90      2               2         0            11
DAYS MAX <= 32      0              17       -17             0
DAYS MIN <= 32      0              17       -17             0
DAYS MIN <= 0       0              17       -17             0


PRECIPITATION (INCHES)
RECORD
 MAXIMUM          1.07   2010
 MINIMUM             T   2012
TOTALS            0.05            0.40     -0.35          0.99
DAILY AVG.        0.00            0.01     -0.01          0.03
DAYS >=  0.01        3               1         2            11
DAYS >=  0.10        0               0         0             3
DAYS >=  0.50        0               0         0             0
DAYS >=  1.00        0               0         0             0
GREATEST
 24 HR. TOTAL     0.02   9/29



SNOWFALL (INCHES)
RECORD
 MAXIMUM           0.0   2012
 MINIMUM           0.0   2012
TOTALS             0.0             0.0       0.0           0.0
SINCE 7/1          0.0             0.0       0.0           0.0
DAYS >=  TRACE                       0         0
DAYS >=  1.0         0               0         0             0
GREATEST
 24 HR. TOTAL      0.0   9/30


DEGREE DAYS
HEATING TOTAL       42              98       -56            68
 SINCE 7/1          42             105       -63            68
COOLING TOTAL       62              49        13           133
 SINCE 1/1         980             704       276           995

.............................................................

WIND (MPH)
AVERAGE WIND SPEED                     6.0
RESULTANT WIND SPEED/DIRECTION         4/262
HIGHEST WIND SPEED/DIRECTION          25/210      DATE          09/18
HIGHEST GUST SPEED/DIRECTION          31/210      DATE          09/18


WEATHER CONDITIONS. NUMBER OF DAYS WITH
THUNDERSTORM               0    MIXED PRECIP                       0
HEAVY RAIN                 0    RAIN                               0
LIGHT RAIN                 6    FREEZING RAIN                      0
LT FREEZING RAIN           0    HAIL                               0
HEAVY SNOW                 0    SNOW                               0
LIGHT SNOW                 0    SLEET                              0
FOG                        0    FOG W/VIS <=1/4 MILE               0
HAZE                       3

-  INDICATES NEGATIVE NUMBERS.
R  INDICATES RECORD WAS SET OR TIED.
MM INDICATES DATA IS MISSING.
T  INDICATES TRACE AMOUNT.

$$
