000
CXUS51 KALY 020215
CLMPSF


CLIMATE REPORT
NATIONAL WEATHER SERVICE ALBANY NY
914 PM EST FRI DEC 1 2017

...................................

...THE PITTSFIELD MA CLIMATE SUMMARY FOR THE MONTH OF NOVEMBER 2017...

CLIMATE NORMAL PERIOD 1981 TO 2010
CLIMATE RECORD PERIOD 9999 TO 9999

WEATHER         OBSERVED          NORMAL  DEPART  LAST YEAR`S
                 VALUE   DATE(S)  VALUE   FROM    VALUE  DATE(S)
                                          NORMAL
................................................................
TEMPERATURE (F)
HIGHEST            66   11/02                         69  11/02
LOWEST             15   11/11                         21  11/23
AVG. MAXIMUM     47.6              46.8     0.8     48.2
AVG. MINIMUM     28.1              28.9    -0.8     30.3
MEAN             37.8              37.9    -0.1     39.2
DAYS MAX >= 90      0               0.0     0.0        0
DAYS MAX <= 32      0               2.2    -2.2        3
DAYS MIN <= 32     22              20.2     1.8       20
DAYS MIN <= 0       0               0.0     0.0        0

PRECIPITATION (INCHES)
TOTALS           1.41              3.93   -2.52     2.85
DAILY AVG.       0.05              0.13   -0.08     0.09
DAYS >= .01        13                                 10
DAYS >= .10         5                                  7
DAYS >= .50         0                                  3
DAYS >= 1.00        0                                  0
GREATEST
 24 HR. TOTAL    0.32   11/16 TO 11/16

DEGREE_DAYS
HEATING TOTAL     780               815     -35      765
 SINCE 7/1       1325              1651    -326     1407
COOLING TOTAL       0                 0       0        0
 SINCE 1/1        351               290      61      432

FREEZE DATES
EARLIEST                        10/04
LATEST                          05/07
.................................................................

WIND (MPH)
AVERAGE WIND SPEED              7.7
HIGHEST WIND SPEED/DIRECTION    36/270    DATE  11/19
HIGHEST GUST SPEED/DIRECTION    50/280    DATE  11/19

SKY COVER
AVERAGE SKY COVER           0.50

AVERAGE RH (PERCENT)     66

WEATHER CONDITIONS. NUMBER OF DAYS WITH
THUNDERSTORM              0     MIXED PRECIP               0
HEAVY RAIN                1     RAIN                       2
LIGHT RAIN               13     FREEZING RAIN              0
LT FREEZING RAIN          0     HAIL                       0
HEAVY SNOW                0     SNOW                       0
LIGHT SNOW                6     SLEET                      0
FOG                      13     FOG W/VIS <= 1/4 MILE      2
HAZE                      4

-  INDICATES NEGATIVE NUMBERS.
R  INDICATES RECORD WAS SET OR TIED.
MM INDICATES DATA IS MISSING.
T  INDICATES TRACE AMOUNT.

$$
