000
CXUS56 KSGX 012015
CLMPSP


CLIMATE REPORT
NATIONAL WEATHER SERVICE SAN DIEGO, CA
1214 PM PST FRI DEC 1 2017

...................................

...THE PALM SPRINGS INTL AIRPORT CA CLIMATE SUMMARY FOR THE MONTH OF NOVEMBER 2017...

CLIMATE NORMAL PERIOD 1981 TO 2010
CLIMATE RECORD PERIOD 1893 TO 2017

WEATHER         OBSERVED          NORMAL  DEPART  LAST YEAR`S
                 VALUE   DATE(S)  VALUE   FROM    VALUE  DATE(S)
                                          NORMAL
................................................................
TEMPERATURE (F)
RECORD
 HIGH             100   11/07/1991
 LOW               23   11/17/1964
HIGHEST            96   11/22        78      18       93  11/05
LOWEST             51   11/19        50       1       43  11/30
                                                          11/26
AVG. MAXIMUM     83.4              77.0     6.4     80.3
AVG. MINIMUM     58.4              51.9     6.5     55.7
MEAN             70.9              64.4     6.5     68.0
DAYS MAX >= 90      3               1.3     1.7        6
DAYS MAX <= 32      0               0.0     0.0        0
DAYS MAX >= 100     0                                  0
DAYS MAX >= 110     0                                  0
DAYS MIN <= 32      0               0.0     0.0        0

PRECIPITATION (INCHES)
RECORD
 MAXIMUM         6.35   1965
 MINIMUM         0.00   2006
                        2005
TOTALS              T              0.53   -0.53     0.20
DAILY AVG.          T              0.02   -0.02     0.01
DAYS >= .01         0                MM      MM        2
DAYS >= .10         0                MM      MM        1
DAYS >= .50         0                MM      MM        0
DAYS >= 1.00        0                MM      MM        0
DAYS >= 1.50        0                                  0
DAYS >= 2.00        0                                  0
GREATEST
 24 HR. TOTAL       T   11/17 TO 11/17           11/21 TO 11/21
                                                          11/30 TO 11/30
                                                          11/30 TO 11/30
 STORM TOTAL       MM                                 MM
 (MM/DD(HH))            MM                    11/21(00) TO 11/21(00)
                                                 11/30(00) TO 11/30(00)0
                                                 11/30(00) TO 11/30(00)0

DEGREE_DAYS
HEATING TOTAL       0                92     -92       61
 SINCE 7/1          0                96     -96       61
COOLING TOTAL     184                75     109      160
 SINCE 1/1       5191              4137    1054     4808

FREEZE DATES
RECORD
 EARLIEST     10/24/1951
 LATEST       03/13/1956
EARLIEST                        12/16
LATEST                          01/29
.................................................

WIND (MPH)
AVERAGE WIND SPEED              3.9
RESULTANT WIND SPEED/DIRECTION   1/335
HIGHEST WIND SPEED/DIRECTION    31/320    DATE  11/27
HIGHEST GUST SPEED/DIRECTION    46/320    DATE  11/27

SKY COVER
POSSIBLE SUNSHINE (PERCENT)   MM
AVERAGE SKY COVER           0.00
NUMBER OF DAYS FAIR           29
NUMBER OF DAYS PC              1
NUMBER OF DAYS CLOUDY          0

AVERAGE RH (PERCENT)     36

WEATHER CONDITIONS. NUMBER OF DAYS WITH
THUNDERSTORM              0     MIXED PRECIP               0
HEAVY RAIN                0     RAIN                       0
LIGHT RAIN                0     FREEZING RAIN              0
LT FREEZING RAIN          0     HAIL                       0
HEAVY SNOW                0     SNOW                       0
LIGHT SNOW                0     SLEET                      0
FOG                       0     FOG W/VIS <= 1/4 MILE      0
HAZE                      0

-  INDICATES NEGATIVE NUMBERS.
R  INDICATES RECORD WAS SET OR TIED.
MM INDICATES DATA IS MISSING.
T  INDICATES TRACE AMOUNT.

$$
