000
CXUS56 KSGX 021421
CLMPSP


CLIMATE REPORT
NATIONAL WEATHER SERVICE SAN DIEGO, CA
721 AM PDT SUN AUG 2 2015

...................................

...THE PALM SPRINGS INTL AIRPORT CA CLIMATE SUMMARY FOR THE MONTH OF JULY 2015...

CLIMATE NORMAL PERIOD 1981 TO 2010
CLIMATE RECORD PERIOD 1893 TO 2015

WEATHER         OBSERVED          NORMAL  DEPART  LAST YEAR`S
                 VALUE   DATE(S)  VALUE   FROM    VALUE  DATE(S)
                                          NORMAL
................................................................
TEMPERATURE (F)
RECORD
 HIGH             123   07/29/1995
                        07/28/1995
                        07/10/1979
 LOW               54   07/02/1979
                        07/03/1935
HIGHEST           111   07/04       108       3      116  07/24
                        07/03                             07/23
LOWEST             70   07/11        76      -6       74  07/18
AVG. MAXIMUM    104.2             107.3    -3.1    107.2
AVG. MINIMUM     77.4              77.3     0.1     81.7
MEAN             90.8              92.3    -1.5     94.4
DAYS MAX >= 90     31              31.0     0.0       31
DAYS MAX <= 32      0               0.0     0.0        0
DAYS MAX >= 100    24                                 29
DAYS MAX >= 110     3                                  9
DAYS MIN <= 32      0               0.0     0.0        0

PRECIPITATION (INCHES)
RECORD
 MAXIMUM         2.80   1948
 MINIMUM         0.00   2009
                        2005
                        2004
TOTALS           0.42              0.25    0.17     0.27
DAILY AVG.       0.01              0.01    0.00     0.01
DAYS >= .01         2                MM      MM        1
DAYS >= .10         1                MM      MM        1
DAYS >= .50         0                MM      MM        0
DAYS >= 1.00        0                MM      MM        0
DAYS >= 1.50        0                                  0
DAYS >= 2.00        0                                  0
GREATEST
 24 HR. TOTAL    0.33   07/18 TO 07/18           07/25 TO 07/25
                                                          07/24 TO 07/25
                                                          07/25 TO 07/25
 STORM TOTAL       MM                                 MM
 (MM/DD(HH))            MM                    07/25(00) TO 07/25(00)
                                                 07/25(00) TO 07/25(00)5
                                                 07/25(00) TO 07/25(00)5

DEGREE_DAYS
HEATING TOTAL       0                 0       0        0
 SINCE 7/1          0                 0       0        0
COOLING TOTAL     804               846     -42      919
 SINCE 1/1       2655              2252     403     2772

FREEZE DATES
RECORD
 EARLIEST     10/24/1951
 LATEST       03/13/1956
EARLIEST                        12/16
LATEST                          01/29
......................................................

WIND (MPH)
AVERAGE WIND SPEED              8.3
RESULTANT WIND SPEED/DIRECTION   5/328
HIGHEST WIND SPEED/DIRECTION    35/330    DATE  07/08
HIGHEST GUST SPEED/DIRECTION    42/330    DATE  07/08

SKY COVER
POSSIBLE SUNSHINE (PERCENT)   MM
AVERAGE SKY COVER           0.10
NUMBER OF DAYS FAIR           29
NUMBER OF DAYS PC              2
NUMBER OF DAYS CLOUDY          0

AVERAGE RH (PERCENT)     35

WEATHER CONDITIONS. NUMBER OF DAYS WITH
THUNDERSTORM              0     MIXED PRECIP               0
HEAVY RAIN                1     RAIN                       1
LIGHT RAIN                4     FREEZING RAIN              0
LT FREEZING RAIN          0     HAIL                       0
HEAVY SNOW                0     SNOW                       0
LIGHT SNOW                0     SLEET                      0
FOG                       1     FOG W/VIS <= 1/4 MILE      0
HAZE                      1

-  INDICATES NEGATIVE NUMBERS.
R  INDICATES RECORD WAS SET OR TIED.
MM INDICATES DATA IS MISSING.
T  INDICATES TRACE AMOUNT.

$$
