000
CXUS55 KPUB 011550
CLMPUB


CLIMATE REPORT
NATIONAL WEATHER SERVICE PUEBLO
947 AM MDT TUE SEP 1 2015

...................................

...THE PUEBLO CO CLIMATE SUMMARY FOR THE MONTH OF AUGUST 2015...

CLIMATE NORMAL PERIOD 1981 TO 2010
CLIMATE RECORD PERIOD 1888 TO 2015

WEATHER         OBSERVED          NORMAL  DEPART  LAST YEAR`S
                 VALUE   DATE(S)  VALUE   FROM    VALUE  DATE(S)
                                          NORMAL
................................................................
TEMPERATURE (F)
RECORD
 HIGH             105   08/02/2008
 LOW               40   08/24/1968
HIGHEST           103   08/06        91      12       96  08/18
                                                          08/17
LOWEST             50   08/20        55      -5       48  08/29
AVG. MAXIMUM     93.7              89.4     4.3     89.3
AVG. MINIMUM     61.4              57.5     3.9     57.4
MEAN             77.6              73.4     4.2     73.4
DAYS MAX >= 90     28              17.0    11.0
DAYS MAX <= 32      0               0.0     0.0
DAYS MIN <= 32      0               0.0     0.0
DAYS MIN <= 0       0               0.0     0.0

PRECIPITATION (INCHES)
RECORD
 MAXIMUM         5.85   1955
 MINIMUM            T   1900
TOTALS           4.24              2.32    1.92     1.26
DAILY AVG.       0.14              0.08    0.06
DAYS >= .01         8               9.5    -1.5
DAYS >= .10         5               5.1    -0.1
DAYS >= .50         3               1.3     1.7
DAYS >= 1.00        1               0.5     0.5
GREATEST
 24 HR. TOTAL    1.68   08/10 TO 08/11

SNOWFALL (INCHES)
RECORDS
 TOTAL              T   2014
TOTALS            0.0               0.0     0.0        T
SINCE 7/1         0.0               0.0     0.0        T
SNOWDEPTH AVG.      0
DAYS >= 1.0         0               0.0     0.0
GREATEST
 SNOW DEPTH         0                                  0
 24 HR TOTAL      0.0                  T

DEGREE_DAYS
HEATING TOTAL       0                 4      -4        0
 SINCE 7/1          0                 5      -5        1
COOLING TOTAL     399               266     133      262
 SINCE 1/1       1046               811     235      875
.................................................................

WIND (MPH)
AVERAGE WIND SPEED              7.8
HIGHEST WIND SPEED/DIRECTION    41/280    DATE  08/03
HIGHEST GUST SPEED/DIRECTION    50/280    DATE  08/03

SKY COVER
POSSIBLE SUNSHINE (PERCENT)   MM
AVERAGE SKY COVER           0.10
NUMBER OF DAYS FAIR           27
NUMBER OF DAYS PC              4
NUMBER OF DAYS CLOUDY          0

AVERAGE RH (PERCENT)     48

WEATHER CONDITIONS. NUMBER OF DAYS WITH
THUNDERSTORM             12     MIXED PRECIP               0
HEAVY RAIN                5     RAIN                       7
LIGHT RAIN               12     FREEZING RAIN              0
LT FREEZING RAIN          0     HAIL                       0
HEAVY SNOW                0     SNOW                       0
LIGHT SNOW                0     SLEET                      0
FOG                       1     FOG W/VIS <= 1/4 MILE      0
HAZE                      2

-  INDICATES NEGATIVE NUMBERS.
R  INDICATES RECORD WAS SET OR TIED.
MM INDICATES DATA IS MISSING.
T  INDICATES TRACE AMOUNT.

$$
