317
CXUS56 KOTX 011236
CLMPUW


CLIMATE REPORT
NATIONAL WEATHER SERVICE SPOKANE, WA
435 AM PST THU DEC 1 2016

...................................

...THE PULLMAN-MOSCOW  AIRPORT CLIMATE SUMMARY FOR THE MONTH OF NOVEMBER 2016...

CLIMATE NORMAL PERIOD 1981 TO 2010
CLIMATE RECORD PERIOD 9999 TO 9999

WEATHER         OBSERVED          NORMAL  DEPART  LAST YEAR`S
                 VALUE   DATE(S)  VALUE   FROM    VALUE  DATE(S)
                                          NORMAL
................................................................
TEMPERATURE (F)
RECORD
 HIGH              71   11/13/1999
 LOW              -14   11/16/1959
HIGHEST            67   11/11        MM      MM       58  11/15
LOWEST             29   11/17        MM      MM       15  11/27
                        11/16                             11/26
AVG. MAXIMUM     52.3              43.4     8.9     42.0
AVG. MINIMUM     38.7              30.7     8.0     30.0
MEAN             45.5              37.0     8.5     36.0
DAYS MAX >= 90      0               0.0     0.0        0
DAYS MAX <= 32      0               2.8    -2.8        3
DAYS MIN <= 32      7              16.0    -9.0       19
DAYS MIN <= 0       0               0.2    -0.2        0

PRECIPITATION (INCHES)
RECORD
 MAXIMUM         6.47   1958
 MINIMUM         0.52   1976
TOTALS           1.85              2.29   -0.44     2.02
DAILY AVG.       0.06              0.08   -0.02     0.07
DAYS >= .01        11                MM      MM        9
DAYS >= .10         9                MM      MM        6
DAYS >= .50         0                MM      MM        2
DAYS >= 1.00        0                MM      MM        0
GREATEST
 24 HR. TOTAL    0.47   11/14 TO 11/15           10/31 TO 11/01
                                                          11/01 TO 11/01
                                                          11/01 TO 11/01

SNOWFALL (INCHES)
RECORDS
 TOTAL           20.9   MM
TOTALS             MM                MM      MM       MM
SINCE 7/1         0.0                MM      MM       MM
SNOWDEPTH AVG.     MM                MM      MM       MM
DAYS >= 1.0        MM                MM      MM       MM
GREATEST
 SNOW DEPTH        MM                                 MM  MM
 24 HR TOTAL       MM                                 MM

DEGREE_DAYS
HEATING TOTAL     578               838    -260      862
 SINCE 7/1       1348              1744    -396     1457
COOLING TOTAL       0                 0       0        0
 SINCE 1/1        203               213     -10      416
..................................................

WIND (MPH)
AVERAGE WIND SPEED              9.5
HIGHEST WIND SPEED/DIRECTION    31/240    DATE  11/16
HIGHEST GUST SPEED/DIRECTION    42/240    DATE  11/15

SKY COVER
POSSIBLE SUNSHINE (PERCENT)   MM
AVERAGE SKY COVER           0.40
NUMBER OF DAYS FAIR           12
NUMBER OF DAYS PC             11
NUMBER OF DAYS CLOUDY          7

AVERAGE RH (PERCENT)     73

WEATHER CONDITIONS. NUMBER OF DAYS WITH
THUNDERSTORM              0     MIXED PRECIP               0
HEAVY RAIN                0     RAIN                       3
LIGHT RAIN               13     FREEZING RAIN              0
LT FREEZING RAIN          0     HAIL                       0
HEAVY SNOW                0     SNOW                       0
LIGHT SNOW                3     SLEET                      0
FOG                      12     FOG W/VIS <= 1/4 MILE      2
HAZE                      6

-  INDICATES NEGATIVE NUMBERS.
R  INDICATES RECORD WAS SET OR TIED.
MM INDICATES DATA IS MISSING.
T  INDICATES TRACE AMOUNT.

$$
