000
CXUS51 KBOX 011612
CLMPVD


CLIMATE REPORT
NATIONAL WEATHER SERVICE TAUNTON MA
1204 PM EDT SAT OCT 1 2016

...................................

...THE PROVIDENCE RI CLIMATE SUMMARY FOR THE MONTH OF SEPTEMBER 2016...

CLIMATE NORMAL PERIOD 1981 TO 2010
CLIMATE RECORD PERIOD 1904 TO 2016

WEATHER         OBSERVED          NORMAL  DEPART  LAST YEAR`S
                 VALUE   DATE(S)  VALUE   FROM    VALUE
                                          NORMAL
.............................................................
TEMPERATURE (F)
RECORD
 HIGH             100   09/11/1983
 LOW               32   09/30/1951
HIGHEST            92   09/09
LOWEST             42   09/26
AVG. MAXIMUM     77.1              74.2     2.9
AVG. MINIMUM     59.4              55.3     4.1
MEAN             68.3              64.7     3.6
DAYS MAX >= 90      2               0.6     1.4
DAYS MAX <= 32      0               0.0     0.0
DAYS MIN <= 32      0               0.0     0.0
DAYS MIN <= 0       0               0.0     0.0

PRECIPITATION (INCHES)
RECORD
 MAXIMUM        10.99   2008
 MINIMUM         0.48   1914
TOTALS           2.74              3.92   -1.18
DAYS >= .01        12               8.7     3.3
DAYS >= .10         6               5.9     0.1
DAYS >= .50         2               2.4    -0.4
DAYS >= 1.00        0               1.2    -1.2
GREATEST
 24 HR. TOTAL    0.87   09/19 TO 09/20

SNOWFALL (INCHES)
RECORDS
 TOTAL             MM   MM
 SNOW DEPTH        MM   MM
TOTALS            0.0               0.0     0.0
SINCE 7/1         0.0               0.0     0.0
SNOWDEPTH AVG.      0
DAYS >= 1.0         0               0.0     0.0
GREATEST
 SNOW DEPTH         0   MM
 24 HR TOTAL      0.0   09/30 TO 09/30

DEGREE_DAYS
HEATING TOTAL      43                88     -45
 SINCE 7/1         43                97     -54
COOLING TOTAL     151                80      71
 SINCE 1/1       1034               736     298
..............................................................

WIND (MPH)
AVERAGE WIND SPEED              8.6
RESULTANT WIND SPEED/DIRECTION   2/014
HIGHEST WIND SPEED/DIRECTION    37/020    DATE  09/05
HIGHEST GUST SPEED/DIRECTION    55/010    DATE  09/05

SKY COVER
POSSIBLE SUNSHINE (PERCENT)   MM
AVERAGE SKY COVER           0.60
NUMBER OF DAYS FAIR            7
NUMBER OF DAYS PC             13
NUMBER OF DAYS CLOUDY         10

AVERAGE RH (PERCENT)     70

WEATHER CONDITIONS. NUMBER OF DAYS WITH
THUNDERSTORM              1     MIXED PRECIP               0
HEAVY RAIN                4     RAIN                       9
LIGHT RAIN               14     FREEZING RAIN              0
LT FREEZING RAIN          0     HAIL                       0
HEAVY SNOW                0     SNOW                       0
LIGHT SNOW                0     SLEET                      0
FOG                      16     FOG W/VIS <= 1/4 MILE      0
HAZE                      2

-  INDICATES NEGATIVE NUMBERS.
R  INDICATES RECORD WAS SET OR TIED.
MM INDICATES DATA IS MISSING.
T  INDICATES TRACE AMOUNT.

$$

SIPPRELL
