000
CXUS51 KBOX 031336
CLMPVD


CLIMATE REPORT
NATIONAL WEATHER SERVICE TAUNTON MA
923 AM EDT MON JUL 3 2017

...................................

...THE PROVIDENCE RI CLIMATE SUMMARY FOR THE MONTH OF JUNE 2017...

CLIMATE NORMAL PERIOD 1981 TO 2010
CLIMATE RECORD PERIOD 1904 TO 2017

WEATHER         OBSERVED          NORMAL  DEPART  LAST YEAR`S
                 VALUE   DATE(S)  VALUE   FROM    VALUE
                                          NORMAL
.............................................................
TEMPERATURE (F)
RECORD
 HIGH              98   06/30/1945
                        06/25/1943
 LOW               39   06/01/1945
HIGHEST            95   06/13
                        06/12
LOWEST             47   06/08
AVG. MAXIMUM     78.5              77.5     1.0
AVG. MINIMUM     59.0              58.4     0.6
MEAN             68.8              68.0     0.8
DAYS MAX >= 90      2               1.8     0.2
DAYS MAX <= 32      0               0.0     0.0
DAYS MIN <= 32      0               0.0     0.0
DAYS MIN <= 0       0               0.0     0.0

PRECIPITATION (INCHES)
RECORD
 MAXIMUM        11.08   1982
 MINIMUM         0.05   1949
TOTALS           4.26              3.64    0.62
DAYS >= .01        16              10.9     5.1
DAYS >= .10         8               6.3     1.7
DAYS >= .50         2               2.2    -0.2
DAYS >= 1.00        1               0.9     0.1
GREATEST
 24 HR. TOTAL    2.21   06/16 TO 06/16

SNOWFALL (INCHES)
RECORDS
 TOTAL            0.0
 SNOW DEPTH         0
TOTALS            0.0               0.0     0.0
SINCE 7/1        45.9              33.8    12.1
SNOWDEPTH AVG.      0
DAYS >= 1.0         0               0.0     0.0
GREATEST
 SNOW DEPTH         0
 24 HR TOTAL      0.0   06/30 TO 06/30

DEGREE_DAYS
HEATING TOTAL      49                43       6
 SINCE 7/1       5157              5618    -461
COOLING TOTAL     169               132      37
 SINCE 1/1        227               158      69
..............................................................

WIND (MPH)
AVERAGE WIND SPEED              9.4
RESULTANT WIND SPEED/DIRECTION   5/228
HIGHEST WIND SPEED/DIRECTION    26/200    DATE  06/19
HIGHEST GUST SPEED/DIRECTION    35/240    DATE  06/02

SKY COVER
POSSIBLE SUNSHINE (PERCENT)   MM
AVERAGE SKY COVER           0.50
NUMBER OF DAYS FAIR            6
NUMBER OF DAYS PC             18
NUMBER OF DAYS CLOUDY          6

AVERAGE RH (PERCENT)     72

WEATHER CONDITIONS. NUMBER OF DAYS WITH
THUNDERSTORM              8     MIXED PRECIP               0
HEAVY RAIN                4     RAIN                       3
LIGHT RAIN               16     FREEZING RAIN              0
LT FREEZING RAIN          0     HAIL                       0
HEAVY SNOW                0     SNOW                       0
LIGHT SNOW                0     SLEET                      0
FOG                      12     FOG W/VIS <= 1/4 MILE      0
HAZE                      2

-  INDICATES NEGATIVE NUMBERS.
R  INDICATES RECORD WAS SET OR TIED.
MM INDICATES DATA IS MISSING.
T  INDICATES TRACE AMOUNT.

$$

SIPPRELL
