000
CXUS51 KBOX 011404
CLMPVD


CLIMATE REPORT
NATIONAL WEATHER SERVICE TAUNTON MA
958 AM EDT MON AUG 1 2016

...................................

...THE PROVIDENCE RI CLIMATE SUMMARY FOR THE MONTH OF JULY 2016...

CLIMATE NORMAL PERIOD 1981 TO 2010
CLIMATE RECORD PERIOD 1904 TO 2016

WEATHER         OBSERVED          NORMAL  DEPART  LAST YEAR`S
                 VALUE   DATE(S)  VALUE   FROM    VALUE
                                          NORMAL
.............................................................
TEMPERATURE (F)
RECORD
 HIGH             102   07/06/2010
 LOW               48   07/01/1988
HIGHEST            94   07/06
LOWEST             58   07/11
AVG. MAXIMUM     85.6              82.8     2.8
AVG. MINIMUM     66.3              64.2     2.1
MEAN             76.0              73.5     2.5     74.5
DAYS MAX >= 90      9               4.1     4.9
DAYS MAX <= 32      0               0.0     0.0
DAYS MIN <= 32      0               0.0     0.0
DAYS MIN <= 0       0               0.0     0.0

PRECIPITATION (INCHES)
RECORD
 MAXIMUM        10.52   2009
 MINIMUM         0.24   1952
TOTALS           3.95              3.29    0.66
DAYS >= .01        11               9.4     1.6
DAYS >= .10         8               6.0     2.0
DAYS >= .50         3               2.1     0.9        1
DAYS >= 1.00        0               0.8    -0.8
GREATEST
 24 HR. TOTAL    1.71   07/22 TO 07/23

SNOWFALL (INCHES)
RECORDS
 TOTAL             MM   MM
 SNOW DEPTH        MM   MM
TOTALS            0.0               0.0     0.0
SINCE 7/1         0.0               0.0     0.0
SNOWDEPTH AVG.      0
DAYS >= 1.0         0               0.0     0.0
GREATEST
 SNOW DEPTH         0   MM
 24 HR TOTAL      0.0   07/31 TO 07/31

DEGREE_DAYS
HEATING TOTAL       0                 3      -3
 SINCE 7/1          0                 3      -3
COOLING TOTAL     348               266      82
 SINCE 1/1        534               424     110
..............................................................

WIND (MPH)
AVERAGE WIND SPEED              8.2
RESULTANT WIND SPEED/DIRECTION   3/239
HIGHEST WIND SPEED/DIRECTION    37/230    DATE  07/22
HIGHEST GUST SPEED/DIRECTION    50/250    DATE  07/23

SKY COVER
POSSIBLE SUNSHINE (PERCENT)   MM
AVERAGE SKY COVER           0.50
NUMBER OF DAYS FAIR            8
NUMBER OF DAYS PC             19
NUMBER OF DAYS CLOUDY          4

AVERAGE RH (PERCENT)     66

WEATHER CONDITIONS. NUMBER OF DAYS WITH
THUNDERSTORM              0     MIXED PRECIP               0
HEAVY RAIN                7     RAIN                       7
LIGHT RAIN               16     FREEZING RAIN              0
LT FREEZING RAIN          0     HAIL                       0
HEAVY SNOW                0     SNOW                       0
LIGHT SNOW                0     SLEET                      0
FOG                      17     FOG W/VIS <= 1/4 MILE      4
HAZE                      3

-  INDICATES NEGATIVE NUMBERS.
R  INDICATES RECORD WAS SET OR TIED.
MM INDICATES DATA IS MISSING.
T  INDICATES TRACE AMOUNT.

$$

LEC
