000
CXUS51 KBOX 031255
CLMPVD


CLIMATE REPORT
NATIONAL WEATHER SERVICE TAUNTON MA
723 AM EST TUE MAR 3 2015

...................................

...THE PROVIDENCE RI CLIMATE SUMMARY FOR THE MONTH OF FEBRUARY 2015...

CLIMATE NORMAL PERIOD 1981 TO 2010
CLIMATE RECORD PERIOD 1904 TO 2015

WEATHER         OBSERVED          NORMAL  DEPART  LAST YEAR`S
                 VALUE   DATE(S)  VALUE   FROM    VALUE
                                          NORMAL
.............................................................
TEMPERATURE (F)
RECORD
 HIGH              73   02/24/1985
 LOW              -17   02/09/1934
HIGHEST            39   02/22
                        02/04
LOWEST             -5   02/21
AVG. MAXIMUM     28.3              40.3   -12.0
AVG. MINIMUM      8.5              23.6   -15.1
MEAN             18.4              32.0   -13.6
DAYS MAX >= 90      0               0.0     0.0
DAYS MAX <= 32     20               5.1    14.9
DAYS MIN <= 32     28              23.5     4.5
DAYS MIN <= 0       7               0.1     6.9

PRECIPITATION (INCHES)
RECORD
 MAXIMUM         7.20   1984
 MINIMUM         0.39   1987
TOTALS           2.73              3.29   -0.56
DAYS >= .01        13               9.7     3.3
DAYS >= .10         7               5.9     1.1
DAYS >= .50         1               2.3    -1.3
DAYS >= 1.00        0               0.8    -0.8
GREATEST
 24 HR. TOTAL    0.87   02/02 TO 02/02

SNOWFALL (INCHES)
RECORDS
 TOTAL           31.8   2015
 SNOW DEPTH        22   02/18/2015
TOTALS           31.8R              8.5    23.3
SINCE 7/1        59.9              27.7    32.2
SNOWDEPTH AVG.     16
DAYS >= 1.0         8               2.3     5.7
GREATEST
 SNOW DEPTH        22R  02/18
                        02/16
                        02/15
 24 HR TOTAL      7.9   02/02 TO 02/02

DEGREE_DAYS
HEATING TOTAL    1296               925     371
 SINCE 7/1       4362              4062     300
COOLING TOTAL       0                 0       0
 SINCE 1/1          0                 0       0
..............................................................

WIND (MPH)
AVERAGE WIND SPEED              10.0
RESULTANT WIND SPEED/DIRECTION   6/315
HIGHEST WIND SPEED/DIRECTION    32/330    DATE  02/15
HIGHEST GUST SPEED/DIRECTION    46/330    DATE  02/15

SKY COVER
POSSIBLE SUNSHINE (PERCENT)   MM
AVERAGE SKY COVER           0.60
NUMBER OF DAYS FAIR            6
NUMBER OF DAYS PC             11
NUMBER OF DAYS CLOUDY         11

AVERAGE RH (PERCENT)     63

WEATHER CONDITIONS. NUMBER OF DAYS WITH
THUNDERSTORM              0     MIXED PRECIP               0
HEAVY RAIN                0     RAIN                       2
LIGHT RAIN                2     FREEZING RAIN              0
LT FREEZING RAIN          0     HAIL                       0
HEAVY SNOW                2     SNOW                       6
LIGHT SNOW               18     SLEET                      4
FOG                      17     FOG W/VIS <= 1/4 MILE      4
HAZE                      8

-  INDICATES NEGATIVE NUMBERS.
R  INDICATES RECORD WAS SET OR TIED.
MM INDICATES DATA IS MISSING.
T  INDICATES TRACE AMOUNT.

$$

SIPPRELL
