000
CXUS56 KPDT 011514 RRA
CLMRDM

CLIMATE REPORT
NATIONAL WEATHER SERVICE PENDLETON OREGON
713 AM PST THU FEB 01 2018

....................................

...THE REDMOND OR CLIMATE SUMMARY FOR THE MONTH OF JANUARY 2018...

CLIMATE NORMAL PERIOD 1981 TO 2010
CLIMATE RECORD PERIOD 1949 TO 2018

WEATHER         OBSERVED          NORMAL  DEPART  LAST YEAR`S
                 VALUE   DATE(S)  VALUE   FROM    VALUE  DATE(S)
                                          NORMAL

................................................................

TEMPERATURE (F)
RECORD
 HIGH              70   1/29/2018
 LOW              -27   1/22/1962
HIGHEST            70   1/29       55        15            45   1/27
LOWEST             15   1/31        5        10           -14   1/ 5
AVG. MAXIMUM     46.3            42.4       3.9          31.2
AVG. MINUMUM     27.0            23.1       3.9          13.0
MEAN             36.6            32.8       3.8          22.1
DAYS MAX >= 90      0               0         0             0
DAYS MAX <= 32      3               6        -3            13
DAYS MIN <= 32     28              26         2            30
DAYS MIN <= 0       0               3        -3            30


PRECIPITATION (INCHES)
RECORD
 MAXIMUM          3.07   1970
 MINIMUM          0.13   1984
TOTALS            0.17            0.97     -0.80          1.62
DAILY AVG.        0.01            0.03     -0.02          0.05
DAYS >=  0.01        4               8        -4            15
DAYS >=  0.10        0               3        -3             4
DAYS >=  0.50        0               0         0             0
DAYS >=  1.00        0               0         0             0
GREATEST
 24 HR. TOTAL     0.06   1/16



SNOWFALL (INCHES)
RECORD
 MAXIMUM          28.8   1950
 MINIMUM             T   2014
TOTALS               T             4.1      -4.1           1.4
SINCE 7/1          0.2            11.8     -11.6           9.4
DAYS >=  TRACE       5               2         3             3
DAYS >=  1.0         0               1         0             0
GREATEST
 24 HR. TOTAL        T   1/26


DEGREE DAYS
HEATING TOTAL      871             999      -128          1320
 SINCE 7/1        3582            3842      -260          4043
COOLING TOTAL        0               0         0             0
 SINCE 1/1           0               0         0             0

.............................................................

WIND (MPH)
AVERAGE WIND SPEED                     6.1
RESULTANT WIND SPEED/DIRECTION         4/205
HIGHEST WIND SPEED/DIRECTION          30/250      DATE          01/27
HIGHEST GUST SPEED/DIRECTION          43/240      DATE          01/27


WEATHER CONDITIONS. NUMBER OF DAYS WITH
THUNDERSTORM               0    MIXED PRECIP                           1
HEAVY RAIN                 0    RAIN                                   1
LIGHT RAIN                 9    FREEZING RAIN                          0
LT FREEZING RAIN           0    HAIL                                   0
HEAVY SNOW                 0    SNOW                                   0
LIGHT SNOW                 5    SLEET                                  0
FOG                       11    FOG W/VIS <=1/4 MILE                   3
HAZE                       0

-  INDICATES NEGATIVE NUMBERS.
R  INDICATES RECORD WAS SET OR TIED.
MM INDICATES DATA IS MISSING.
T  INDICATES TRACE AMOUNT.

$$
