000
CXUS55 KREV 010856
CLMRNO

CLIMATE REPORT
NATIONAL WEATHER SERVICE RENO NV
150 AM PDT TUE JUL 1 2014

...................................

...THE RENO TAHOE AIRPORT NV CLIMATE SUMMARY FOR THE MONTH OF JUNE 2014...

THE AVERAGE TEMPERATURE FOR JUNE 2014 AT THE RENO TAHOE AIRPORT WAS
71.5 DEGREES WHICH IS 3.8 DEGREES ABOVE NORMAL.  THIS MAKES JUNE
2014 THE FIFTH WARMEST JUNE AT RENO SINCE 1888.  THE HIGHEST
TEMPERATURE FOR JUNE WAS 98 DEGREES WHICH OCCURRED ON THE 30TH.  THE
LOWEST TEMPERATURE FOR THE MONTH WAS 45 DEGREES WHICH WAS RECORDED
ON THE 17TH.

FOR JUNE 2014 A TOTAL OF A TRACE OF PRECIPITATION WAS RECORDED AT
THE RENO TAHOE INTERNATIONAL AIRPORT.  THIS IS 0.51 INCH BELOW
NORMAL.

THE AVERAGE WIND SPEED FOR THE MONTH WAS 7.8 MPH.  THE PEAK WIND
GUST FOR THE MONTH WAS 44 MPH FROM THE SOUTHWEST WHICH OCCURRED ON
THE 12TH.

CLIMATE NORMAL PERIOD 1981 TO 2010
CLIMATE RECORD PERIOD 1888 TO 2014

WEATHER         OBSERVED          NORMAL  DEPART
                 VALUE   DATE(S)  VALUE   FROM
                                          NORMAL
................................................
TEMPERATURE (F)
RECORD
 HIGH             104   06/16/1940
 LOW               25   06/06/1954
HIGHEST            98   06/30       104      -6
LOWEST             45   06/17        25      20
AVG. MAXIMUM     87.4              83.3     4.1
AVG. MINIMUM     55.6              52.0     3.6
MEAN             71.5              67.7     3.8
DAYS MAX >= 90     15               7.8     7.2
DAYS MAX <= 32      0               0.0     0.0
DAYS MIN <= 32      0               0.0     0.0
DAYS MIN <= 0       0               0.0     0.0

PRECIPITATION (INCHES)
RECORD
 MAXIMUM         1.94   1920
 MINIMUM         0.00   1994
TOTALS              T              0.51   -0.51
DAILY AVG.          T              0.02   -0.02
DAYS >= .01         0               3.7    -3.7
DAYS >= .10         0               1.7    -1.7
DAYS >= .50         0               0.1    -0.1
DAYS >= 1.00        0               0.0     0.0
GREATEST
 24 HR. TOTAL       T   06/07 TO 06/07
                        06/06 TO 06/07
                        06/07 TO 06/07
 STORM TOTAL       MM
 (MM/DD(HH))            MM

SNOWFALL (INCHES)
RECORDS
 TOTAL            0.2   5
                        0
 24 HR TOTAL       MM
TOTALS            0.0                 T     0.0
 LIQUID EQUIV    0.00                MM      MM
SINCE 7/1         6.2              21.8   -15.6
 LIQUID 7/1      0.62
DAYS >= TRACE       0               0.0     0.0
DAYS >= 1.0         0               0.0     0.0
GREATEST
 SNOW DEPTH         0   MM
 24 HR TOTAL      0.0   06/30 TO 06/30
 STORM TOTAL       MM
 (MM/DD(HH))            MM

DEGREE_DAYS
HEATING TOTAL      10                56     -46
 SINCE 7/1       4553              4924    -371
COOLING TOTAL     212               136      76
 SINCE 1/1        259               173      86

FREEZE DATES
RECORD
 EARLIEST     08/23/1973
 LATEST       06/27/1974
EARLIEST      10/14             10/03
LATEST        04/05             05/21
.................................................

WIND (MPH)
AVERAGE WIND SPEED              7.8
HIGHEST WIND SPEED/DIRECTION    35/210    DATE  06/12
HIGHEST GUST SPEED/DIRECTION    44/210    DATE  06/12

AVERAGE RH (PERCENT)     25

WEATHER CONDITIONS. NUMBER OF DAYS WITH
THUNDERSTORM              0     MIXED PRECIP               0
HEAVY RAIN                0     RAIN                       0
LIGHT RAIN                0     FREEZING RAIN              0
LT FREEZING RAIN          0     HAIL                       0
HEAVY SNOW                0     SNOW                       0
LIGHT SNOW                0     SLEET                      0
FOG                       0     FOG W/VIS <= 1/4 MILE      0
HAZE                      2

-  INDICATES NEGATIVE NUMBERS.
R  INDICATES RECORD WAS SET OR TIED.
MM INDICATES DATA IS MISSING.
T  INDICATES TRACE AMOUNT.

$$
