000
CXUS54 KEWX 041522
CLMSAT

CLIMATE REPORT...CORRECTED
NATIONAL WEATHER SERVICE AUSTIN/SAN ANTONIO, TX
1022 AM CDT THU JUN 4 2015

...................................

...THE SAN ANTONIO CLIMATE SUMMARY FOR THE MONTH OF MAY 2015...

CLIMATE NORMAL PERIOD 1981 TO 2010
CLIMATE RECORD PERIOD 1886 TO 2015

WEATHER         OBSERVED          NORMAL  DEPART  LAST YEAR`S
                 VALUE   DATE(S)  VALUE   FROM    VALUE  DATE(S)
                                          NORMAL
................................................................
TEMPERATURE (F)
HIGHEST            90   05/27                         95  05/30
                        05/26
LOWEST             54   05/01                         47  05/15
AVG. MAXIMUM     84.2              87.0    -2.8     86.9
AVG. MINIMUM     68.5              66.8     1.7     64.5
MEAN             76.3              76.9    -0.6     75.7
DAYS MAX >= 90      2                                 12
DAYS MAX <= 32      0                                  0
DAYS MIN <= 32      0                                  0
DAYS MIN <= 0       0                                  0

PRECIPITATION (INCHES)
TOTALS           8.57              4.01    4.56     4.97
DAILY AVG.       0.28              0.13    0.15     0.16
DAYS >= .01        15                                  8
DAYS >= .10        10                                  6
DAYS >= .50         5                                  2
DAYS >= 1.00        4                                  2
GREATEST
 24 HR. TOTAL    2.94   05/23 TO 05/24

SNOWFALL (INCHES)
TOTALS            0.0               0.0     0.0      0.0
SINCE 7/1           T               0.7    -0.7      0.4

DEGREE_DAYS
HEATING TOTAL       0                 2      -2        4
 SINCE 7/1       1494              1496      -2     1566
COOLING TOTAL     361               370      -9      342
 SINCE 1/1        645               629      16      704
.................................................................

WIND (MPH)
AVERAGE WIND SPEED              10.5
HIGHEST WIND SPEED/DIRECTION    38/290    DATE  05/23
HIGHEST GUST SPEED/DIRECTION    50/290    DATE  05/23

SKY COVER
POSSIBLE SUNSHINE (PERCENT)   MM
AVERAGE SKY COVER           0.80
NUMBER OF DAYS FAIR            2
NUMBER OF DAYS PC              4
NUMBER OF DAYS CLOUDY         25

AVERAGE RH (PERCENT)     75

WEATHER CONDITIONS. NUMBER OF DAYS WITH
THUNDERSTORM              0     MIXED PRECIP               0
HEAVY RAIN                7     RAIN                       8
LIGHT RAIN               23     FREEZING RAIN              0
LT FREEZING RAIN          0     HAIL                       0
HEAVY SNOW                0     SNOW                       0
LIGHT SNOW                0     SLEET                      0
FOG                      25     FOG W/VIS <= 1/4 MILE      1
HAZE                     16

-  INDICATES NEGATIVE NUMBERS.
R  INDICATES RECORD WAS SET OR TIED.
MM INDICATES DATA IS MISSING.
T  INDICATES TRACE AMOUNT.

&&

[MONTHLY CLIMATE SUMMARY]
MAY WAS THE 7TH WETTEST MAY ON RECORD AND THE 51ST WARMEST MAY
SINCE RECORD KEEPING BEGAN.

MAY ALSO ENDED THE 3RD WETTEST SPRING...MARCH THROUGH MAY...IN
SAN ANTONIO HISTORY WITH 19.08" OF RAIN.

[SEA LEVEL PRESSURE DATA]
HIGHEST SLP OF 30.14 INCHES ON THE 12TH
LOWEST SLP OF 29.67 INCHES ON THE 25TH.


PRELIMINARY LOCAL CLIMATOLOGICAL DATA (WS FORM: F-6)

                                          STATION:   SAN ANTONIO
                                          MONTH:     MAY
                                          YEAR:      2015
                                          LATITUDE:   29 31 N
                                          LONGITUDE:  98 28 W

  TEMPERATURE IN F:       :PCPN:    SNOW:  WIND      :SUNSHINE: SKY     :PK WND
================================================================================
1   2   3   4   5  6A  6B    7    8   9   10  11  12  13   14  15   16   17  18
                                     12Z  AVG MX 2MIN
DY MAX MIN AVG DEP HDD CDD  WTR  SNW DPTH SPD SPD DIR MIN PSBL S-S WX    SPD DR
================================================================================

 1  82  54  68  -5   0   3 0.00  0.0    0  5.2 16 140   M    M   1        23 150
 2  82  57  70  -3   0   5 0.00  0.0    0  7.5 17 140   M    M   2        22 150
 3  84  61  73  -1   0   8 0.00  0.0    0  8.8 21 130   M    M   5        27 150
 4  83  68  76   2   0  11    T  0.0    0 14.7 24 140   M    M   9 18     29 140
 5  80  70  75   1   0  10 0.09  0.0    0 14.9 24 140   M    M  10 1      29 150
 6  85  72  79   5   0  14    T  0.0    0 15.0 22 150   M    M   9 1      26 130
 7  84  73  79   4   0  14    T  0.0    0 14.1 21 130   M    M  10 18     25 120
 8  81  74  78   3   0  13 0.11  0.0    0 11.3 21 120   M    M   9 138    28 120
 9  88  71  80   5   0  15    T  0.0    0 15.7 25 160   M    M   8 138    30 160
10  84  75  80   4   0  15    T  0.0    0 14.6 23 130   M    M   9 8      29 140
11  82  70  76   0   0  11 0.02  0.0    0 10.0 18  50   M    M  10 138    23  40
12  73  68  71  -5   0   6 0.06  0.0    0  8.8 16  40   M    M  10 1      22  40
13  72  66  69  -7   0   4 1.02  0.0    0  7.5 21 230   M    M  10 13     30 230
14  86  69  78   2   0  13    T  0.0    0  6.4 23 140   M    M   9 18     30 140
15  79  68  74  -3   0   9 1.12  0.0    0  5.8 21 110   M    M   8 13     26 110
16  86  69  78   1   0  13    T  0.0    0 13.8 24 150   M    M   9 18     30 150
17  81  68  75  -2   0  10 1.37  0.0    0  8.9 22 100   M    M  10 138    27  90
18  88  76  82   4   0  17    T  0.0    0  9.1 21 130   M    M   8 18     25 150
19  88  75  82   4   0  17    T  0.0    0 13.2 26 140   M    M   8 18     34 140
20  89  75  82   4   0  17 0.00  0.0    0 10.2 20 150   M    M   8        26 170
21  78  66  72  -6   0   7 0.28  0.0    0 10.6 24 350   M    M  10 13     30 350
22  86  65  76  -2   0  11 0.01  0.0    0 10.4 21 130   M    M   9 128    26 130
23  88  64  76  -3   0  11 2.81  0.0    0 11.5 38 290   M    M   9 138    50 290
24  85  65  75  -4   0  10 0.15  0.0    0  9.4 28 320   M    M   8 13     35 320
25  88  72  80   1   0  15 0.01  0.0    0 11.5 25 180   M    M   9 3      34 180
26  90  69  80   1   0  15 0.00  0.0    0  9.7 21 140   M    M   8 18     24 140
27  90  75  83   3   0  18    T  0.0    0 12.5 22 140   M    M   7 18     28 130
28  89  65  77  -3   0  12 0.37  0.0    0 13.7 33 310   M    M   9 138    45 290
29  88  65  77  -3   0  12 0.41  0.0    0 10.3 28 110   M    M   5 13     34 120
30  88  68  78  -2   0  13 0.74  0.0    0  5.5 23 340   M    M   8 13     31 330
31  84  69  77  -3   0  12 0.00  0.0    0  6.3 14  30   M    M   5 1      19  20
================================================================================
SM 2611 2122         0 361  8.57     0.0 326.9          M      249
================================================================================
AV 84.2 68.5                              10.5 FASTST   M    M   8    MAX(MPH)
                                 MISC ---->  # 38 290               # 50  290
================================================================================
NOTES:
# LAST OF SEVERAL OCCURRENCES

COLUMN 17 PEAK WIND IN M.P.H.

SYMBOLS USED IN COLUMN 16
1 = FOG OR MIST
2 = FOG REDUCING VISIBILITY
3 = THUNDER
4 = ICE PELLETS
5 = HAIL
6 = FREEZING RAIN OR DRIZZLE
7 = DUSTSTORM OR SANDSTORM:
8 = SMOKE OR HAZE
9 = BLOWING SNOW
X = TORNADO

$$
