000
CXUS53 KIWX 011958
CLMSBN

INDCLMSBN 000
TTAA00 KIWX 011956


CLIMATE REPORT
NATIONAL WEATHER SERVICE NORTHERN INDIANA
354 PM EDT TUE JUL 1 2014

...................................

...THE SOUTH BEND CLIMATE SUMMARY FOR THE MONTH OF JUNE 2014...

CLIMATE NORMAL PERIOD 1981 TO 2010
CLIMATE RECORD PERIOD 1893 TO 2014

WEATHER         OBSERVED          NORMAL  DEPART  LAST YEAR`S
                 VALUE   DATE(S)  VALUE   FROM    VALUE  DATE(S)
                                          NORMAL
................................................................
TEMPERATURE (F)
RECORD
 HIGH             106   06/01/1934
 LOW               35   06/11/1972
                        06/02/1956
                        06/16/1917
HIGHEST            90   06/17        MM      MM       89  06/12
LOWEST             48   06/14        MM      MM       39  06/03
                        06/05
AVG. MAXIMUM     81.1              79.4     1.7     79.3
AVG. MINIMUM     61.7              58.7     3.0     58.7
MEAN             71.4              69.1     2.3
DAYS MAX >= 90      1               2.4    -1.4        0
DAYS MAX <= 32      0               0.0     0.0        0
DAYS MIN <= 32      0               0.0     0.0        0
DAYS MIN <= 0       0               0.0     0.0        0

PRECIPITATION (INCHES)
RECORD
 MAXIMUM        10.86   1993
 MINIMUM         0.48   1988
TOTALS           9.14              3.79    5.35     3.43
DAILY AVG.       0.30              0.13    0.17     0.11
DAYS >= .01        13              10.3     2.7       15
DAYS >= .10        13               6.8     6.2       10
DAYS >= .50         9               2.4     6.6        1
DAYS >= 1.00        3               0.9     2.1        0
GREATEST
 24 HR. TOTAL    2.20   06/17 TO 06/18

SNOWFALL (INCHES)
RECORDS
 TOTAL             MM   MM
TOTALS            0.0               0.0     0.0      0.0
SINCE 7/1        17.0              66.6   -49.6     59.9
SNOWDEPTH AVG.      0                MM      MM        0
DAYS >= 1.0         0               0.0     0.0        0
GREATEST
 SNOW DEPTH         0   MM
 24 HR TOTAL      0.0   06/30 TO 06/30

DEGREE_DAYS
HEATING TOTAL      17                44     -27       37
 SINCE 7/1       6953              6298     655     6140
COOLING TOTAL     216               165      51      165
 SINCE 1/1        301               221      80      261
.................................................................

WIND (MPH)
AVERAGE WIND SPEED              7.8
HIGHEST WIND SPEED/DIRECTION    48/320    DATE  06/30
HIGHEST GUST SPEED/DIRECTION    68/310    DATE  06/30

SKY COVER
POSSIBLE SUNSHINE (PERCENT)   MM
AVERAGE SKY COVER           0.30
NUMBER OF DAYS FAIR           15
NUMBER OF DAYS PC             13
NUMBER OF DAYS CLOUDY          2

AVERAGE RH (PERCENT)     69

WEATHER CONDITIONS. NUMBER OF DAYS WITH
THUNDERSTORM              8     MIXED PRECIP               0
HEAVY RAIN                9     RAIN                      12
LIGHT RAIN               17     FREEZING RAIN              0
LT FREEZING RAIN          0     HAIL                       0
HEAVY SNOW                0     SNOW                       0
LIGHT SNOW                0     SLEET                      0
FOG                      19     FOG W/VIS <= 1/4 MILE      0
HAZE                      5

-  INDICATES NEGATIVE NUMBERS.
R  INDICATES RECORD WAS SET OR TIED.
MM INDICATES DATA IS MISSING.
T  INDICATES TRACE AMOUNT.

&&

...ABOVE NORMAL TEMPERATURES AND NEAR RECORD RAINFALL IN JUNE...

JUNE 2014 WAS A VERY WARM AND WET MONTH AT SOUTH BEND. THE OVERALL
WEATHER PATTERN ALLOWED FOR A WARM AND HUMID AIRMASS TO STAY
ENTRENCHED ACROSS THE LOWER GREAT LAKES REGION FOR MUCH OF THE
MONTH...WHICH BROUGHT PERIODIC SHOWERS AND THUNDERSTORMS TO THE
MICHIANA REGION THROUGHOUT THE MONTH. THE MONTHLY RAINFALL TOTAL OF
OVER NINE INCHES WAS THE WETTEST MONTH SINCE SEPTEMBER OF
2008...WHEN MULTIPLE REMNANT TROPICAL SYSTEMS BROUGHT TORRENTIAL
RAINFALL TO THE REGION. IT WAS ALSO THE WETTEST JUNE AT SOUTH BEND
IN 21 YEARS. THE THUNDERSTORM AND RAINFALL ACTIVITY WAS FAIRLY
SCATTERED...AND WHILE PORTIONS OF THE REGION HAD RAINFALL TOTALS
WELL ABOVE NORMAL...SOME AREAS SOUTHEAST OF MICHIANA ACTUALLY SAW
NEAR OR ONLY SLIGHTLY ABOVE NORMAL PRECIPITATION.

TEMPERATURES WERE ABOVE NORMAL...AND WHILE THE HUMIDITY THROUGHOUT
THE MONTH MADE IT FEEL VERY WARM...ACTUAL AIR TEMPERATURES WERE
NEVER TOO EXTREME. ONLY ONE DAY DURING JUNE REACHED 90 DEGREES AT
SOUTH BEND. THERE WERE ONLY 6 DAYS DURING THE ENTIRE MONTH WHEN THE
AVERAGE DAILY TEMPERATURE WAS BELOW NORMAL. HOWEVER...ONLY 5 JUNE
DAYS HAD AVERAGE DAILY TEMPERATURES OF AT LEAST 7 DEGREES OR GREATER
ABOVE NORMAL.

THE AVERAGE TEMPERATURE IN JUNE AT SOUTH BEND WAS 71.4
DEGREES...WHICH IS 2.3 DEGREES ABOVE NORMAL. THIS RANKS AS THE
T-26TH WARMEST JUNE ON RECORD. THE WARMEST TEMPERATURES WAS 90
DEGREES ON THE 17TH AND THE COLDEST WAS 48 ON THE 5TH AND THE 14TH.

TOTAL PRECIPITATION FOR THE MONTH OF JUNE AT SOUTH BEND WAS 9.14
INCHES...WHICH IS 5.35 INCHES ABOVE NORMAL. THIS RANKS AS THE SECOND
WETTEST JUNE ON RECORD BEHIND 1993...WHEN 10.86 INCHES FELL DURING
THE MONTH. THIS ALSO RANKS AS THE 6TH OVERALL WETTEST MONTH ON
RECORD. THE RECORD WETTEST MONTH AT SOUTH BEND WAS SEPTEMBER 2008
WHEN 13.92 INCHES OF RAIN FELL. AT LEAST A TRACE OF RAIN FELL AT
SOUTH BEND DURING 18 DAYS OF THE MONTH...AND 13 OF THESE DAYS HAD
MEASURABLE RAINFALL...EACH ONE WITH AT LEAST A TENTH OF AN INCH OF
RAINFALL. 9 DAYS HAD AT LEAST A HALF INCH OF RAINFALL...AND THREE
DAYS WITH AT LEAST AN INCH OF RAINFALL. THE GREATEST 24 HOUR
RAINFALL TOTAL WAS 2.20 INCHES ON THE 17TH AND 18TH...AND THE
GREATEST CALENDAR DAY RAINFALL TOTAL WAS 1.54 INCHES ON THE 17TH.

$$

NG
