000
CXUS53 KLMK 011713
CLMSDF

CLIMATE REPORT
NATIONAL WEATHER SERVICE LOUISVILLE KY
958 AM EDT THU SEP 1 2016

...................................

...THE LOUISVILLE KY CLIMATE SUMMARY FOR THE MONTH OF AUGUST 2016...

CLIMATE NORMAL PERIOD 1981 TO 2010
CLIMATE RECORD PERIOD 1871 TO 2016

WEATHER         OBSERVED          NORMAL  DEPART  LAST YEAR`S
                 VALUE   DATE(S)  VALUE   FROM    VALUE  DATE(S)
                                          NORMAL
................................................................
TEMPERATURE (F)
RECORD
 HIGH             105   08/16/2007
                        08/05/1918
                        08/12/1881
 LOW               45   08/31/1946
HIGHEST            96   08/28        MM      MM       93  08/03
LOWEST             63   08/22        MM      MM       59  08/26
                                                          08/25
AVG. MAXIMUM     89.2              88.3     0.9     85.6
AVG. MINIMUM     73.2              68.5     4.7     67.3
MEAN             81.2              78.4     2.8     76.5
DAYS MAX >= 90     17              12.2     4.8        4
DAYS MAX <= 32      0               0.0     0.0        0
DAYS MIN <= 32      0               0.0     0.0        0
DAYS MIN <= 0       0               0.0     0.0        0

PRECIPITATION (INCHES)
RECORD
 MAXIMUM        10.53   1888
 MINIMUM         0.15   1881
TOTALS           5.71              3.33    2.38     3.47
DAILY AVG.       0.18              0.11    0.07     0.11
DAYS >= .01        11               8.0     3.0        7
DAYS >= .10         8               5.5     2.5        4
DAYS >= .50         4               2.3     1.7        4
DAYS >= 1.00        2               0.9     1.1        1
GREATEST
 24 HR. TOTAL    1.73   08/14 TO 08/15           08/06 TO 08/06
                                                          08/05 TO 08/06
                                                          08/06 TO 08/06
 STORM TOTAL       MM                                 MM
 (MM/DD(HH))            MM                    08/06(00) TO 08/06(00)
                                                 08/06(00) TO 08/06(00)6
                                                 08/06(00) TO 08/06(00)6

SNOWFALL (INCHES)
RECORDS
 TOTAL             MM   5
 24 HR TOTAL       MM
 SNOW DEPTH        MM   MM
TOTALS            0.0               0.0     0.0      0.0
 LIQUID EQUIV    0.00              0.00    0.00     0.00
SINCE 7/1         0.0               0.0     0.0      0.0
 LIQUID 7/1      0.00              0.00    0.00     0.00
SNOWDEPTH AVG.      0                MM      MM        0
DAYS >= TRACE       0               0.0     0.0        0
DAYS >= 1.0         0               0.0     0.0        0
GREATEST
 SNOW DEPTH         0   MM                             0  MM
 24 HR TOTAL      0.0   08/31 TO 08/31           08/31 TO 08/31
                                                          08/06 TO 08/06
                                                          08/06 TO 08/06
 STORM TOTAL       MM                                 MM
 (MM/DD(HH))            MM                    08/31(00) TO 08/31(00)
                                                 08/06(00) TO 08/06(00)6
                                                 08/06(00) TO 08/06(00)6

DEGREE_DAYS
HEATING TOTAL       0                 0       0        0
 SINCE 7/1          0                 0       0        0
COOLING TOTAL     511               416      95      363
 SINCE 1/1       1608              1357     251     1456

FREEZE DATES
RECORD
 EARLIEST     10/03/1974
 LATEST       05/10/1966
EARLIEST                        10/25
LATEST                          04/15
.......................................................

WIND (MPH)
AVERAGE WIND SPEED              6.1
RESULTANT WIND SPEED/DIRECTION   2/182
HIGHEST WIND SPEED/DIRECTION    28/270    DATE  08/14
HIGHEST GUST SPEED/DIRECTION    35/270    DATE  08/14

SKY COVER
POSSIBLE SUNSHINE (PERCENT)   MM
AVERAGE SKY COVER           0.60
NUMBER OF DAYS FAIR            5
NUMBER OF DAYS PC             16
NUMBER OF DAYS CLOUDY         10

AVERAGE RH (PERCENT)     70

WEATHER CONDITIONS. NUMBER OF DAYS WITH
THUNDERSTORM             11     MIXED PRECIP               0
HEAVY RAIN                8     RAIN                       7
LIGHT RAIN               14     FREEZING RAIN              0
LT FREEZING RAIN          0     HAIL                       0
HEAVY SNOW                0     SNOW                       0
LIGHT SNOW                0     SLEET                      0
FOG                      15     FOG W/VIS <= 1/4 MILE      0
HAZE                     12

-  INDICATES NEGATIVE NUMBERS.
R  INDICATES RECORD WAS SET OR TIED.
MM INDICATES DATA IS MISSING.
T  INDICATES TRACE AMOUNT.

$$

NINTH WARMEST AUGUST ON RECORD.
