408
CXUS46 KLOX 200022
CLMSMX


CLIMATE REPORT
NATIONAL WEATHER SERVICE LOS ANGELES/OXNARD CA
522 PM PDT MON SEP 19 2016

...................................

...THE SANTA MARIA AIRPORT CA CLIMATE SUMMARY FOR THE SEASON, FROM
6/1/2016 TO 8/31/2016...

CLIMATE NORMAL PERIOD 1981 TO 2010
CLIMATE RECORD PERIOD 1906 TO 2016

WEATHER         OBSERVED          NORMAL  DEPART  LAST YEAR`S
                 VALUE   DATE(S)  VALUE   FROM    VALUE
                                          NORMAL
.............................................................
TEMPERATURE (F)
HIGHEST            84   06/04        MM      MM
LOWEST             45   06/15        MM      MM
AVG. MAXIMUM     72.4              72.1     0.3
AVG. MINIMUM     52.6              52.9    -0.3
MEAN             62.5              62.5     0.0
DAYS MAX >= 90      0
DAYS MAX <= 32      0
DAYS MIN <= 32      0
DAYS MIN <= 0       0

PRECIPITATION (INCHES)
RECORD
 MAXIMUM         0.59   2011
 MINIMUM         0.59   2011
TOTALS              TR             0.09   -0.09
DAILY AVG.          T
DAYS >= .01         0
DAYS >= .10         0
DAYS >= .50         0
DAYS >= 1.00        0
GREATEST
 24 HR. TOTAL    0.00   MM

DEGREE_DAYS
HEATING TOTAL     214               277     -63       MM
 SINCE 7/1        136               136       0       MM
COOLING TOTAL      14                45     -31       MM
 SINCE 1/1         52                55      -3       MM
..............................................................

WIND (MPH)
AVERAGE WIND SPEED              6.4
HIGHEST WIND SPEED/DIRECTION    30/300    DATE  06/15
HIGHEST GUST SPEED/DIRECTION    36/290    DATE  06/15

SKY COVER
POSSIBLE SUNSHINE (PERCENT)   MM
AVERAGE SKY COVER           0.50
NUMBER OF DAYS FAIR           25
NUMBER OF DAYS PC             65
NUMBER OF DAYS CLOUDY          2

AVERAGE RH (PERCENT)     78

WEATHER CONDITIONS. NUMBER OF DAYS WITH
THUNDERSTORM              0     MIXED PRECIP               0
HEAVY RAIN                0     RAIN                       0
LIGHT RAIN                0     FREEZING RAIN              0
LT FREEZING RAIN          0     HAIL                       0
HEAVY SNOW                0     SNOW                       0
LIGHT SNOW                0     SLEET                      0
FOG                      87     FOG W/VIS <= 1/4 MILE     23
HAZE                     48

-  INDICATES NEGATIVE NUMBERS.
R  INDICATES RECORD WAS SET OR TIED.
MM INDICATES DATA IS MISSING.
T  INDICATES TRACE AMOUNT.

$$
