000
CXUS56 KSGX 011854
CLMSNA


CLIMATE REPORT
NATIONAL WEATHER SERVICE SAN DIEGO, CA
1153 AM PDT TUE SEP 1 2015

...................................

...THE JOHN WAYNE AIRPORT CA CLIMATE SUMMARY FOR THE MONTH OF AUGUST 2015...

CLIMATE NORMAL PERIOD 1981 TO 2010
CLIMATE RECORD PERIOD 1999 TO 2015

WEATHER         OBSERVED          NORMAL  DEPART  LAST YEAR`S
                 VALUE   DATE(S)  VALUE   FROM    VALUE  DATE(S)
                                          NORMAL
................................................................
TEMPERATURE (F)
RECORD
 HIGH              98   08/30/2013
 LOW               58   08/27/2003
HIGHEST            92   08/28        79      13       93  08/28
                        08/14                             08/27
LOWEST             64   08/12        64       0       67  08/05
                        08/11
AVG. MAXIMUM     82.3              80.0     2.3     83.5
AVG. MINIMUM     67.9              65.3     2.6     69.8
MEAN             75.1              72.6     2.5     76.7
DAYS MAX >= 90      4               0.8     3.2        3
DAYS MAX <= 32      0               0.0     0.0        0
DAYS MAX >= 100     0                                  0
DAYS MIN <= 32      0               0.0     0.0        0

PRECIPITATION (INCHES)
RECORD
 MAXIMUM            T   2012
                        2008
                        2007
 MINIMUM         0.00   2013
                        2011
                        2010
TOTALS              T              0.03   -0.03     0.03
DAILY AVG.          T              0.00    0.00     0.00
DAYS >= .01         0                MM      MM        1
DAYS >= .10         0                MM      MM        0
DAYS >= .50         0                MM      MM        0
DAYS >= 1.00        0                MM      MM        0
DAYS >= 1.50        0                                  0
DAYS >= 2.00        0                                  0
GREATEST
 24 HR. TOTAL       T   08/06 TO 08/06           08/03 TO 08/03
                                                          08/02 TO 08/03
                                                          08/03 TO 08/03
 STORM TOTAL       MM                                 MM
 (MM/DD(HH))            MM                    08/03(00) TO 08/03(00)
                                                 08/03(00) TO 08/03(00)3
                                                 08/03(00) TO 08/03(00)3

DEGREE_DAYS
HEATING TOTAL       0                 0       0        0
 SINCE 7/1          0                 0       0        0
COOLING TOTAL     323               237      86      368
 SINCE 1/1        950               571     379     1244

FREEZE DATES
RECORD
 EARLIEST     MM
 LATEST       MM
EARLIEST                        MM
LATEST                          MM
....................................................

WIND (MPH)
AVERAGE WIND SPEED              5.1
RESULTANT WIND SPEED/DIRECTION   4/208
HIGHEST WIND SPEED/DIRECTION    20/200    DATE  08/17
HIGHEST GUST SPEED/DIRECTION    28/190    DATE  08/17

SKY COVER
POSSIBLE SUNSHINE (PERCENT)   MM
AVERAGE SKY COVER           0.40
NUMBER OF DAYS FAIR           12
NUMBER OF DAYS PC             17
NUMBER OF DAYS CLOUDY          1

AVERAGE RH (PERCENT)     69

WEATHER CONDITIONS. NUMBER OF DAYS WITH
THUNDERSTORM              0     MIXED PRECIP               0
HEAVY RAIN                0     RAIN                       0
LIGHT RAIN                1     FREEZING RAIN              0
LT FREEZING RAIN          0     HAIL                       0
HEAVY SNOW                0     SNOW                       0
LIGHT SNOW                0     SLEET                      0
FOG                       4     FOG W/VIS <= 1/4 MILE      0
HAZE                      3

-  INDICATES NEGATIVE NUMBERS.
R  INDICATES RECORD WAS SET OR TIED.
MM INDICATES DATA IS MISSING.
T  INDICATES TRACE AMOUNT.

$$
