000
CXUS54 KOUN 011346
CLMSPS

CLIMATE REPORT
NATIONAL WEATHER SERVICE NORMAN OK
737 AM CST SUN JAN 1 2017

...................................

...THE WICHITA FALLS CLIMATE SUMMARY FOR THE MONTH OF DECEMBER
2016...

CLIMATE NORMAL PERIOD 1981 TO 2010 CLIMATE RECORD PERIOD 1897 TO 2016

WEATHER         OBSERVED          NORMAL  DEPART  LAST YEAR`S
                 VALUE   DATE(S)  VALUE   FROM    VALUE  DATE(S)
                                          NORMAL
................................................................
TEMPERATURE (F)
RECORD
 HIGH              88   12/04/1954
 LOW               -7   12/23/1989
HIGHEST            81                77       4       81  12/11
LOWEST              8                16      -8       24  12/29
                                                          12/18
AVG. MAXIMUM     55.4              54.7     0.7     61.3
AVG. MINIMUM     31.1              30.8     0.3     35.6
MEAN             43.3              42.8     0.5     48.5
DAYS MAX >= 90      0               0.0     0.0        0
DAYS MAX <= 32      1               1.4    -0.4        0
DAYS MIN <= 32     17              17.4    -0.4       13
DAYS MIN <= 0       0               0.1    -0.1        0

PRECIPITATION (INCHES)
RECORD
 MAXIMUM         6.93   1991
 MINIMUM         0.00   1919
                        1916
                        1904
TOTALS           0.83              1.62   -0.79     2.62
DAILY AVG.       0.03              0.05   -0.02     0.08
DAYS >= .01         4               5.0    -1.0        4
DAYS >= .10         3               2.9     0.1        4
DAYS >= .50         0               1.2    -1.2        2
DAYS >= 1.00        0               0.4    -0.4        1
GREATEST
 24 HR. TOTAL    0.67   12/02 TO 12/03

SNOWFALL (INCHES)
TOTALS            0.0               1.0    -1.0
SINCE 7/1         0.0               1.3    -1.3

DEGREE_DAYS
HEATING TOTAL     668               690     -22
 SINCE 7/1        919              1197    -278
.................................................................

WIND (MPH)
AVERAGE WIND SPEED              11.0
HIGHEST WIND SPEED/DIRECTION    39/180    DATE  12/25
HIGHEST GUST SPEED/DIRECTION    50/180    DATE  12/25


WEATHER CONDITIONS. NUMBER OF DAYS WITH
THUNDERSTORM              0     MIXED PRECIP               0
HEAVY RAIN                0     RAIN                       2
LIGHT RAIN                6     FREEZING RAIN              0
LT FREEZING RAIN          0     HAIL                       0
HEAVY SNOW                0     SNOW                       0
LIGHT SNOW                0     SLEET                      0
FOG                       9     FOG W/VIS <= 1/4 MILE      3
HAZE                      4

-  INDICATES NEGATIVE NUMBERS.
R  INDICATES RECORD WAS SET OR TIED.
MM INDICATES DATA IS MISSING.
T  INDICATES TRACE AMOUNT.
..................................................................
RECORDS/REMARKS
RECORD MAX TEMP OF 81 DEGREES SET ON THE 16TH.
RECORD LOW TEMP OF 14 DEGREES TIED ON THE 17TH.
RECORD LOW TEMP OF 8 DEGREES SET ON THE 18TH.
RECORD MAX TEMP OF 81 DEGREES SET ON THE 25TH.
RECORD WARM MIN TEMP OF 57 DEGREES TIED ON THE 25TH.

JAN-DEC 2016 PRECIPITATION TOTAL IS 37.17 INCHES.
12TH WETTEST YEAR ON RECORD.
$$
