000
CXUS54 KOUN 011345
CLMSPS

CLIMATE REPORT
NATIONAL WEATHER SERVICE NORMAN OK
831 AM CDT SAT OCT 1 2016

...................................

...THE WICHITA FALLS CLIMATE SUMMARY FOR THE MONTH OF SEPTEMBER 2016...

CLIMATE NORMAL PERIOD 1981 TO 2010
CLIMATE RECORD PERIOD 1897 TO 2016

WEATHER         OBSERVED          NORMAL  DEPART  LAST YEAR`S
                 VALUE   DATE(S)  VALUE   FROM    VALUE  DATE(S)
                                          NORMAL
................................................................
TEMPERATURE (F)
RECORD
 HIGH             111   09/04/2000
 LOW               38   09/24/1989
                        09/30/1984
                        09/21/1983
HIGHEST           100               101      -1      103  09/08
LOWEST             51                49       2       60  09/29
AVG. MAXIMUM     89.6              88.1     1.5     92.7
AVG. MINIMUM     66.5              63.3     3.2     67.6
MEAN             78.1              75.7     2.4     80.2
DAYS MAX >= 90     20              13.6     6.4       23
DAYS MAX <= 32      0               0.0     0.0        0
DAYS MIN <= 32      0               0.0     0.0        0
DAYS MIN <= 0       0               0.0     0.0        0

PRECIPITATION (INCHES)
RECORD
 MAXIMUM        10.23   1980
 MINIMUM            T   1983
                        1956
                        1948
TOTALS           9.82              2.81    7.01     1.60
DAILY AVG.       0.33              0.09    0.24     0.05
DAYS >= .01         8               6.0     2.0        3
DAYS >= .10         7               3.7     3.3        3
DAYS >= .50         5               1.8     3.2        1
DAYS >= 1.00        3               1.0     2.0        1
GREATEST
 24 HR. TOTAL    5.61   09/24 TO 09/25

DEGREE_DAYS
HEATING TOTAL       2                13     -11
 SINCE 7/1          2                13     -11
COOLING TOTAL     400               334      66
 SINCE 1/1       2336              2279      57
.................................................................

WIND (MPH)
AVERAGE WIND SPEED              9.8
HIGHEST WIND SPEED/DIRECTION    48/350    DATE  09/18
HIGHEST GUST SPEED/DIRECTION    57/350    DATE  09/18


WEATHER CONDITIONS. NUMBER OF DAYS WITH
THUNDERSTORM              0     MIXED PRECIP               0
HEAVY RAIN                4     RAIN                       6
LIGHT RAIN                8     FREEZING RAIN              0
LT FREEZING RAIN          0     HAIL                       0
HEAVY SNOW                0     SNOW                       0
LIGHT SNOW                0     SLEET                      0
FOG                       6     FOG W/VIS <= 1/4 MILE      0
HAZE                      1

-  INDICATES NEGATIVE NUMBERS.
R  INDICATES RECORD WAS SET OR TIED.
MM INDICATES DATA IS MISSING.
T  INDICATES TRACE AMOUNT.
................................................................
RECORDS/REMARKS
RECORD WARMEST MINIMUM TEMPERATURE OF 78 DEGREES TIED ON THE 8TH.
NEW RECORD WARMEST MINIMUM TEMPERATURE OF 77 DEGREES SET ON THE 9TH.
NEW RECORD DAILY RAINFALL OF 5.43 INCHES SET ON THE 24TH.
THIRD WETTEST SEPTEMBER ON RECORD WITH 9.82 INCHES.
JAN-SEP 2016 PRECIPITATION TOTAL IS 32.20 INCHES.
$$
