000
CXUS53 KEAX 010747
CLMSTJ

CLIMATE REPORT
NATIONAL WEATHER SERVICE KANSAS CITY/PLEASANT HILL MO
242 AM CDT SUN OCT 1 2017

...................................

...THE ST. JOSEPH MO CLIMATE SUMMARY FOR THE MONTH OF SEPTEMBER 2017...

CLIMATE NORMAL PERIOD 1981 TO 2010
CLIMATE RECORD PERIOD 1892 TO 2017

WEATHER         OBSERVED          NORMAL  DEPART  LAST YEAR`S
                 VALUE   DATE(S)  VALUE   FROM    VALUE  DATE(S)
                                          NORMAL
................................................................
TEMPERATURE (F)
RECORD
 HIGH             107   09/03/1947
 LOW               29   09/30/1984
HIGHEST            93   09/22        92       1       93  09/21
                        09/21                             09/20
LOWEST             42   09/06        36       6       44  09/30
AVG. MAXIMUM     83.1              79.1     4.0     81.8
AVG. MINIMUM     57.5              54.0     3.5     60.7
MEAN             70.3              66.6     3.7     71.3
DAYS MAX >= 90      6               3.4     2.6        7
DAYS MAX <= 32      0               0.0     0.0        0
DAYS MIN <= 32      0               0.3    -0.3        0
DAYS MIN <= 0       0               0.0     0.0        0

PRECIPITATION (INCHES)
RECORD
 MAXIMUM        12.24   1986
 MINIMUM         0.00   2011
TOTALS           1.03              3.42   -2.39     8.66
DAILY AVG.       0.03              0.11   -0.08     0.29
DAYS >= .01         5               7.3    -2.3        8
DAYS >= .10         4               4.7    -0.7        8
DAYS >= .50         0               2.4    -2.4        4
DAYS >= 1.00        0               1.0    -1.0        3
GREATEST
 24 HR. TOTAL    0.43   09/25 TO 09/25

DEGREE_DAYS
HEATING TOTAL      23                75     -52       25
 SINCE 7/1         29                80     -51       27
COOLING TOTAL     190               122      68      222
 SINCE 1/1       1234              1199      35     1494
.................................................................

WIND (MPH)
AVERAGE WIND SPEED              6.5
HIGHEST WIND SPEED/DIRECTION    26/170    DATE  09/21
HIGHEST GUST SPEED/DIRECTION    35/180    DATE  09/21

SKY COVER
POSSIBLE SUNSHINE (PERCENT)   MM
AVERAGE SKY COVER           0.20
NUMBER OF DAYS FAIR           26
NUMBER OF DAYS PC              3
NUMBER OF DAYS CLOUDY          1

AVERAGE RH (PERCENT)     74

WEATHER CONDITIONS. NUMBER OF DAYS WITH
THUNDERSTORM              2     MIXED PRECIP               0
HEAVY RAIN                2     RAIN                       4
LIGHT RAIN                5     FREEZING RAIN              0
LT FREEZING RAIN          0     HAIL                       0
HEAVY SNOW                0     SNOW                       0
LIGHT SNOW                0     SLEET                      0
FOG                      18     FOG W/VIS <= 1/4 MILE      4
HAZE                      3

-  INDICATES NEGATIVE NUMBERS.
R  INDICATES RECORD WAS SET OR TIED.
MM INDICATES DATA IS MISSING.
T  INDICATES TRACE AMOUNT.

$$
