000
CXUS55 KCYS 061513
CLMTOR


CLIMATE REPORT
NATIONAL WEATHER SERVICE CHEYENNE WY
913 AM MDT MON JUL 6 2015

...................................

...THE TORRINGTON WY AIRPORT CLIMATE SUMMARY FOR THE MONTH OF JUNE 2015...

CLIMATE NORMAL PERIOD 1981 TO 2010
CLIMATE RECORD PERIOD 1998 TO 2015

WEATHER         OBSERVED          NORMAL  DEPART  LAST YEAR`S
                 VALUE   DATE(S)  VALUE   FROM    VALUE
                                          NORMAL
.............................................................
TEMPERATURE (F)
RECORD
 HIGH             105   06/26/2012
 LOW               27   06/08/2007
HIGHEST            97   06/30        MM      MM       93
LOWEST             47   06/17        MM      MM       34
AVG. MAXIMUM     83.8              81.5     2.3     79.8
AVG. MINIMUM     55.5              51.2     4.3     48.7
MEAN             69.7              66.3     3.4     64.2
DAYS MAX >= 90      6               6.8                4
DAYS MAX <= 32      0               0.0                0
DAYS MIN <= 32      0               0.2                0
DAYS MIN <= 0       0               0.0                0

PRECIPITATION (INCHES)
RECORD
 MAXIMUM           MM   MM
 MINIMUM           MM   MM
TOTALS           2.54              2.41    0.13     2.13
DAYS >= .01         9                MM      MM       14
DAYS >= .10         5                MM      MM        5
DAYS >= .50         2                MM      MM        0
DAYS >= 1.00        1                MM      MM        0
GREATEST
 24 HR. TOTAL    1.08   06/16 TO 06/16

DEGREE_DAYS
HEATING TOTAL       3                75     -72       78
 SINCE 7/1       6263              6586    -323     6887
COOLING TOTAL     150               116      34       62
 SINCE 1/1        150               134      16       78
..............................................................

WIND (MPH)
AVERAGE WIND SPEED              9.0
HIGHEST WIND SPEED/DIRECTION    51/360    DATE  06/16
HIGHEST GUST SPEED/DIRECTION    62/360    DATE  06/16

SKY COVER
POSSIBLE SUNSHINE (PERCENT)   MM
AVERAGE SKY COVER           0.20
NUMBER OF DAYS FAIR           19
NUMBER OF DAYS PC             10
NUMBER OF DAYS CLOUDY          1

AVERAGE RH (PERCENT)     65

WEATHER CONDITIONS. NUMBER OF DAYS WITH
THUNDERSTORM              0     MIXED PRECIP               0
HEAVY RAIN                3     RAIN                       4
LIGHT RAIN               15     FREEZING RAIN              0
LT FREEZING RAIN          0     HAIL                       0
HEAVY SNOW                0     SNOW                       0
LIGHT SNOW                0     SLEET                      0
FOG                      11     FOG W/VIS <= 1/4 MILE      1
HAZE                      3

-  INDICATES NEGATIVE NUMBERS.
R  INDICATES RECORD WAS SET OR TIED.
MM INDICATES DATA IS MISSING.
T  INDICATES TRACE AMOUNT.

$$
