000
CXUS55 KCYS 131919
CLMTOR


CLIMATE REPORT
NATIONAL WEATHER SERVICE CHEYENNE WY
118 PM MDT WED AUG 13 2014

...................................

...THE TORRINGTON WY AIRPORT CLIMATE SUMMARY FOR THE MONTH OF JULY 2014...

CLIMATE NORMAL PERIOD 1981 TO 2010
CLIMATE RECORD PERIOD 1998 TO 2014

WEATHER         OBSERVED          NORMAL  DEPART  LAST YEAR`S
                 VALUE   DATE(S)  VALUE   FROM    VALUE
                                          NORMAL
.............................................................
TEMPERATURE (F)
RECORD
 HIGH             107   07/16/2006
                        07/15/2006
 LOW               42   07/30/2009
HIGHEST           103   07/24        MM      MM      100
LOWEST             43   07/02        MM      MM       53
AVG. MAXIMUM     88.6              90.0    -1.4     89.0
AVG. MINIMUM     57.1              57.8    -0.7     58.9
MEAN             72.8              73.9    -1.1     74.0
DAYS MAX >= 90     16              17.7               16
DAYS MAX <= 32      0               0.0                0
DAYS MIN <= 32      0               0.0                0
DAYS MIN <= 0       0               0.0                0

PRECIPITATION (INCHES)
RECORD
 MAXIMUM           MM   MM
 MINIMUM           MM   MM
TOTALS           1.35              1.80   -0.45     0.51
DAYS >= .01         9                MM      MM        8
DAYS >= .10         6                MM      MM        1
DAYS >= .50         0                MM      MM        0
DAYS >= 1.00        0                MM      MM        0
GREATEST
 24 HR. TOTAL    0.54   07/15 TO 07/16

DEGREE_DAYS
HEATING TOTAL       7                 6       1        2
 SINCE 7/1          7                 6       1        2
COOLING TOTAL     258               282     -24      288
 SINCE 1/1        336               416     -80      487
..............................................................

WIND (MPH)
AVERAGE WIND SPEED              8.4
HIGHEST WIND SPEED/DIRECTION    33/190    DATE  07/10
HIGHEST GUST SPEED/DIRECTION    45/290    DATE  07/04

SKY COVER
POSSIBLE SUNSHINE (PERCENT)   MM
AVERAGE SKY COVER           0.20
NUMBER OF DAYS FAIR           25
NUMBER OF DAYS PC              5
NUMBER OF DAYS CLOUDY          1

AVERAGE RH (PERCENT)     59

WEATHER CONDITIONS. NUMBER OF DAYS WITH
THUNDERSTORM              0     MIXED PRECIP               0
HEAVY RAIN                2     RAIN                       5
LIGHT RAIN                8     FREEZING RAIN              0
LT FREEZING RAIN          0     HAIL                       0
HEAVY SNOW                0     SNOW                       0
LIGHT SNOW                0     SLEET                      0
FOG                      13     FOG W/VIS <= 1/4 MILE      0
HAZE                      0

-  INDICATES NEGATIVE NUMBERS.
R  INDICATES RECORD WAS SET OR TIED.
MM INDICATES DATA IS MISSING.
T  INDICATES TRACE AMOUNT.

$$
