000
CXUS55 KLKN 030157 CCA
CLMTPH

CLIMATE REPORT...UPDATE
NATIONAL WEATHER SERVICE ELKO NV
540 PM PST MON JAN 2 2017

...................................

...THE TONOPAH AIRPORT NV CLIMATE SUMMARY FOR THE MONTH OF DECEMBER
2016...

CLIMATE NORMAL PERIOD 1981 TO 2010
CLIMATE RECORD PERIOD 1954 TO 2017

WEATHER         OBSERVED          NORMAL  DEPART  LAST YEAR`S
                 VALUE   DATE(S)  VALUE   FROM    VALUE  DATE(S)
                                          NORMAL
................................................................
TEMPERATURE (F)
RECORD
 HIGH              67   12/04/1958
 LOW              -13   12/21/1967
HIGHEST            55   12/15        58      -3       59  12/10
                        12/13
                        12/12
LOWEST             -2   12/26         6      -8        7  12/27
AVG. MAXIMUM     43.6              44.3    -0.7     43.1
AVG. MINIMUM     18.7              19.4    -0.7     19.1
MEAN             31.2              31.9    -0.7     31.1
DAYS MAX >= 90      0               0.0     0.0        0
DAYS MAX <= 32      2               2.1    -0.1        4
DAYS MIN <= 32     31              30.0     1.0       31
DAYS MIN <= 0       1               0.6     0.4        0

PRECIPITATION (INCHES)
RECORD
 MAXIMUM         1.02   1966
 MINIMUM         0.00   2011
                        2002
                        2000
TOTALS           0.33              0.31    0.02     0.07
DAILY AVG.       0.01              0.01    0.00     0.00
DAYS >= .01         3               3.3    -0.3        2
DAYS >= .10         1               1.2    -0.2        0
DAYS >= .50         0               0.0     0.0        0
DAYS >= 1.00        0               0.0     0.0        0
GREATEST
 24 HR. TOTAL    0.32   12/23 TO 12/24              0.04

DEGREE_DAYS
HEATING TOTAL    1041              1028      13     1042
 SINCE 7/1       2058              2245    -187     2116
COOLING TOTAL       0                 0       0        0
 SINCE 1/1       1022               783     239     1034
.................................................................

WIND (MPH)
AVERAGE WIND SPEED              8.7
HIGHEST WIND SPEED/DIRECTION    39/330    DATE  12/16
HIGHEST GUST SPEED/DIRECTION    48/330    DATE  12/16

AVERAGE RH (PERCENT)     58

WEATHER CONDITIONS. NUMBER OF DAYS WITH
THUNDERSTORM              0     MIXED PRECIP               0
HEAVY RAIN                0     RAIN                       0
LIGHT RAIN                4     FREEZING RAIN              0
LT FREEZING RAIN          0     HAIL                       0
HEAVY SNOW                1     SNOW                       1
LIGHT SNOW                2     SLEET                      0
FOG                       3     FOG W/VIS <= 1/4 MILE      1
HAZE                      1

-  INDICATES NEGATIVE NUMBERS.
R  INDICATES RECORD WAS SET OR TIED.
MM INDICATES DATA IS MISSING.
T  INDICATES TRACE AMOUNT.

&&

=====================================================================

A RECORD DAILY PRECIPITATION OF 0.24 INCHES WAS SET ON DECEMBER 24TH.
A RECORD DAILY MINIMUM TEMPERATURE OF -2 DEGREES WAS SET ON DECEMBER
26TH.

$$

BA/DS
