000
CXUS54 KMEG 032116
CLMTUP


CLIMATE REPORT
NATIONAL WEATHER SERVICE MEMPHIS TN
412 PM CDT SAT JUN 3 2017

...................................

...THE TUPELO CLIMATE SUMMARY FOR THE MONTH OF MAY 2017...

CLIMATE NORMAL PERIOD 1981 TO 2010
CLIMATE RECORD PERIOD 1930 TO 2017

WEATHER         OBSERVED          NORMAL  DEPART  LAST YEAR`S
                 VALUE   DATE(S)  VALUE   FROM    VALUE  DATE(S)
                                          NORMAL
................................................................
TEMPERATURE (F)
RECORD
 HIGH              95   05/27/2012
                        05/31/2006
                        05/26/2012
 LOW               37   05/04/2013
HIGHEST            88   05/31        81       7       92  05/30
                        05/27
                        05/19
LOWEST             45   05/06        60     -15       46  05/06
AVG. MAXIMUM     81.1              81.8    -0.7     81.0
AVG. MINIMUM     58.2              59.6    -1.4     59.6
MEAN             69.7              70.7    -1.0     70.3
DAYS MAX >= 90      0               2.8    -2.8        3
DAYS MAX <= 32      0               0.0     0.0        0
DAYS MIN <= 32      0               0.0     0.0        0
DAYS MIN <= 0       0               0.0     0.0        0

PRECIPITATION (INCHES)
RECORD
 MAXIMUM        17.96   1978
 MINIMUM         0.85   1941
TOTALS           3.69              5.56   -1.87     1.19
DAILY AVG.       0.12              0.18   -0.06     0.04
DAYS >= .01        12              10.6     1.4        9
DAYS >= .10         7               7.5    -0.5        5
DAYS >= .50         3               3.5    -0.5        0
DAYS >= 1.00        1               1.7    -0.7        0
GREATEST
 24 HR. TOTAL    1.08   05/28 TO 05/28

SNOWFALL (INCHES)
RECORDS
 TOTAL             MM   MM
TOTALS            0.0               0.0     0.0      0.0
SINCE 7/1           T               2.1    -2.1        T
SNOWDEPTH AVG.      0                MM      MM        0
DAYS >= 1.0         0               0.0     0.0        0
GREATEST
 SNOW DEPTH         0   MM                             0  MM
 24 HR TOTAL      0.0   05/31 TO 05/31

DEGREE_DAYS
HEATING TOTAL      27                24       3       21
 SINCE 7/1       1986              2956    -970     2282
COOLING TOTAL     179               201     -22      196
 SINCE 1/1        336               277      59      286
.................................................................

WIND (MPH)
AVERAGE WIND SPEED              6.0
HIGHEST WIND SPEED/DIRECTION    33/350    DATE  05/27
HIGHEST GUST SPEED/DIRECTION    46/340    DATE  05/27

SKY COVER
POSSIBLE SUNSHINE (PERCENT)   MM
AVERAGE SKY COVER           0.30
NUMBER OF DAYS FAIR           21
NUMBER OF DAYS PC              7
NUMBER OF DAYS CLOUDY          3

AVERAGE RH (PERCENT)     67

WEATHER CONDITIONS. NUMBER OF DAYS WITH
THUNDERSTORM              0     MIXED PRECIP               0
HEAVY RAIN                5     RAIN                       7
LIGHT RAIN               12     FREEZING RAIN              0
LT FREEZING RAIN          0     HAIL                       0
HEAVY SNOW                0     SNOW                       0
LIGHT SNOW                0     SLEET                      0
FOG                      12     FOG W/VIS <= 1/4 MILE      1
HAZE                      2

-  INDICATES NEGATIVE NUMBERS.
R  INDICATES RECORD WAS SET OR TIED.
MM INDICATES DATA IS MISSING.
T  INDICATES TRACE AMOUNT.

$$
