000
CXUS55 KTWC 060608
CLMTUS

CLIMATE REPORT
NATIONAL WEATHER SERVICE TUCSON AZ
1107 PM MST SAT AUG 5 2017

...................................

...THE TUCSON AZ CLIMATE SUMMARY FOR THE MONTH OF JULY 2017...

CLIMATE NORMAL PERIOD 1981 TO 2010
CLIMATE RECORD PERIOD 1895 TO 2017

WEATHER         OBSERVED          NORMAL  DEPART  LAST YEAR`S
                 VALUE   DATE(S)  VALUE   FROM    VALUE  DATE(S)
                                          NORMAL
................................................................
TEMPERATURE (F)
RECORD
 HIGH             114   07/28/1995
                        07/04/1989
 LOW               49   07/03/1911
HIGHEST           111   07/07       108       3      107  07/21
LOWEST             70   07/15        67       3       69  07/31
                        07/11                             07/01
AVG. MAXIMUM     99.3              99.7    -0.4    102.5
AVG. MINIMUM     75.7              74.4     1.3     78.0
MEAN             87.5              87.0     0.5     90.3
DAYS MAX >= 90     29              29.2    -0.2       30
DAYS MAX <= 32      0               0.0     0.0        0
DAYS MIN <= 32      0               0.0     0.0        0
DAYS MIN <= 0       0               0.0     0.0        0

PRECIPITATION (INCHES)
RECORD
 MAXIMUM         6.24   1921
 MINIMUM         0.04   1995
TOTALS           6.80R             2.25    4.55     3.32
DAILY AVG.       0.22              0.07    0.15     0.11
DAYS >= .01        17               9.8     7.2        9
DAYS >= .10        12               5.0     7.0        7
DAYS >= .50         4               1.3     2.7        3
DAYS >= 1.00        2               0.5     1.5        0
GREATEST
 24 HR. TOTAL    1.45   07/15 TO 07/15           07/29 TO 07/29
                                                          07/24 TO 07/24
                                                          07/24 TO 07/24

DEGREE_DAYS
COOLING TOTAL     704               683      21      793
 SINCE 1/1       2187              1779     408     2070
.....................................................

WIND (MPH)
AVERAGE WIND SPEED              7.3
HIGHEST WIND SPEED/DIRECTION    44/140    DATE  07/13
HIGHEST GUST SPEED/DIRECTION    51/140    DATE  07/13

AVERAGE RH (PERCENT)     48

WEATHER CONDITIONS. NUMBER OF DAYS WITH
THUNDERSTORM              0     MIXED PRECIP               0
HEAVY RAIN               12     RAIN                       9
LIGHT RAIN               14     FREEZING RAIN              0
LT FREEZING RAIN          0     HAIL                       0
HEAVY SNOW                0     SNOW                       0
LIGHT SNOW                0     SLEET                      0
FOG                       9     FOG W/VIS <= 1/4 MILE      0
HAZE                      0

-  INDICATES NEGATIVE NUMBERS.
R  INDICATES RECORD WAS SET OR TIED.
MM INDICATES DATA IS MISSING.
T  INDICATES TRACE AMOUNT.

$$
