000
CXUS53 KAPX 011248
CLMTVC
CLIMATE REPORT
NATIONAL WEATHER SERVICE
748 AM EST FRI MAR 01 2024
...................................
...THE TRAVERSE CITY MI CLIMATE SUMMARY FOR THE MONTH OF FEBRUARY 2024...
CLIMATE NORMAL PERIOD: 1991 TO 2020
CLIMATE RECORD PERIOD: 1896 TO 2024
WEATHER OBSERVED NORMAL DEPART LAST YEAR`S
VALUE DATE(S) VALUE FROM VALUE
NORMAL
..............................................................
TEMPERATURE (F)
HIGHEST 73R 02/27 MM MM
LOWEST 13 02/19 MM MM
AVG. MAXIMUM 43.6 31.4 12.2
AVG. MINIMUM 25.7 16.3 9.4
MEAN 34.6 23.8 10.8
DAYS MAX >= 90 0 0.0 0.0
DAYS MAX <= 32 3 15.7 -12.7
DAYS MIN <= 32 25 26.3 -1.3
DAYS MIN <= 0 0 3.0 -3.0
PRECIPITATION (INCHES)
TOTALS 0.91 1.02 -0.11
DAYS >= .01 7 11.0 -4.0
DAYS >= .10 4 3.2 0.8
DAYS >= .50 0 0.3 -0.3
DAYS >= 1.00 0 0.0 0.0
GREATEST
24 HR. TOTAL 0.44 02/28 TO 02/28
DEGREE DAYS
HEATING TOTAL 874 1152 -278
SINCE 7/1 4099 5101 -1002
COOLING TOTAL 0 0 0
SINCE 1/1 0 0 0
..............................................................
WIND (MPH)
AVERAGE WIND SPEED 7.7
HIGHEST WIND SPEED/DIRECTION 32/310 DATE 02/28
HIGHEST GUST SPEED/DIRECTION 43/310 DATE 02/28
SKY COVER
AVERAGE SKY COVER 0.70
AVERAGE RH (PERCENT) 69
- INDICATES NEGATIVE NUMBERS.
R INDICATES RECORD WAS SET OR TIED.
MM INDICATES DATA IS MISSING.
T INDICATES TRACE AMOUNT.
$$