000
CXUS53 KAPX 010550
CLMTVC


CLIMATE REPORT
NATIONAL WEATHER SERVICE GAYLORD MI
1249 AM EST THU JAN 1 2015

...................................

...THE TRAVERSE CITY MI CLIMATE SUMMARY FOR THE MONTH OF DECEMBER 2014...

CLIMATE NORMAL PERIOD 1981 TO 2010
CLIMATE RECORD PERIOD 1896 TO 2014

WEATHER         OBSERVED          NORMAL  DEPART  LAST YEAR`S
                 VALUE   DATE(S)  VALUE   FROM    VALUE  DATE(S)
                                          NORMAL
................................................................
TEMPERATURE (F)
RECORD
 HIGH              64   12/03/2012
                        12/03/1962
                        08/05/1947
 LOW              -26   12/29/1976
HIGHEST            48   12/15        MM      MM       51  12/05
LOWEST              9   12/31        MM      MM        6  12/24
                        12/02
AVG. MAXIMUM     35.2              32.3     2.9     26.9
AVG. MINIMUM     25.3              21.0     4.3     16.8
MEAN             30.2              26.7     3.5     21.9
DAYS MAX >= 90      0               0.0     0.0        0
DAYS MAX <= 32     10              14.4    -4.4       24
DAYS MIN <= 32     22              27.1    -5.1       30
DAYS MIN <= 0       0               0.6    -0.6        0

PRECIPITATION (INCHES)
RECORD
 MAXIMUM           MM   MM
 MINIMUM           MM   MM
TOTALS           1.06              2.49   -1.43     0.99
DAILY AVG.       0.03              0.08   -0.05     0.03
DAYS >= .01        11              15.9    -4.9       14
DAYS >= .10         5               6.6    -1.6        3
DAYS >= .50         0               1.0    -1.0        0
DAYS >= 1.00        0               0.2    -0.2        0
GREATEST
 24 HR. TOTAL    0.31   12/27 TO 12/28
 STORM TOTAL       MM
 (MM/DD(HH))            MM

SNOWFALL (INCHES)
RECORDS
 TOTAL             MM   MM
TOTALS             MM              26.7      MM       MM
SINCE 7/1          MM              35.9      MM       MM
SNOWDEPTH AVG.     MM                 6      MM       MM
DAYS >= TRACE      MM              14.3      MM        0
DAYS >= 1.0        MM               8.5      MM        0
GREATEST
 SNOW DEPTH        MM                                 MM  MM
 24 HR TOTAL       MM                                 MM

DEGREE_DAYS
HEATING TOTAL    1071              1189    -118
 SINCE 7/1       2750              2808     -58

FREEZE DATES
RECORD
 EARLIEST     MM
 LATEST       MM
EARLIEST                        MM
LATEST                          MM
.................................................................

WIND (MPH)
AVERAGE WIND SPEED              6.4
HIGHEST WIND SPEED/DIRECTION    24/240    DATE  12/31
HIGHEST GUST SPEED/DIRECTION    35/240    DATE  12/31

SKY COVER
POSSIBLE SUNSHINE (PERCENT)   MM
AVERAGE SKY COVER           0.80
NUMBER OF DAYS FAIR            2
NUMBER OF DAYS PC              5
NUMBER OF DAYS CLOUDY         24

AVERAGE RH (PERCENT)     77

WEATHER CONDITIONS. NUMBER OF DAYS WITH
THUNDERSTORM              0     MIXED PRECIP               0
HEAVY RAIN                0     RAIN                       2
LIGHT RAIN                7     FREEZING RAIN              0
LT FREEZING RAIN          0     HAIL                       0
HEAVY SNOW                0     SNOW                       3
LIGHT SNOW               14     SLEET                      1
FOG                      19     FOG W/VIS <= 1/4 MILE      1
HAZE                      4

-  INDICATES NEGATIVE NUMBERS.
R  INDICATES RECORD WAS SET OR TIED.
MM INDICATES DATA IS MISSING.
T  INDICATES TRACE AMOUNT.

$$
