000
CXUS55 KREV 010907
CLMTVL

CLIMATE REPORT
NATIONAL WEATHER SERVICE RENO NV
104 AM PST MON FEB 1 2016

...................................

...THE SOUTH LAKE TAHOE CA CLIMATE SUMMARY FOR THE MONTH OF JANUARY
2016...

THE AVERAGE TEMPERATURE FOR JANUARY 2016 AT SOUTH LAKE TAHOE WAS
29.9 DEGREES WHICH IS 0.4 DEGREES ABOVE NORMAL.  THE HIGHEST
TEMPERATURE FOR JANUARY WAS 52 DEGREES WHICH OCCURRED ON THE 21ST.
THE LOWEST TEMPERATURE FOR THE MONTH WAS MINUS 8 DEGREES WHICH WAS
RECORDED ON THE 1ST.

FOR JANUARY 2016 A TOTAL OF 5.15 INCHES OF PRECIPITATION WAS
RECORDED AT SOUTH LAKE TAHOE.  THIS IS 2.48 INCHES ABOVE NORMAL.

A TOTAL OF 30.2 INCHES OF SNOWFALL WAS REPORTED AT SOUTH LAKE TAHOE
FOR THE MONTH OF JANUARY 2016.

THE AVERAGE WIND SPEED FOR THE MONTH WAS 5.8 MPH.  THE PEAK WIND
GUST FOR THE MONTH WAS 51 MPH FROM THE SOUTH WHICH OCCURRED ON BOTH
THE 13TH AND THE 14TH.

CLIMATE NORMAL PERIOD 1981 TO 2010
CLIMATE RECORD PERIOD 1968 TO 2016

WEATHER         OBSERVED          NORMAL  DEPART
                 VALUE   DATE(S)  VALUE   FROM
                                          NORMAL
................................................
TEMPERATURE (F)
RECORD
 HIGH              66   01/25/2015
 LOW              -28   01/01/1993
HIGHEST            52   01/21        60      -8
LOWEST             -8   01/01       -28      20
AVG. MAXIMUM     41.2              43.0    -1.8
AVG. MINIMUM     18.6              16.1     2.5
MEAN             29.9              29.5     0.4
DAYS MAX >= 90      0               0.0     0.0
DAYS MAX <= 32      2               2.7    -0.7
DAYS MIN <= 32     29              29.8    -0.8
DAYS MIN <= 0       2               2.0     0.0

PRECIPITATION (INCHES)
RECORD
 MAXIMUM           MM   MM
 MINIMUM           MM   MM
TOTALS           5.15              2.67    2.48
DAILY AVG.       0.17              0.09    0.08
DAYS >= .01        14                MM      MM
DAYS >= .10        13                MM      MM
DAYS >= .50         4                MM      MM
DAYS >= 1.00        1                MM      MM
GREATEST
 24 HR. TOTAL    1.73   01/29 TO 01/30
 STORM TOTAL       MM
 (MM/DD(HH))            MM

SNOWFALL (INCHES)
 LIQUID EQUIV    3.02                MM      MM
 LIQUID 7/1      7.53
GREATEST
 SNOW DEPTH        18   01/15

DEGREE_DAYS
HEATING TOTAL    1079              1099     -20
 SINCE 7/1       3811              4282    -471
COOLING TOTAL       0                 0       0
 SINCE 1/1          0                 0       0

FREEZE DATES
RECORD
 EARLIEST     MM
 LATEST       MM
EARLIEST                        09/16
LATEST                          05/18
.................................................

WIND (MPH)
AVERAGE WIND SPEED              5.8
HIGHEST WIND SPEED/DIRECTION    30/190    DATE  01/29
HIGHEST GUST SPEED/DIRECTION    51/MM     DATE   MM

AVERAGE RH (PERCENT)     69

WEATHER CONDITIONS. NUMBER OF DAYS WITH
THUNDERSTORM              0     MIXED PRECIP               0
HEAVY RAIN                2     RAIN                       5
LIGHT RAIN               11     FREEZING RAIN              0
LT FREEZING RAIN          0     HAIL                       0
HEAVY SNOW                4     SNOW                       9
LIGHT SNOW               21     SLEET                      0
FOG                      19     FOG W/VIS <= 1/4 MILE      6
HAZE                      3

-  INDICATES NEGATIVE NUMBERS.
R  INDICATES RECORD WAS SET OR TIED.
MM INDICATES DATA IS MISSING.
T  INDICATES TRACE AMOUNT.

$$
