000
CXUS55 KREV 061938
CLMTVL


CLIMATE REPORT
NATIONAL WEATHER SERVICE RENO NV
1238 PM PDT THU APR 6 2017

...................................

...THE SOUTH LAKE TAHOE CA CLIMATE SUMMARY FOR THE MONTH OF MARCH 2017...

CLIMATE NORMAL PERIOD 1981 TO 2010
CLIMATE RECORD PERIOD 1968 TO 2017

WEATHER         OBSERVED          NORMAL  DEPART
                 VALUE   DATE(S)  VALUE   FROM
                                          NORMAL
................................................
TEMPERATURE (F)
RECORD
 HIGH              71   03/30/2015
 LOW              -10   03/02/1971
HIGHEST            62   03/29        70      -8
                        03/14
LOWEST              6   03/01       -10      16
AVG. MAXIMUM     49.1              48.5     0.6
AVG. MINIMUM     24.3              22.5     1.8
MEAN             36.7              35.5     1.2
DAYS MAX >= 90      0               0.0     0.0
DAYS MAX <= 32      1               1.0     0.0
DAYS MIN <= 32     29              28.3     0.7
DAYS MIN <= 0       0               0.2    -0.2

PRECIPITATION (INCHES)
RECORD
 MAXIMUM           MM   MM
 MINIMUM           MM   MM
TOTALS           2.25              2.87   -0.62
DAILY AVG.       0.07              0.09   -0.02
DAYS >= .01        10                MM      MM
DAYS >= .10         5                MM      MM
DAYS >= .50         1                MM      MM
DAYS >= 1.00        0                MM      MM
GREATEST
 24 HR. TOTAL    0.96   03/21 TO 03/21
 STORM TOTAL       MM
 (MM/DD(HH))            MM

SNOWFALL (INCHES)
 LIQUID EQUIV    1.00                MM      MM
 LIQUID 7/1     15.84
GREATEST
 SNOW DEPTH        33   03/06
                        03/01

DEGREE_DAYS
HEATING TOTAL     867               915     -48
 SINCE 7/1       5862              6152    -290
COOLING TOTAL       0                 0       0
 SINCE 1/1          0                 0       0

FREEZE DATES
RECORD
 EARLIEST     MM
 LATEST       MM
EARLIEST                        09/16
LATEST                          05/18
.................................................

WIND (MPH)
AVERAGE WIND SPEED              5.8
HIGHEST WIND SPEED/DIRECTION    31/190    DATE  03/20
HIGHEST GUST SPEED/DIRECTION    45/MM     DATE   MM

AVERAGE RH (PERCENT)     65

WEATHER CONDITIONS. NUMBER OF DAYS WITH
THUNDERSTORM              0     MIXED PRECIP               0
HEAVY RAIN                1     RAIN                       3
LIGHT RAIN                6     FREEZING RAIN              0
LT FREEZING RAIN          0     HAIL                       0
HEAVY SNOW                2     SNOW                       7
LIGHT SNOW               12     SLEET                      0
FOG                      10     FOG W/VIS <= 1/4 MILE      2
HAZE                      7

-  INDICATES NEGATIVE NUMBERS.
R  INDICATES RECORD WAS SET OR TIED.
MM INDICATES DATA IS MISSING.
T  INDICATES TRACE AMOUNT.

$$
