000
CXUS54 KJAN 021919
CLMTVR


CLIMATE REPORT
NATIONAL WEATHER SERVICE JACKSON MS
206 PM CDT SAT APR 2 2016

...................................

...THE VICKSBURG CLIMATE SUMMARY FOR THE MONTH OF MARCH 2016...

CLIMATE NORMAL PERIOD 1981 TO 2010
CLIMATE RECORD PERIOD 1948 TO 2016

WEATHER         OBSERVED          NORMAL  DEPART  LAST YEAR`S
                 VALUE   DATE(S)  VALUE   FROM    VALUE
                                          NORMAL
.............................................................
TEMPERATURE (F)
RECORD
 HIGH              89   03/19/1982
 LOW               11   03/03/1980
HIGHEST            84   03/31        MM      MM       83
LOWEST             38   03/21        MM      MM       22
AVG. MAXIMUM     73.1              68.4     4.7     68.4
AVG. MINIMUM     54.3              46.0     8.3     48.3
MEAN             63.7              57.2     6.5     58.3
DAYS MAX >= 90      0               0.0     0.0        0
DAYS MAX <= 32      0               0.0     0.0        0
DAYS MIN <= 32      0               1.7    -1.7        3
DAYS MIN <= 0       0               0.0     0.0        0

PRECIPITATION (INCHES)
RECORD
 MAXIMUM        14.11   1961
 MINIMUM         0.48   2007
TOTALS          12.19              5.03    7.16     4.24
DAILY AVG.       0.39              0.16    0.23     0.14
DAYS >= .01        10                MM      MM       16
DAYS >= .10         9                MM      MM       10
DAYS >= .50         7                MM      MM        3
DAYS >= 1.00        4                MM      MM        0
GREATEST
 24 HR. TOTAL    4.32   03/10 TO 03/11              0.78

SNOWFALL (INCHES)
TOTALS            0.0

DEGREE_DAYS
HEATING TOTAL     108               265    -157      223
 SINCE 7/1       1486              2241    -755     2481
COOLING TOTAL      75                23      52       22
 SINCE 1/1         87                32      55       22
..............................................................

WIND (MPH)
AVERAGE WIND SPEED              8.6
HIGHEST WIND SPEED/DIRECTION    51/010    DATE  03/17
HIGHEST GUST SPEED/DIRECTION    61/320    DATE  03/17

SKY COVER
POSSIBLE SUNSHINE (PERCENT)   MM
AVERAGE SKY COVER           0.40
NUMBER OF DAYS FAIR           15
NUMBER OF DAYS PC             11
NUMBER OF DAYS CLOUDY          5

AVERAGE RH (PERCENT)     68

WEATHER CONDITIONS. NUMBER OF DAYS WITH
THUNDERSTORM              9     MIXED PRECIP               0
HEAVY RAIN                8     RAIN                       9
LIGHT RAIN               13     FREEZING RAIN              0
LT FREEZING RAIN          0     HAIL                       0
HEAVY SNOW                0     SNOW                       0
LIGHT SNOW                0     SLEET                      0
FOG                      17     FOG W/VIS <= 1/4 MILE      3
HAZE                      2

-  INDICATES NEGATIVE NUMBERS.
R  INDICATES RECORD WAS SET OR TIED.
MM INDICATES DATA IS MISSING.
T  INDICATES TRACE AMOUNT.

$$
