000
CXUS53 KUNR 011604
CLMUNR


CLIMATE REPORT
NATIONAL WEATHER SERVICE RAPID CITY SD
903 AM MST FRI DEC 1 2017

...................................

...THE EAST RAPID CITY SD CLIMATE SUMMARY FOR THE MONTH OF NOVEMBER 2017...

CLIMATE NORMAL PERIOD 1981 TO 2010
CLIMATE RECORD PERIOD 1888 TO 2017

WEATHER         OBSERVED          NORMAL  DEPART  LAST YEAR`S
                 VALUE   DATE(S)  VALUE   FROM    VALUE  DATE(S)
                                          NORMAL
................................................................
TEMPERATURE (F)
RECORD
 HIGH              83   11/07/1999
 LOW              -15   11/14/1959
HIGHEST            76   11/23                         77  11/04
LOWEST             16   11/07                         15  11/19
AVG. MAXIMUM     50.2              45.8     4.4     56.5
AVG. MINIMUM     29.5              27.5     2.0     35.2
MEAN             39.8              36.6     3.2     45.8
DAYS MAX >= 90      0                                  0
DAYS MAX <= 32      3                                  1
DAYS MIN <= 32     21                                 14
DAYS MIN <= 0       0                                  0

PRECIPITATION (INCHES)
RECORD
 MAXIMUM         3.24   1922
 MINIMUM         0.00   1903
TOTALS           0.23              0.60   -0.37     0.22
DAILY AVG.       0.01              0.02   -0.01     0.01
DAYS >= .01         6                                  2
DAYS >= .10         1                                  1
DAYS >= .50         0                                  0
DAYS >= 1.00        0                                  0
GREATEST
 24 HR. TOTAL    0.14   11/17 TO 11/17              0.17

SNOWFALL (INCHES)
RECORDS
 TOTAL           21.3   1998
TOTALS            1.1               6.2    -5.1      3.7
SINCE 7/1         1.1               8.6    -7.5      3.7
SNOWDEPTH AVG.      0                 2      -2        0
DAYS >= 1.0         0               1.5    -1.5        1
GREATEST
 SNOW DEPTH         0   MM                             3  11/18
 24 HR TOTAL      0.6   11/02 TO 11/02               3.0

DEGREE_DAYS
HEATING TOTAL     748               851    -103      565
 SINCE 7/1       1380              1580    -200     1031
COOLING TOTAL       0                 0       0        0
 SINCE 1/1        854               665     189      813
.................................................................

WIND (MPH)
AVERAGE WIND SPEED              9.0
HIGHEST WIND SPEED/DIRECTION    41/350    DATE  11/24
HIGHEST GUST SPEED/DIRECTION    59/350    DATE  11/24

AVERAGE RH (PERCENT)     56

WEATHER CONDITIONS. NUMBER OF DAYS WITH
THUNDERSTORM              0     MIXED PRECIP               0
HEAVY RAIN                0     RAIN                       0
LIGHT RAIN                6     FREEZING RAIN              0
LT FREEZING RAIN          0     HAIL                       0
HEAVY SNOW                0     SNOW                       1
LIGHT SNOW                7     SLEET                      1
FOG                       2     FOG W/VIS <= 1/4 MILE      1
HAZE                      0

-  INDICATES NEGATIVE NUMBERS.
R  INDICATES RECORD WAS SET OR TIED.
MM INDICATES DATA IS MISSING.
T  INDICATES TRACE AMOUNT.

$$
