000
CXUS54 KCRP 022014 RRA
CLMVCT

CLIMATE REPORT
NATIONAL WEATHER SERVICE CORPUS CHRISTI TX
312 PM CDT THU JUL 2 2015

...................................

...THE VICTORIA CLIMATE SUMMARY FOR THE MONTH OF JUNE 2015...

CLIMATE NORMAL PERIOD 1981 TO 2010
CLIMATE RECORD PERIOD 1893 TO 2015

WEATHER         OBSERVED          NORMAL  DEPART  LAST YEAR`S
                 VALUE   DATE(S)  VALUE   FROM    VALUE  DATE(S)
                                          NORMAL
................................................................
TEMPERATURE (F)
RECORD
 HIGH             109   06/29/2013
 LOW               54   06/03/1919
HIGHEST            94   06/08        91       3       95  06/23
                                                          06/10
LOWEST             68   06/01        73      -5       70  06/13
AVG. MAXIMUM     89.7              91.5    -1.8     91.3
AVG. MINIMUM     73.1              72.4     0.7     75.4
MEAN             81.4              82.0    -0.6     83.3
DAYS MAX >= 90     18              20.6    -2.6       27
DAYS MAX <= 32      0               0.0     0.0        0
DAYS MIN <= 32      0               0.0     0.0        0
DAYS MIN <= 0       0               0.0     0.0        0

PRECIPITATION (INCHES)
RECORD
 MAXIMUM        12.84   1977
 MINIMUM           MM   MM
TOTALS           9.37              4.46    4.91     4.11
DAILY AVG.       0.31              0.15    0.16     0.14
DAYS >= .01         9               8.9     0.1       10
DAYS >= .10         6               5.6     0.4        4
DAYS >= .50         3               2.7     0.3        3
DAYS >= 1.00        2               1.6     0.4        2
GREATEST
 24 HR. TOTAL    4.44   06/13 TO 06/14           06/24 TO 06/25
                                                          06/25 TO 06/25
                                                          06/25 TO 06/25

SNOWFALL (INCHES)
RECORDS
 TOTAL            0.0   MM
 24 HR TOTAL      0.0   MM
TOTALS            0.0               0.0     0.0      0.0
SINCE 7/1         0.0               0.1    -0.1        T
SNOWDEPTH AVG.      0                MM      MM        0
DAYS >= 1.0         0               0.0     0.0        0
GREATEST
 SNOW DEPTH         0   MM                             0
 24 HR TOTAL      0.0   06/30 TO 06/30               0.0

DEGREE_DAYS
HEATING TOTAL       0                 0       0        0
 SINCE 7/1       1220              1249     -29     1493
COOLING TOTAL     497               508     -11      558
 SINCE 1/1       1197              1167      30     1208
......................................................

WIND (MPH)
AVERAGE WIND SPEED              7.6
HIGHEST WIND SPEED/DIRECTION    30/190    DATE  06/30
HIGHEST GUST SPEED/DIRECTION    39/190    DATE  06/20

SKY COVER
AVERAGE SKY COVER           0.30

AVERAGE RH (PERCENT)     80

WEATHER CONDITIONS. NUMBER OF DAYS WITH
THUNDERSTORM              0     MIXED PRECIP               0
HEAVY RAIN                6     RAIN                       6
LIGHT RAIN               11     FREEZING RAIN              0
LT FREEZING RAIN          0     HAIL                       0
HEAVY SNOW                0     SNOW                       0
LIGHT SNOW                0     SLEET                      0
FOG                      27     FOG W/VIS <= 1/4 MILE      1
HAZE                      5

-  INDICATES NEGATIVE NUMBERS.
R  INDICATES RECORD WAS SET OR TIED.
MM INDICATES DATA IS MISSING.
T  INDICATES TRACE AMOUNT.

$$
