000
CXUS46 KLOX 030526
CLMWJF


CLIMATE REPORT
NATIONAL WEATHER SERVICE LOS ANGELES/OXNARD CA
1016 PM PDT TUE JUN 2 2015

...................................

...THE LANCASTER FOX FIELD CA CLIMATE SUMMARY FOR THE YEAR OF 2014...

CLIMATE NORMAL PERIOD 1981 TO 2010
CLIMATE RECORD PERIOD 1948 TO 2015

WEATHER         OBSERVED          NORMAL  DEPART  LAST YEAR`S
                 VALUE   DATE(S)  VALUE   FROM    VALUE
                                          NORMAL
.............................................................
TEMPERATURE (F)
HIGHEST           106   07/24        MM      MM
                        07/13
LOWEST             19   01/06        MM      MM
AVG. MAXIMUM     79.1              77.1     2.0
AVG. MINIMUM     48.7              47.1     1.6
MEAN             63.9              62.1     1.8
DAYS MAX >= 90    114
DAYS MAX <= 32      0
DAYS MIN <= 32     51
DAYS MIN <= 0       0

PRECIPITATION (INCHES)
RECORD
 MAXIMUM         2.71   2013
 MINIMUM         2.71   2013
TOTALS           5.27R             7.38   -2.11
DAILY AVG.          T
DAYS >= .01        18
DAYS >= .10         8
DAYS >= .50         3
DAYS >= 1.00        3
GREATEST
 24 HR. TOTAL    1.67   MM
 STORM TOTAL       MM
 (MM/DD(HH))

DEGREE_DAYS
HEATING TOTAL    2340              2936    -596     3003
 SINCE 7/1        963              1202    -239     1356
COOLING TOTAL    2055              1882     173     2204
 SINCE 1/1       2055              1882     173     2204
..............................................................

WIND (MPH)
AVERAGE WIND SPEED              10.8
HIGHEST WIND SPEED/DIRECTION    47/290    DATE  05/10
HIGHEST GUST SPEED/DIRECTION    54/220    DATE  12/12

SKY COVER
POSSIBLE SUNSHINE (PERCENT)   MM
AVERAGE SKY COVER           0.10
NUMBER OF DAYS FAIR          347
NUMBER OF DAYS PC             10
NUMBER OF DAYS CLOUDY          8

AVERAGE RH (PERCENT)     39

WEATHER CONDITIONS. NUMBER OF DAYS WITH
THUNDERSTORM              0     MIXED PRECIP               0
HEAVY RAIN                4     RAIN                       8
LIGHT RAIN               22     FREEZING RAIN              0
LT FREEZING RAIN          0     HAIL                       0
HEAVY SNOW                0     SNOW                       0
LIGHT SNOW                0     SLEET                      0
FOG                      20     FOG W/VIS <= 1/4 MILE      2
HAZE                     47

-  INDICATES NEGATIVE NUMBERS.
R  INDICATES RECORD WAS SET OR TIED.
MM INDICATES DATA IS MISSING.
T  INDICATES TRACE AMOUNT.

$$
